{"id":23983,"date":"2025-09-04T16:24:05","date_gmt":"2025-09-04T14:24:05","guid":{"rendered":"https:\/\/www.austriacult.roma.it\/?post_type=tribe_events&#038;p=23983"},"modified":"2025-10-08T13:26:57","modified_gmt":"2025-10-08T11:26:57","slug":"felder-der-identitat-spazi-di-identita-ii-alessandra-book-gaia-credentino-e-isabella-nitto-2","status":"publish","type":"tribe_events","link":"https:\/\/www.austriacult.roma.it\/de\/veranstaltung\/felder-der-identitat-spazi-di-identita-ii-alessandra-book-gaia-credentino-e-isabella-nitto-2\/","title":{"rendered":"FELDER DER IDENTIT\u00c4T \u2013 SPAZI DI IDENTIT\u00c0 II | Alessandra Book, Gaia Credentino und Isabella Nitto"},"content":{"rendered":"<p><\/p>\n<p>Die Klagenfurter Fotok\u00fcnstlerin Eva Asaad verbrachte den April 2024 im Residency-G\u00e4stezimmer des KF. Sie konnte ihren Aufenthalt zur Vernetzung und Recherche nutzen und ein bilaterales Ausstellungsprojekt auf Schiene bringen. Alessandra Book, Gaia Credetino und Isabella Nitto aus Rom haben im M\u00e4rz 2025 eine Auswahl ihrer Arbeiten in der BV-Galerie der Berufsvereinigung Bildender K\u00fcnstler Landesverband K\u00e4rnten gezeigt und den einw\u00f6chigen Aufenthalt zur Inspiration f\u00fcr Fotoaufnahmen und Vernetzung genutzt.<\/p>\n<p>Die italienischen K\u00fcnstlerinnen haben w\u00e4hrend ihres Klagenfurt Aufenthalts erweiterte Werkserien der Begrifflichkeit Identit\u00e4t erstellt.<\/p>\n<p>&nbsp;<\/p>\n<p>Nach erfolgreicher Pr\u00e4sentation der Ausstellung in Klagenfurt, freuen wir uns im Zuge des Folgeprojekts <strong>Felder der Identit\u00e4t II<\/strong> am \u00f6sterreichischen Kulturforum Rom zu zeigen.<\/p>\n<p>\u00abDie Kunst fungiert meist als Br\u00fccke zwischen den Kulturen, als Inspiration f\u00fcr die Ausstellung diente der Begriff <strong>Identit\u00e4t<\/strong>. Die 3 Werkserien der K\u00fcnstlerinnen Alessandra Book, Gaia Credentino und Isabella Nitto reflektieren \u00fcber <strong><em>visuelle Repr\u00e4sentation des Ichs <\/em><\/strong>und laden uns ein, im Kosmos von italienischen Identit\u00e4tsspuren einzutauchen, sowie im gesellschaftspolitischen Kontext zu reflektieren.\u00bb, so die Kuratorin der Ausstellung, Mag.a Eva Asaad.<\/p>\n<p>&nbsp;<\/p>\n<p><strong>Alessandra Book<\/strong>, geb.2001, studierte Fotografie am Istituto Europeo di Design (IED) in Rom und studiert derzeit Kunstgeschichte an der Universit\u00e4t La Sapienza. Im Jahr 2024 gewann sie den Terna-Preis &#8211; Academy Mention im Palazzo delle Esposizioni in Rom. Sie hat in mehreren Gruppenausstellungen ausgestellt und hatte 2024 eine Einzelausstellung in Mailand. Ihre Werke wurden in Zeitungen wie L&#8217;Espresso und Il Sole 24 Ore ver\u00f6ffentlicht.<\/p>\n<p><span style=\"color: #0000ff;\"><a style=\"color: #0000ff;\" href=\"https:\/\/www.alessandra-book.com\/\">https:\/\/www.alessandra-book.com\/<\/a><\/span><\/p>\n<p>&nbsp;<\/p>\n<p><strong>Gaia Credentino<\/strong>, geb. 1999, Studium Fotografie Istituto Europeo di Design (IED) in Rom, spezialisiert auf Geschichtenerz\u00e4hlen mit Hilfe von Fotografie, Schreiben und Archivrecherche, Praktikum Yogurt Magazine, Rom.<\/p>\n<p><span style=\"color: #0000ff;\"><a style=\"color: #0000ff;\" href=\"https:\/\/www.gaiacredentino.com\/\">https:\/\/www.gaiacredentino.com\/<\/a><\/span><\/p>\n<p>&nbsp;<\/p>\n<p><\/p>","protected":false},"excerpt":{"rendered":"<\/p>\n<p>Die Klagenfurter Fotok\u00fcnstlerin Eva Asaad verbrachte den April 2024 im Residency-G\u00e4stezimmer des KF. Sie konnte ihren Aufenthalt zur Vernetzung und Recherche nutzen und ein bilaterales Ausstellungsprojekt auf Schiene bringen. Alessandra Book, Gaia Credetino und Isabella Nitto aus Rom haben im M\u00e4rz 2025 eine Auswahl ihrer Arbeiten in der BV-Galerie der Berufsvereinigung Bildender K\u00fcnstler Landesverband K\u00e4rnten gezeigt und den einw\u00f6chigen Aufenthalt zur Inspiration f\u00fcr Fotoaufnahmen und Vernetzung genutzt.<\/p>\n<p>Die italienischen K\u00fcnstlerinnen haben w\u00e4hrend ihres Klagenfurt Aufenthalts erweiterte Werkserien der Begrifflichkeit Identit\u00e4t erstellt.<\/p>\n<p>&nbsp;<\/p>\n<p>Nach [&#8230;]<\/p>\n","protected":false},"author":2,"featured_media":23975,"comment_status":"closed","ping_status":"closed","template":"","meta":{"footnotes":""},"tags":[],"tribe_events_cat":[20],"class_list":["post-23983","tribe_events","type-tribe_events","status-publish","has-post-thumbnail","hentry","tribe_events_cat-mostre","cat_mostre"],"_links":{"self":[{"href":"https:\/\/www.austriacult.roma.it\/de\/wp-json\/wp\/v2\/tribe_events\/23983","targetHints":{"allow":["GET"]}}],"collection":[{"href":"https:\/\/www.austriacult.roma.it\/de\/wp-json\/wp\/v2\/tribe_events"}],"about":[{"href":"https:\/\/www.austriacult.roma.it\/de\/wp-json\/wp\/v2\/types\/tribe_events"}],"author":[{"embeddable":true,"href":"https:\/\/www.austriacult.roma.it\/de\/wp-json\/wp\/v2\/users\/2"}],"replies":[{"embeddable":true,"href":"https:\/\/www.austriacult.roma.it\/de\/wp-json\/wp\/v2\/comments?post=23983"}],"version-history":[{"count":3,"href":"https:\/\/www.austriacult.roma.it\/de\/wp-json\/wp\/v2\/tribe_events\/23983\/revisions"}],"predecessor-version":[{"id":23986,"href":"https:\/\/www.austriacult.roma.it\/de\/wp-json\/wp\/v2\/tribe_events\/23983\/revisions\/23986"}],"wp:featuredmedia":[{"embeddable":true,"href":"https:\/\/www.austriacult.roma.it\/de\/wp-json\/wp\/v2\/media\/23975"}],"wp:attachment":[{"href":"https:\/\/www.austriacult.roma.it\/de\/wp-json\/wp\/v2\/media?parent=23983"}],"wp:term":[{"taxonomy":"post_tag","embeddable":true,"href":"https:\/\/www.austriacult.roma.it\/de\/wp-json\/wp\/v2\/tags?post=23983"},{"taxonomy":"tribe_events_cat","embeddable":true,"href":"https:\/\/www.austriacult.roma.it\/de\/wp-json\/wp\/v2\/tribe_events_cat?post=23983"}],"curies":[{"name":"wp","href":"https:\/\/api.w.org\/{rel}","templated":true}]}}

FELDER DER IDENTITÄT – SPAZI DI IDENTITÀ II | Alessandra Book, Gaia Credentino und Isabella Nitto

<p></p>
<p>Die Klagenfurter Fotokünstlerin Eva Asaad verbrachte den April 2024 im Residency-Gästezimmer des KF. Sie konnte ihren Aufenthalt zur Vernetzung und Recherche nutzen und ein bilaterales Ausstellungsprojekt auf Schiene bringen. Alessandra Book, Gaia Credetino und Isabella Nitto aus Rom haben im März 2025 eine Auswahl ihrer Arbeiten in der BV-Galerie der Berufsvereinigung Bildender Künstler Landesverband Kärnten gezeigt und den einwöchigen Aufenthalt zur Inspiration für Fotoaufnahmen und Vernetzung genutzt.</p>
<p>Die italienischen Künstlerinnen haben während ihres Klagenfurt Aufenthalts erweiterte Werkserien der Begrifflichkeit Identität erstellt.</p>
<p>&nbsp;</p>
<p>Nach erfolgreicher Präsentation der Ausstellung in Klagenfurt, freuen wir uns im Zuge des Folgeprojekts <strong>Felder der Identität II</strong> am österreichischen Kulturforum Rom zu zeigen.</p>
<p>«Die Kunst fungiert meist als Brücke zwischen den Kulturen, als Inspiration für die Ausstellung diente der Begriff <strong>Identität</strong>. Die 3 Werkserien der Künstlerinnen Alessandra Book, Gaia Credentino und Isabella Nitto reflektieren über <strong><em>visuelle Repräsentation des Ichs </em></strong>und laden uns ein, im Kosmos von italienischen Identitätsspuren einzutauchen, sowie im gesellschaftspolitischen Kontext zu reflektieren.», so die Kuratorin der Ausstellung, Mag.a Eva Asaad.</p>
<p>&nbsp;</p>
<p><strong>Alessandra Book</strong>, geb.2001, studierte Fotografie am Istituto Europeo di Design (IED) in Rom und studiert derzeit Kunstgeschichte an der Universität La Sapienza. Im Jahr 2024 gewann sie den Terna-Preis &#8211; Academy Mention im Palazzo delle Esposizioni in Rom. Sie hat in mehreren Gruppenausstellungen ausgestellt und hatte 2024 eine Einzelausstellung in Mailand. Ihre Werke wurden in Zeitungen wie L&#8217;Espresso und Il Sole 24 Ore veröffentlicht.</p>
<p><span style="color: #0000ff;"><a style="color: #0000ff;" href="https://www.alessandra-book.com/">https://www.alessandra-book.com/</a></span></p>
<p>&nbsp;</p>
<p><strong>Gaia Credentino</strong>, geb. 1999, Studium Fotografie Istituto Europeo di Design (IED) in Rom, spezialisiert auf Geschichtenerzählen mit Hilfe von Fotografie, Schreiben und Archivrecherche, Praktikum Yogurt Magazine, Rom.</p>
<p><span style="color: #0000ff;"><a style="color: #0000ff;" href="https://www.gaiacredentino.com/">https://www.gaiacredentino.com/</a></span></p>
<p>&nbsp;</p>
<p></p>

</p>
<p>Die Klagenfurter Fotokünstlerin Eva Asaad verbrachte den April 2024 im Residency-Gästezimmer des KF. Sie konnte ihren Aufenthalt zur Vernetzung und Recherche nutzen und ein bilaterales Ausstellungsprojekt auf Schiene bringen. Alessandra Book, Gaia Credetino und Isabella Nitto aus Rom haben im März 2025 eine Auswahl ihrer Arbeiten in der BV-Galerie der Berufsvereinigung Bildender Künstler Landesverband Kärnten gezeigt und den einwöchigen Aufenthalt zur Inspiration für Fotoaufnahmen und Vernetzung genutzt.</p>
<p>Die italienischen Künstlerinnen haben während ihres Klagenfurt Aufenthalts erweiterte Werkserien der Begrifflichkeit Identität erstellt.</p>
<p>&nbsp;</p>
<p>Nach [&#8230;]</p>
