{"id":23708,"date":"2025-06-24T15:32:00","date_gmt":"2025-06-24T13:32:00","guid":{"rendered":"https:\/\/www.austriacult.roma.it\/?post_type=tribe_events&#038;p=23708"},"modified":"2025-06-24T15:40:02","modified_gmt":"2025-06-24T13:40:02","slug":"cronaca-di-sentimenti-striscianti-o-tutto-e-sempre-gia-li-ed-hauswirth","status":"publish","type":"tribe_events","link":"https:\/\/www.austriacult.roma.it\/de\/veranstaltung\/chronik-der-aussergewohnlichen-gefuhle-oder-alles-ist-immer-schon-da-ed-hauswirth\/","title":{"rendered":"CHRONIK DER AUSSERGEW\u00d6HNLICHEN GEF\u00dcHLE ODER ALLES IST IMMER SCHON DA | Ed. Hauswirth"},"content":{"rendered":"<p><\/p>\n<p style=\"text-align: justify;\">Der \u00f6sterreichische Regisseur <strong>Ed. Hauswirth<\/strong> (Graz) und die <strong>Master-Studierenden der Universit\u00e4t Suor Orsola Benincasa<\/strong> in Neapel haben \u00fcber Wochen gemeinsam an ihrem Projekt \u201eChronik der au\u00dfergew\u00f6hnlichen Gef\u00fchle oder alles ist immer schon da\u201c gearbeitet. Im Rahmen des Campania Teatro Festivals stellen sie nun das Ergebnis vor. \u201eWir gingen dabei von uns selbst und unserer Wahrnehmung der Welt aus. Was tragen wir mit uns, welche Beobachtungen haben wir gemacht? Was verbirgt sich hinter den kleinsten Entdeckungen? Welche Empfindungen schleichen sich in uns ein?\u201c, skizziert Ed. Hauswirth die Ausgangsfragen der kollektiven Recherche mit den Studierenden. \u201eAls Performancek\u00fcnstler in einer sich schnell ver\u00e4ndernden Welt sind wir dazu aufgerufen, auf die Umst\u00e4nde zu reagieren, aber zur gleichen Zeit sind wir immer auch Teil dieser Umst\u00e4nde. Wir haben unser eigenes Leben, unsere eigenen Erfahrungen und F\u00e4higkeiten. Das muss gen\u00fcgen!\u201c<\/p>\n<p style=\"text-align: justify;\">Das Projekt wird kuratiert von Ed. Hauswirth in Zusammenarbeit mit Nadia Carlomagno (Universit\u00e4t Suor Orsola Benincasa, Neapel) und dem Masterstudiengang Theater, P\u00e4dagogik und Didaktik. Methoden, Techniken und Praktiken der Darstellenden Kunst der Universit\u00e4t Suor Orsola Benincasa, Neapel. Die Mitwirkenden sind Studierende des Masterstudiengangs.<\/p>\n<p style=\"text-align: justify;\"><strong>Ed. Hauswirth<br \/>\n<\/strong>1965 geboren in Mooskirchen in der Steiermark, arbeitet als Regisseur und Theatermanager. Er ist Gr\u00fcndungsmitglied und k\u00fcnstlerischer Leiter des <em>Theater im Bahnhof, <\/em>eine unabh\u00e4ngige Theatergruppe in Graz. Von 1990 bis 2005 war er Berater f\u00fcr das Amateurtheater der Steiermark. Er war ebenso Mitgr\u00fcnder des <em>Vorstadttheater Graz<\/em>. Als Regisseur arbeitete er f\u00fcr <em>das<\/em> <em>Theater im Bahnhof<\/em>,\u00a0<em>Rabtaldirndln<\/em>,\u00a0<em>Vorstadttheater Graz<\/em>,\u00a0<em>TAG Wien<\/em>,\u00a0<em>Theater Ph\u00f6nix Graz<\/em>,\u00a0<em>Theater Dortmund<\/em>. Hauswirth ist auch als Schauspieler und Moderator t\u00e4tig und organisiert Workshops. Im Jahr 2014 wurde er mit dem Nestroy Preis f\u00fcr die beste Off-Produktion f\u00fcr \u201eDer diskrete Charme der smarten Menschen\u201c, in der er Regie f\u00fchrte, ausgezeichnet (inspiriert von \u201eIl fascino discreto della borghesia\u201c von Bunuel).<\/p>\n<p style=\"text-align: justify;\">Info: <span style=\"color: #0000ff;\"><a style=\"color: #0000ff;\" href=\"https:\/\/campaniateatrofestival.it\/spettacolo\/cronaca-di-sentimenti-striscianti-o-tutto-e-sempre-gia-li\/\">CRONACA DI SENTIMENTI STRISCIANTI O TUTTO \u00c8 SEMPRE GI\u00c0 L\u00cc &#8211; Campania Teatro Festival<\/a><\/span><\/p>\n<p style=\"text-align: justify;\">Tickets:<span style=\"color: #0000ff;\"> <a style=\"color: #0000ff;\" href=\"https:\/\/www.vivaticket.com\/it\/ticket\/cronaca-di-sentimenti-striscianti-o-tutto-e-sempre-gia-li\/268361\">CRONACA DI SENTIMENTI STRISCIANTI O TUTTO E&#8216; SEMPRE GIA&#8216; LI&#8216;<\/a><\/span><\/p>\n<p style=\"text-align: justify;\">\u00a0<\/p>\n<p><\/p>","protected":false},"excerpt":{"rendered":"<\/p>\n<p style=\"text-align: justify;\">Der \u00f6sterreichische Regisseur Ed. Hauswirth (Graz) und die Master-Studierenden der Universit\u00e4t Suor Orsola Benincasa in Neapel haben \u00fcber Wochen gemeinsam an ihrem Projekt \u201eChronik der au\u00dfergew\u00f6hnlichen Gef\u00fchle oder alles ist immer schon da\u201c gearbeitet. Im Rahmen des Campania Teatro Festivals stellen sie nun das Ergebnis vor. \u201eWir gingen dabei von uns selbst und unserer Wahrnehmung der Welt aus. Was tragen wir mit uns, welche Beobachtungen haben wir gemacht? Was verbirgt sich hinter den kleinsten Entdeckungen? Welche Empfindungen schleichen [&#8230;]<\/p>\n","protected":false},"author":2,"featured_media":22154,"comment_status":"closed","ping_status":"closed","template":"","meta":{"footnotes":""},"tags":[],"tribe_events_cat":[32,306],"class_list":["post-23708","tribe_events","type-tribe_events","status-publish","has-post-thumbnail","hentry","tribe_events_cat-programm","tribe_events_cat-teatro","cat_programm","cat_teatro"],"_links":{"self":[{"href":"https:\/\/www.austriacult.roma.it\/de\/wp-json\/wp\/v2\/tribe_events\/23708","targetHints":{"allow":["GET"]}}],"collection":[{"href":"https:\/\/www.austriacult.roma.it\/de\/wp-json\/wp\/v2\/tribe_events"}],"about":[{"href":"https:\/\/www.austriacult.roma.it\/de\/wp-json\/wp\/v2\/types\/tribe_events"}],"author":[{"embeddable":true,"href":"https:\/\/www.austriacult.roma.it\/de\/wp-json\/wp\/v2\/users\/2"}],"replies":[{"embeddable":true,"href":"https:\/\/www.austriacult.roma.it\/de\/wp-json\/wp\/v2\/comments?post=23708"}],"version-history":[{"count":3,"href":"https:\/\/www.austriacult.roma.it\/de\/wp-json\/wp\/v2\/tribe_events\/23708\/revisions"}],"predecessor-version":[{"id":23714,"href":"https:\/\/www.austriacult.roma.it\/de\/wp-json\/wp\/v2\/tribe_events\/23708\/revisions\/23714"}],"wp:featuredmedia":[{"embeddable":true,"href":"https:\/\/www.austriacult.roma.it\/de\/wp-json\/wp\/v2\/media\/22154"}],"wp:attachment":[{"href":"https:\/\/www.austriacult.roma.it\/de\/wp-json\/wp\/v2\/media?parent=23708"}],"wp:term":[{"taxonomy":"post_tag","embeddable":true,"href":"https:\/\/www.austriacult.roma.it\/de\/wp-json\/wp\/v2\/tags?post=23708"},{"taxonomy":"tribe_events_cat","embeddable":true,"href":"https:\/\/www.austriacult.roma.it\/de\/wp-json\/wp\/v2\/tribe_events_cat?post=23708"}],"curies":[{"name":"wp","href":"https:\/\/api.w.org\/{rel}","templated":true}]}}

CHRONIK DER AUSSERGEWÖHNLICHEN GEFÜHLE ODER ALLES IST IMMER SCHON DA | Ed. Hauswirth

<p></p>
<p style="text-align: justify;">Der österreichische Regisseur <strong>Ed. Hauswirth</strong> (Graz) und die <strong>Master-Studierenden der Universität Suor Orsola Benincasa</strong> in Neapel haben über Wochen gemeinsam an ihrem Projekt „Chronik der außergewöhnlichen Gefühle oder alles ist immer schon da“ gearbeitet. Im Rahmen des Campania Teatro Festivals stellen sie nun das Ergebnis vor. „Wir gingen dabei von uns selbst und unserer Wahrnehmung der Welt aus. Was tragen wir mit uns, welche Beobachtungen haben wir gemacht? Was verbirgt sich hinter den kleinsten Entdeckungen? Welche Empfindungen schleichen sich in uns ein?“, skizziert Ed. Hauswirth die Ausgangsfragen der kollektiven Recherche mit den Studierenden. „Als Performancekünstler in einer sich schnell verändernden Welt sind wir dazu aufgerufen, auf die Umstände zu reagieren, aber zur gleichen Zeit sind wir immer auch Teil dieser Umstände. Wir haben unser eigenes Leben, unsere eigenen Erfahrungen und Fähigkeiten. Das muss genügen!“</p>
<p style="text-align: justify;">Das Projekt wird kuratiert von Ed. Hauswirth in Zusammenarbeit mit Nadia Carlomagno (Universität Suor Orsola Benincasa, Neapel) und dem Masterstudiengang Theater, Pädagogik und Didaktik. Methoden, Techniken und Praktiken der Darstellenden Kunst der Universität Suor Orsola Benincasa, Neapel. Die Mitwirkenden sind Studierende des Masterstudiengangs.</p>
<p style="text-align: justify;"><strong>Ed. Hauswirth<br />
</strong>1965 geboren in Mooskirchen in der Steiermark, arbeitet als Regisseur und Theatermanager. Er ist Gründungsmitglied und künstlerischer Leiter des <em>Theater im Bahnhof, </em>eine unabhängige Theatergruppe in Graz. Von 1990 bis 2005 war er Berater für das Amateurtheater der Steiermark. Er war ebenso Mitgründer des <em>Vorstadttheater Graz</em>. Als Regisseur arbeitete er für <em>das</em> <em>Theater im Bahnhof</em>, <em>Rabtaldirndln</em>, <em>Vorstadttheater Graz</em>, <em>TAG Wien</em>, <em>Theater Phönix Graz</em>, <em>Theater Dortmund</em>. Hauswirth ist auch als Schauspieler und Moderator tätig und organisiert Workshops. Im Jahr 2014 wurde er mit dem Nestroy Preis für die beste Off-Produktion für „Der diskrete Charme der smarten Menschen“, in der er Regie führte, ausgezeichnet (inspiriert von „Il fascino discreto della borghesia“ von Bunuel).</p>
<p style="text-align: justify;">Info: <span style="color: #0000ff;"><a style="color: #0000ff;" href="https://campaniateatrofestival.it/spettacolo/cronaca-di-sentimenti-striscianti-o-tutto-e-sempre-gia-li/">CRONACA DI SENTIMENTI STRISCIANTI O TUTTO È SEMPRE GIÀ LÌ &#8211; Campania Teatro Festival</a></span></p>
<p style="text-align: justify;">Tickets:<span style="color: #0000ff;"> <a style="color: #0000ff;" href="https://www.vivaticket.com/it/ticket/cronaca-di-sentimenti-striscianti-o-tutto-e-sempre-gia-li/268361">CRONACA DI SENTIMENTI STRISCIANTI O TUTTO E&#8216; SEMPRE GIA&#8216; LI&#8216;</a></span></p>
<p style="text-align: justify;"> </p>
<p></p>

</p>
<p style="text-align: justify;">Der österreichische Regisseur Ed. Hauswirth (Graz) und die Master-Studierenden der Universität Suor Orsola Benincasa in Neapel haben über Wochen gemeinsam an ihrem Projekt „Chronik der außergewöhnlichen Gefühle oder alles ist immer schon da“ gearbeitet. Im Rahmen des Campania Teatro Festivals stellen sie nun das Ergebnis vor. „Wir gingen dabei von uns selbst und unserer Wahrnehmung der Welt aus. Was tragen wir mit uns, welche Beobachtungen haben wir gemacht? Was verbirgt sich hinter den kleinsten Entdeckungen? Welche Empfindungen schleichen [&#8230;]</p>
