{"id":23683,"date":"2025-06-23T16:57:34","date_gmt":"2025-06-23T14:57:34","guid":{"rendered":"https:\/\/www.austriacult.roma.it\/?post_type=tribe_events&#038;p=23683"},"modified":"2025-06-23T16:58:38","modified_gmt":"2025-06-23T14:58:38","slug":"il-femminile-nella-costituzione-italiana","status":"publish","type":"tribe_events","link":"https:\/\/www.austriacult.roma.it\/de\/veranstaltung\/il-femminile-nella-costituzione-italiana\/","title":{"rendered":"IL FEMMINILE NELLA COSTITUZIONE ITALIANA"},"content":{"rendered":"<p><\/p>\n<p style=\"text-align: justify;\">Im Rahmen des Doktoratprogramms in Rechts- und Politikwissenschaften, Ausbildungsmodul \u201cDie Transformation von Demokratie, Recht und Repr\u00e4sentation\u201d, treffen sich renommierte Wissenschaftler zur Diskussion zwei aktueller Buchver\u00f6ffentlichungen:<\/p>\n<p style=\"text-align: justify;\">\u00a0<\/p>\n<p style=\"text-align: justify;\"><strong><em>Le Madri della Patria: le donne della Costituente.<\/em><\/strong><\/p>\n<p style=\"text-align: justify;\"><strong><em>Studi in occasione del 75\u00b0 anniversario dell\u2019Assemblea Costituente<\/em><\/strong><\/p>\n<p style=\"text-align: justify;\"><strong><em>(1946-2021)<\/em><\/strong><\/p>\n<p style=\"text-align: justify;\">Herausgegeben von Roberta Fidanzia und Tommaso Valentini Centro Studi Femininum Ingenium Pomezia-Roma 2024<\/p>\n<p style=\"text-align: justify;\"><strong><em>\u00a0<\/em><\/strong><\/p>\n<p style=\"text-align: justify;\"><strong><em>Indissolubile<\/em><\/strong><\/p>\n<p style=\"text-align: justify;\">von Alfonso Celotto Mondadori, Mailand 2024<\/p>\n<p style=\"text-align: justify;\">\u00a0<\/p>\n<p style=\"text-align: justify;\">Gemeinsam mit den Autoren nehmen teil: Prof. Agata Cecilia Amato Mangiameli<\/p>\n<p style=\"text-align: justify;\">Universit\u00e4t Rom \u201cTor Vergata\u201d und Centro Studi Giuridici Di-con-per Donne, Dr. Ylenia Citino (Scuola Superiore Sant\u2019Anna, Pisa), Prof. Erik Furno (UniMarconi), Prof. Marzia Rossi (UniMarconi) und Prof. <strong>Anita Ziegerhofer<\/strong> (Universit\u00e4t Graz, \u00d6sterreich).<\/p>\n<p style=\"text-align: justify;\">Einf\u00fchrung von Prof. Raffale Chiarelli (Professor f\u00fcr Allgemeine Rechtstheorie, ehem. Direktor des Fachbereichs f\u00fcr Rechts- und Politikwissenschaften UniMarconi).<\/p>\n<p style=\"text-align: justify;\">Moderation von Porf. Ulrike Haider-Quercia (Koordinatorin des Doktoratprogramms in Rechts- und Politikwissenschaften UniMarconi).<\/p>\n<p>\n<span style=\"color: #0000ff;\"><a style=\"color: #0000ff;\" href=\"https:\/\/www.austriacult.roma.it\/wp-content\/uploads\/2025\/06\/Locandina_3Luglio_Quercia.pdf\">Programm<\/a><\/span><\/p>\n<p>&nbsp;<\/p>\n<p><\/p>","protected":false},"excerpt":{"rendered":"<\/p>\n<p style=\"text-align: justify;\">Im Rahmen des Doktoratprogramms in Rechts- und Politikwissenschaften, Ausbildungsmodul \u201cDie Transformation von Demokratie, Recht und Repr\u00e4sentation\u201d, treffen sich renommierte Wissenschaftler zur Diskussion zwei aktueller Buchver\u00f6ffentlichungen:<\/p>\n<p style=\"text-align: justify;\">\u00a0<\/p>\n<p style=\"text-align: justify;\">Le Madri della Patria: le donne della Costituente.<\/p>\n<p style=\"text-align: justify;\">Studi in occasione del 75\u00b0 anniversario dell\u2019Assemblea Costituente<\/p>\n<p style=\"text-align: justify;\">(1946-2021)<\/p>\n<p style=\"text-align: justify;\">Herausgegeben von Roberta Fidanzia und Tommaso Valentini Centro Studi Femininum Ingenium Pomezia-Roma 2024<\/p>\n<p style=\"text-align: justify;\">\u00a0<\/p>\n<p style=\"text-align: justify;\">Indissolubile<\/p>\n<p style=\"text-align: justify;\">von Alfonso Celotto Mondadori, Mailand 2024<\/p>\n<p style=\"text-align: justify;\">\u00a0<\/p>\n<p style=\"text-align: justify;\">Gemeinsam mit den [&#8230;]<\/p>\n","protected":false},"author":2,"featured_media":23685,"comment_status":"closed","ping_status":"closed","template":"","meta":{"footnotes":""},"tags":[],"tribe_events_cat":[32,304],"class_list":["post-23683","tribe_events","type-tribe_events","status-publish","has-post-thumbnail","hentry","tribe_events_cat-programm","tribe_events_cat-convegno","cat_programm","cat_convegno"],"_links":{"self":[{"href":"https:\/\/www.austriacult.roma.it\/de\/wp-json\/wp\/v2\/tribe_events\/23683","targetHints":{"allow":["GET"]}}],"collection":[{"href":"https:\/\/www.austriacult.roma.it\/de\/wp-json\/wp\/v2\/tribe_events"}],"about":[{"href":"https:\/\/www.austriacult.roma.it\/de\/wp-json\/wp\/v2\/types\/tribe_events"}],"author":[{"embeddable":true,"href":"https:\/\/www.austriacult.roma.it\/de\/wp-json\/wp\/v2\/users\/2"}],"replies":[{"embeddable":true,"href":"https:\/\/www.austriacult.roma.it\/de\/wp-json\/wp\/v2\/comments?post=23683"}],"version-history":[{"count":2,"href":"https:\/\/www.austriacult.roma.it\/de\/wp-json\/wp\/v2\/tribe_events\/23683\/revisions"}],"predecessor-version":[{"id":23689,"href":"https:\/\/www.austriacult.roma.it\/de\/wp-json\/wp\/v2\/tribe_events\/23683\/revisions\/23689"}],"wp:featuredmedia":[{"embeddable":true,"href":"https:\/\/www.austriacult.roma.it\/de\/wp-json\/wp\/v2\/media\/23685"}],"wp:attachment":[{"href":"https:\/\/www.austriacult.roma.it\/de\/wp-json\/wp\/v2\/media?parent=23683"}],"wp:term":[{"taxonomy":"post_tag","embeddable":true,"href":"https:\/\/www.austriacult.roma.it\/de\/wp-json\/wp\/v2\/tags?post=23683"},{"taxonomy":"tribe_events_cat","embeddable":true,"href":"https:\/\/www.austriacult.roma.it\/de\/wp-json\/wp\/v2\/tribe_events_cat?post=23683"}],"curies":[{"name":"wp","href":"https:\/\/api.w.org\/{rel}","templated":true}]}}

<p></p>
<p style="text-align: justify;">Im Rahmen des Doktoratprogramms in Rechts- und Politikwissenschaften, Ausbildungsmodul “Die Transformation von Demokratie, Recht und Repräsentation”, treffen sich renommierte Wissenschaftler zur Diskussion zwei aktueller Buchveröffentlichungen:</p>
<p style="text-align: justify;"> </p>
<p style="text-align: justify;"><strong><em>Le Madri della Patria: le donne della Costituente.</em></strong></p>
<p style="text-align: justify;"><strong><em>Studi in occasione del 75° anniversario dell’Assemblea Costituente</em></strong></p>
<p style="text-align: justify;"><strong><em>(1946-2021)</em></strong></p>
<p style="text-align: justify;">Herausgegeben von Roberta Fidanzia und Tommaso Valentini Centro Studi Femininum Ingenium Pomezia-Roma 2024</p>
<p style="text-align: justify;"><strong><em> </em></strong></p>
<p style="text-align: justify;"><strong><em>Indissolubile</em></strong></p>
<p style="text-align: justify;">von Alfonso Celotto Mondadori, Mailand 2024</p>
<p style="text-align: justify;"> </p>
<p style="text-align: justify;">Gemeinsam mit den Autoren nehmen teil: Prof. Agata Cecilia Amato Mangiameli</p>
<p style="text-align: justify;">Universität Rom “Tor Vergata” und Centro Studi Giuridici Di-con-per Donne, Dr. Ylenia Citino (Scuola Superiore Sant’Anna, Pisa), Prof. Erik Furno (UniMarconi), Prof. Marzia Rossi (UniMarconi) und Prof. <strong>Anita Ziegerhofer</strong> (Universität Graz, Österreich).</p>
<p style="text-align: justify;">Einführung von Prof. Raffale Chiarelli (Professor für Allgemeine Rechtstheorie, ehem. Direktor des Fachbereichs für Rechts- und Politikwissenschaften UniMarconi).</p>
<p style="text-align: justify;">Moderation von Porf. Ulrike Haider-Quercia (Koordinatorin des Doktoratprogramms in Rechts- und Politikwissenschaften UniMarconi).</p>
<p>
<span style="color: #0000ff;"><a style="color: #0000ff;" href="https://www.austriacult.roma.it/wp-content/uploads/2025/06/Locandina_3Luglio_Quercia.pdf">Programm</a></span></p>
<p>&nbsp;</p>
<p></p>

</p>
<p style="text-align: justify;">Im Rahmen des Doktoratprogramms in Rechts- und Politikwissenschaften, Ausbildungsmodul “Die Transformation von Demokratie, Recht und Repräsentation”, treffen sich renommierte Wissenschaftler zur Diskussion zwei aktueller Buchveröffentlichungen:</p>
<p style="text-align: justify;"> </p>
<p style="text-align: justify;">Le Madri della Patria: le donne della Costituente.</p>
<p style="text-align: justify;">Studi in occasione del 75° anniversario dell’Assemblea Costituente</p>
<p style="text-align: justify;">(1946-2021)</p>
<p style="text-align: justify;">Herausgegeben von Roberta Fidanzia und Tommaso Valentini Centro Studi Femininum Ingenium Pomezia-Roma 2024</p>
<p style="text-align: justify;"> </p>
<p style="text-align: justify;">Indissolubile</p>
<p style="text-align: justify;">von Alfonso Celotto Mondadori, Mailand 2024</p>
<p style="text-align: justify;"> </p>
<p style="text-align: justify;">Gemeinsam mit den [&#8230;]</p>
