{"id":23677,"date":"2025-06-23T16:06:10","date_gmt":"2025-06-23T14:06:10","guid":{"rendered":"https:\/\/www.austriacult.roma.it\/?post_type=tribe_events&#038;p=23677"},"modified":"2025-06-23T16:08:13","modified_gmt":"2025-06-23T14:08:13","slug":"best-of-bb-bartolomeybittmann","status":"publish","type":"tribe_events","link":"https:\/\/www.austriacult.roma.it\/de\/veranstaltung\/best-of-bb-bartolomeybittmann\/","title":{"rendered":"BEST OF BB | BartolomeyBittmann"},"content":{"rendered":"<p><\/p>\n<p style=\"text-align: justify;\"><a href=\"https:\/\/www.austriacult.roma.it\/wp-content\/uploads\/2025\/04\/VITA-GIARDINO-e1750687401419.png\"><img loading=\"lazy\" decoding=\"async\" class=\"wpa-warning wpa-image-missing-alt size-full wp-image-23270 alignright\" src=\"https:\/\/www.austriacult.roma.it\/wp-content\/uploads\/2025\/04\/VITA-GIARDINO-e1750687401419.png\" alt=\"\" width=\"120\" height=\"122\" data-warning=\"Missing alt text\" \/><\/a>Das \u00f6sterreichische Duo <strong><a href=\"https:\/\/www.bartolomeybittmann.at\/\">BartolomeyBittmann<\/a><\/strong><strong>\u00a0<\/strong>setzt die Reihe der diesj\u00e4hrigen Openair-Konzerte am Kulturforum fort. Die beiden au\u00dfergew\u00f6hnlichen Musiker sind daf\u00fcr bekannt, klassische Musik mit Jazzelementen gekonnt zu kombinieren.<\/p>\n<p style=\"text-align: justify;\">Nach dem gro\u00dfen Erfolg des letzten Albums, ausgezeichnet mit dem \u201ePreis der deutschen Schallplattenkritik\u201c, setzen <strong>Matthias Bartolomey<\/strong> (Violoncello) und <strong>Klemens Bittmann<\/strong> (Violine, Mandola), mit dem Konzertprogramm <strong>BEST OF BB<\/strong> den Fokus auf die Essenz ihres bisherigen kompositorischen Schaffens. Die Programme des Duos leben von starken emotionalen Kontrasten: In \u201eMeridian\u201c (2013) geht es um das Finden einer verbindenden Linie, eines musikalischen Wegs, \u201eNeubau\u201c (2015) realisiert die Idee des Erschaffens im gemeinsamen Komponieren, in \u201eDynamo\u201c (2019) erkundeten sie das dramatische Element in Musik und Performance und \u201ezehn\u201c (2022) markiert ihre Kontinuit\u00e4t und das Tragen einer Philosophie.<\/p>\n<p style=\"text-align: justify;\">Die musikalische Bandbreite von BEST OF BB erstreckt sich von wuchtigen Rock-Riffs und virtuos rasenden unisono Passagen bis hin zu intimen Grooves und einf\u00fchlsamen Kantilenen. Der Schwerpunkt liegt dabei stets auf der Suche nach dem akustischen Fundament ihrer klassischen Instrumente.<\/p>\n<p style=\"text-align: justify;\">Das Duo <strong>BartolomeyBittmann<\/strong> wurde im Jahr 2012 gegr\u00fcndet.<\/p>\n<p>&nbsp;<\/p>\n<p style=\"text-align: justify;\"><strong>Matthias Bartolomey<\/strong> (Violoncello) erhielt im Alter von sechs Jahren den ersten Cellounterricht bei seinem Vater Franz Bartolomey. Er studierte in den Konzertfachklassen bei Valentin Erben an der Universit\u00e4t f\u00fcr Musik und darstellende Kunst in Wien und bei Clemens Hagen an der Universit\u00e4t Mozarteum Salzburg. Seit Oktober 2020 unterrichtet er an der Universit\u00e4t Mozarteum Salzburg.<br \/>\nSeit 2010 spielt er als Solo-Cellist bei dem von Nikolaus Harnoncourt gegr\u00fcndeten Ensemble f\u00fcr Alte Musik, dem Concentus Musicus Wien. 2014 spielte Matthias Bartolomey die selten aufgef\u00fchrte Cello-Sonate von Sir Andr\u00e9 Previn mit dem Pianisten Clemens Zeilinger auf CD ein, im Fr\u00fchjahr 2024 ver\u00f6ffentlichte er sein erstes SOLO Album mit Musik f\u00fcr Solo Cello von J.S.Bach und seinen Eigenkompositionen. Seit 2017 ist Matthias vermehrt auch als Komponist t\u00e4tig.<br \/>\nMatthias Bartolomey spielt ein Violoncello von David Tecchler (Rom 1727) und einen detailgetreuen Nachbau von Philipp Bonhoeffer (Montecastelli 2021).<\/p>\n<p style=\"text-align: justify;\"><strong>Klemens Bittmann<\/strong> (Violine, Mandola) studierte klassische Violine an der Universit\u00e4t f\u00fcr Musik &amp; darstellende Kunst Graz und Jazzgeige bei Didier Lockwood am Didier Lockwood Music Center in Paris. Er Lebt als freischaffender Musiker in Graz, Wien &amp; Bad Aussee und unterrichtet an der Universit\u00e4t f\u00fcr Musik &amp; darstellende Kunst in Graz sowie an der Universit\u00e4t Mozarteum in Salzburg. Klemens Bittmann gr\u00fcndete au\u00dferdem die Formationen <em>Beef\u00f3lk<\/em>, <em>folksmilch<\/em>, das Radio String Quartet und das Duo Gratzer&amp;Bittmann. Dort ist er sowohl als Geiger und Mandola-Spieler, als auch als Komponist und Arrangeur aktiv. Weiters ist Klemens Bittmann vielfach als Studioarrangeur und Studiomusiker f\u00fcr Streicher-Arrangements sowie als Workshopleiter t\u00e4tig. Mit seinen Ensembles absolviert er zahlreiche Konzerttourneen in \u00d6sterreich und Deutschland, den Niederlanden, Iran, Island, Russland, USA, Norwegen, Finnland, Slovenien, Kenia, Malta, China, Japan und Hong Kong. <br \/>\nKlemens Bittmann spielt eine Violine von Josephus Pauli (Linz, 1817) und eine selbst entwickelte Mandola von Markus Kirchmayr (Natters in Tirol, 2017).<\/p>\n<p>&nbsp;<\/p>\n<p><\/p>","protected":false},"excerpt":{"rendered":"<\/p>\n<p style=\"text-align: justify;\"><a href=\"https:\/\/www.austriacult.roma.it\/wp-content\/uploads\/2025\/04\/VITA-GIARDINO-e1750687401419.png\"><\/a>Das \u00f6sterreichische Duo <a href=\"https:\/\/www.bartolomeybittmann.at\/\">BartolomeyBittmann<\/a>\u00a0setzt die Reihe der diesj\u00e4hrigen Openair-Konzerte am Kulturforum fort. Die beiden au\u00dfergew\u00f6hnlichen Musiker sind daf\u00fcr bekannt, klassische Musik mit Jazzelementen gekonnt zu kombinieren.<\/p>\n<p style=\"text-align: justify;\">Nach dem gro\u00dfen Erfolg des letzten Albums, ausgezeichnet mit dem \u201ePreis der deutschen Schallplattenkritik\u201c, setzen Matthias Bartolomey (Violoncello) und Klemens Bittmann (Violine, Mandola), mit dem Konzertprogramm BEST OF BB den Fokus auf die Essenz ihres bisherigen kompositorischen Schaffens. Die Programme des Duos leben von starken emotionalen Kontrasten: In \u201eMeridian\u201c [&#8230;]<\/p>\n","protected":false},"author":2,"featured_media":23678,"comment_status":"closed","ping_status":"closed","template":"","meta":{"footnotes":""},"tags":[],"tribe_events_cat":[334,313,32,3],"class_list":["post-23677","tribe_events","type-tribe_events","status-publish","has-post-thumbnail","hentry","tribe_events_cat-vita-giardino","tribe_events_cat-concerto","tribe_events_cat-programm","tribe_events_cat-musik","cat_vita-giardino","cat_concerto","cat_programm","cat_musik"],"_links":{"self":[{"href":"https:\/\/www.austriacult.roma.it\/de\/wp-json\/wp\/v2\/tribe_events\/23677","targetHints":{"allow":["GET"]}}],"collection":[{"href":"https:\/\/www.austriacult.roma.it\/de\/wp-json\/wp\/v2\/tribe_events"}],"about":[{"href":"https:\/\/www.austriacult.roma.it\/de\/wp-json\/wp\/v2\/types\/tribe_events"}],"author":[{"embeddable":true,"href":"https:\/\/www.austriacult.roma.it\/de\/wp-json\/wp\/v2\/users\/2"}],"replies":[{"embeddable":true,"href":"https:\/\/www.austriacult.roma.it\/de\/wp-json\/wp\/v2\/comments?post=23677"}],"version-history":[{"count":2,"href":"https:\/\/www.austriacult.roma.it\/de\/wp-json\/wp\/v2\/tribe_events\/23677\/revisions"}],"predecessor-version":[{"id":23681,"href":"https:\/\/www.austriacult.roma.it\/de\/wp-json\/wp\/v2\/tribe_events\/23677\/revisions\/23681"}],"wp:featuredmedia":[{"embeddable":true,"href":"https:\/\/www.austriacult.roma.it\/de\/wp-json\/wp\/v2\/media\/23678"}],"wp:attachment":[{"href":"https:\/\/www.austriacult.roma.it\/de\/wp-json\/wp\/v2\/media?parent=23677"}],"wp:term":[{"taxonomy":"post_tag","embeddable":true,"href":"https:\/\/www.austriacult.roma.it\/de\/wp-json\/wp\/v2\/tags?post=23677"},{"taxonomy":"tribe_events_cat","embeddable":true,"href":"https:\/\/www.austriacult.roma.it\/de\/wp-json\/wp\/v2\/tribe_events_cat?post=23677"}],"curies":[{"name":"wp","href":"https:\/\/api.w.org\/{rel}","templated":true}]}}

<p></p>
<p style="text-align: justify;"><a href="https://www.austriacult.roma.it/wp-content/uploads/2025/04/VITA-GIARDINO-e1750687401419.png"><img loading="lazy" decoding="async" class="wpa-warning wpa-image-missing-alt size-full wp-image-23270 alignright" src="https://www.austriacult.roma.it/wp-content/uploads/2025/04/VITA-GIARDINO-e1750687401419.png" alt="" width="120" height="122" data-warning="Missing alt text" /></a>Das österreichische Duo <strong><a href="https://www.bartolomeybittmann.at/">BartolomeyBittmann</a></strong><strong> </strong>setzt die Reihe der diesjährigen Openair-Konzerte am Kulturforum fort. Die beiden außergewöhnlichen Musiker sind dafür bekannt, klassische Musik mit Jazzelementen gekonnt zu kombinieren.</p>
<p style="text-align: justify;">Nach dem großen Erfolg des letzten Albums, ausgezeichnet mit dem „Preis der deutschen Schallplattenkritik“, setzen <strong>Matthias Bartolomey</strong> (Violoncello) und <strong>Klemens Bittmann</strong> (Violine, Mandola), mit dem Konzertprogramm <strong>BEST OF BB</strong> den Fokus auf die Essenz ihres bisherigen kompositorischen Schaffens. Die Programme des Duos leben von starken emotionalen Kontrasten: In „Meridian“ (2013) geht es um das Finden einer verbindenden Linie, eines musikalischen Wegs, „Neubau“ (2015) realisiert die Idee des Erschaffens im gemeinsamen Komponieren, in „Dynamo“ (2019) erkundeten sie das dramatische Element in Musik und Performance und „zehn“ (2022) markiert ihre Kontinuität und das Tragen einer Philosophie.</p>
<p style="text-align: justify;">Die musikalische Bandbreite von BEST OF BB erstreckt sich von wuchtigen Rock-Riffs und virtuos rasenden unisono Passagen bis hin zu intimen Grooves und einfühlsamen Kantilenen. Der Schwerpunkt liegt dabei stets auf der Suche nach dem akustischen Fundament ihrer klassischen Instrumente.</p>
<p style="text-align: justify;">Das Duo <strong>BartolomeyBittmann</strong> wurde im Jahr 2012 gegründet.</p>
<p>&nbsp;</p>
<p style="text-align: justify;"><strong>Matthias Bartolomey</strong> (Violoncello) erhielt im Alter von sechs Jahren den ersten Cellounterricht bei seinem Vater Franz Bartolomey. Er studierte in den Konzertfachklassen bei Valentin Erben an der Universität für Musik und darstellende Kunst in Wien und bei Clemens Hagen an der Universität Mozarteum Salzburg. Seit Oktober 2020 unterrichtet er an der Universität Mozarteum Salzburg.<br />
Seit 2010 spielt er als Solo-Cellist bei dem von Nikolaus Harnoncourt gegründeten Ensemble für Alte Musik, dem Concentus Musicus Wien. 2014 spielte Matthias Bartolomey die selten aufgeführte Cello-Sonate von Sir André Previn mit dem Pianisten Clemens Zeilinger auf CD ein, im Frühjahr 2024 veröffentlichte er sein erstes SOLO Album mit Musik für Solo Cello von J.S.Bach und seinen Eigenkompositionen. Seit 2017 ist Matthias vermehrt auch als Komponist tätig.<br />
Matthias Bartolomey spielt ein Violoncello von David Tecchler (Rom 1727) und einen detailgetreuen Nachbau von Philipp Bonhoeffer (Montecastelli 2021).</p>
<p style="text-align: justify;"><strong>Klemens Bittmann</strong> (Violine, Mandola) studierte klassische Violine an der Universität für Musik &amp; darstellende Kunst Graz und Jazzgeige bei Didier Lockwood am Didier Lockwood Music Center in Paris. Er Lebt als freischaffender Musiker in Graz, Wien &amp; Bad Aussee und unterrichtet an der Universität für Musik &amp; darstellende Kunst in Graz sowie an der Universität Mozarteum in Salzburg. Klemens Bittmann gründete außerdem die Formationen <em>Beefólk</em>, <em>folksmilch</em>, das Radio String Quartet und das Duo Gratzer&amp;Bittmann. Dort ist er sowohl als Geiger und Mandola-Spieler, als auch als Komponist und Arrangeur aktiv. Weiters ist Klemens Bittmann vielfach als Studioarrangeur und Studiomusiker für Streicher-Arrangements sowie als Workshopleiter tätig. Mit seinen Ensembles absolviert er zahlreiche Konzerttourneen in Österreich und Deutschland, den Niederlanden, Iran, Island, Russland, USA, Norwegen, Finnland, Slovenien, Kenia, Malta, China, Japan und Hong Kong. <br />
Klemens Bittmann spielt eine Violine von Josephus Pauli (Linz, 1817) und eine selbst entwickelte Mandola von Markus Kirchmayr (Natters in Tirol, 2017).</p>
<p>&nbsp;</p>
<p></p>

</p>
<p style="text-align: justify;"><a href="https://www.austriacult.roma.it/wp-content/uploads/2025/04/VITA-GIARDINO-e1750687401419.png"></a>Das österreichische Duo <a href="https://www.bartolomeybittmann.at/">BartolomeyBittmann</a> setzt die Reihe der diesjährigen Openair-Konzerte am Kulturforum fort. Die beiden außergewöhnlichen Musiker sind dafür bekannt, klassische Musik mit Jazzelementen gekonnt zu kombinieren.</p>
<p style="text-align: justify;">Nach dem großen Erfolg des letzten Albums, ausgezeichnet mit dem „Preis der deutschen Schallplattenkritik“, setzen Matthias Bartolomey (Violoncello) und Klemens Bittmann (Violine, Mandola), mit dem Konzertprogramm BEST OF BB den Fokus auf die Essenz ihres bisherigen kompositorischen Schaffens. Die Programme des Duos leben von starken emotionalen Kontrasten: In „Meridian“ [&#8230;]</p>
