{"id":23580,"date":"2025-06-11T14:26:49","date_gmt":"2025-06-11T12:26:49","guid":{"rendered":"https:\/\/www.austriacult.roma.it\/?post_type=tribe_events&#038;p=23580"},"modified":"2025-06-11T16:18:57","modified_gmt":"2025-06-11T14:18:57","slug":"moon","status":"publish","type":"tribe_events","link":"https:\/\/www.austriacult.roma.it\/de\/veranstaltung\/mond\/","title":{"rendered":"MOND"},"content":{"rendered":"<p><\/p>\n<p style=\"text-align: justify;\">(2024, Dauer: 92\u2018) von Kurdwin Ayub<\/p>\n<p style=\"text-align: justify;\">mit Florentina Holzinger, Celina Sarhan, Andria Tayeh<\/p>\n<p style=\"text-align: justify;\">Die ehemalige Kampfsportlerin Sarah verl\u00e4sst \u00d6sterreich, um drei Schwestern aus einer reichen Familie im Nahen Osten zu trainieren. Was sich nach Traum-Job anh\u00f6rt, nimmt bald beunruhigende Z\u00fcge an: Die jungen Frauen sind von der Au\u00dfenwelt abgeschottet und werden konstant \u00fcberwacht. Sport scheint sie nicht zu interessieren. Was also ist der Grund, dass Sarah engagiert worden ist?<\/p>\n<p style=\"text-align: justify;\">Die kurdisch-\u00f6sterreichische Regisseurin Kurdwin Ayub (SONNE) entwickelt in ihrem dritten Spielfilm einen vielschichtigen, realit\u00e4tsnahen Thriller, der wie in ihren vorherigen Filmen, nicht nur den Clash der Kulturen thematisiert, sondern auch die unterschiedlichsten Arten weiblicher Unterdr\u00fcckung verhandelt.<\/p>\n<p style=\"text-align: justify;\">Quelle: <span style=\"color: #0000ff;\"><a style=\"color: #0000ff;\" href=\"https:\/\/www.daskino.at\/film\/mond\">Das Kino, Salzburger Filmkulturzentrum<\/a><\/span><\/p>\n<p style=\"text-align: justify;\"><span style=\"color: #0000ff;\"><a style=\"color: #0000ff;\" href=\"https:\/\/cinema-austriaco.org\/de\/2024\/10\/24\/mond\/\">Mond (2024) von Kurdwin Ayub &#8211; Kritik | Cinema Austriaco (cinema-austriaco.org)<\/a><\/span><\/p>\n<p style=\"text-align: justify;\"><span style=\"color: #0000ff;\"><a style=\"color: #0000ff;\" href=\"https:\/\/www.youtube.com\/watch?v=G1ojNTbFB4Y\">Trailer<\/a><\/span><\/p>\n<p style=\"text-align: justify;\"><em>Freier Eintritt mit verpflichtender Reservierung. Um zu reservieren, schreiben Sie bitte an events.rom-kf@bmeia.gv.at und geben Sie Ihren Vor- und Nachnamen sowie den Film Ihrer Wahl an.<\/em><\/p>\n<p style=\"text-align: justify;\"><em>Anfragen, die bis 12.00 Uhr mittags am Tag der Vorf\u00fchrung eingehen m\u00fcssen, werden in der Reihenfolge ihres Eintreffens und je nach Verf\u00fcgbarkeit ber\u00fccksichtigt. Die Reservierung ist nur mit einer Best\u00e4tigungs-E-Mail g\u00fcltig.<\/em><\/p>\n<p style=\"text-align: justify;\"><span style=\"color: #0000ff;\"><a style=\"color: #0000ff;\" href=\"https:\/\/www.austriacult.roma.it\/wp-content\/uploads\/2025\/06\/AUSTRIA25_flyer_vertical_compressed.pdf\">Programm Sotto le stelle dell\u2019Austria<\/a><\/span><\/p>\n<p>&nbsp;<\/p>\n<p><\/p>","protected":false},"excerpt":{"rendered":"<\/p>\n<p style=\"text-align: justify;\">(2024, Dauer: 92\u2018) von Kurdwin Ayub<\/p>\n<p style=\"text-align: justify;\">mit Florentina Holzinger, Celina Sarhan, Andria Tayeh<\/p>\n<p style=\"text-align: justify;\">Die ehemalige Kampfsportlerin Sarah verl\u00e4sst \u00d6sterreich, um drei Schwestern aus einer reichen Familie im Nahen Osten zu trainieren. Was sich nach Traum-Job anh\u00f6rt, nimmt bald beunruhigende Z\u00fcge an: Die jungen Frauen sind von der Au\u00dfenwelt abgeschottet und werden konstant \u00fcberwacht. Sport scheint sie nicht zu interessieren. Was also ist der Grund, dass Sarah engagiert worden ist?<\/p>\n<p style=\"text-align: justify;\">Die kurdisch-\u00f6sterreichische Regisseurin Kurdwin Ayub (SONNE) [&#8230;]<\/p>\n","protected":false},"author":2,"featured_media":23581,"comment_status":"closed","ping_status":"closed","template":"","meta":{"footnotes":""},"tags":[],"tribe_events_cat":[32,8],"class_list":["post-23580","tribe_events","type-tribe_events","status-publish","has-post-thumbnail","hentry","tribe_events_cat-programm","tribe_events_cat-kino","cat_programm","cat_kino"],"_links":{"self":[{"href":"https:\/\/www.austriacult.roma.it\/de\/wp-json\/wp\/v2\/tribe_events\/23580","targetHints":{"allow":["GET"]}}],"collection":[{"href":"https:\/\/www.austriacult.roma.it\/de\/wp-json\/wp\/v2\/tribe_events"}],"about":[{"href":"https:\/\/www.austriacult.roma.it\/de\/wp-json\/wp\/v2\/types\/tribe_events"}],"author":[{"embeddable":true,"href":"https:\/\/www.austriacult.roma.it\/de\/wp-json\/wp\/v2\/users\/2"}],"replies":[{"embeddable":true,"href":"https:\/\/www.austriacult.roma.it\/de\/wp-json\/wp\/v2\/comments?post=23580"}],"version-history":[{"count":5,"href":"https:\/\/www.austriacult.roma.it\/de\/wp-json\/wp\/v2\/tribe_events\/23580\/revisions"}],"predecessor-version":[{"id":23619,"href":"https:\/\/www.austriacult.roma.it\/de\/wp-json\/wp\/v2\/tribe_events\/23580\/revisions\/23619"}],"wp:featuredmedia":[{"embeddable":true,"href":"https:\/\/www.austriacult.roma.it\/de\/wp-json\/wp\/v2\/media\/23581"}],"wp:attachment":[{"href":"https:\/\/www.austriacult.roma.it\/de\/wp-json\/wp\/v2\/media?parent=23580"}],"wp:term":[{"taxonomy":"post_tag","embeddable":true,"href":"https:\/\/www.austriacult.roma.it\/de\/wp-json\/wp\/v2\/tags?post=23580"},{"taxonomy":"tribe_events_cat","embeddable":true,"href":"https:\/\/www.austriacult.roma.it\/de\/wp-json\/wp\/v2\/tribe_events_cat?post=23580"}],"curies":[{"name":"wp","href":"https:\/\/api.w.org\/{rel}","templated":true}]}}

<p></p>
<p style="text-align: justify;">(2024, Dauer: 92‘) von Kurdwin Ayub</p>
<p style="text-align: justify;">mit Florentina Holzinger, Celina Sarhan, Andria Tayeh</p>
<p style="text-align: justify;">Die ehemalige Kampfsportlerin Sarah verlässt Österreich, um drei Schwestern aus einer reichen Familie im Nahen Osten zu trainieren. Was sich nach Traum-Job anhört, nimmt bald beunruhigende Züge an: Die jungen Frauen sind von der Außenwelt abgeschottet und werden konstant überwacht. Sport scheint sie nicht zu interessieren. Was also ist der Grund, dass Sarah engagiert worden ist?</p>
<p style="text-align: justify;">Die kurdisch-österreichische Regisseurin Kurdwin Ayub (SONNE) entwickelt in ihrem dritten Spielfilm einen vielschichtigen, realitätsnahen Thriller, der wie in ihren vorherigen Filmen, nicht nur den Clash der Kulturen thematisiert, sondern auch die unterschiedlichsten Arten weiblicher Unterdrückung verhandelt.</p>
<p style="text-align: justify;">Quelle: <span style="color: #0000ff;"><a style="color: #0000ff;" href="https://www.daskino.at/film/mond">Das Kino, Salzburger Filmkulturzentrum</a></span></p>
<p style="text-align: justify;"><span style="color: #0000ff;"><a style="color: #0000ff;" href="https://cinema-austriaco.org/de/2024/10/24/mond/">Mond (2024) von Kurdwin Ayub &#8211; Kritik | Cinema Austriaco (cinema-austriaco.org)</a></span></p>
<p style="text-align: justify;"><span style="color: #0000ff;"><a style="color: #0000ff;" href="https://www.youtube.com/watch?v=G1ojNTbFB4Y">Trailer</a></span></p>
<p style="text-align: justify;"><em>Freier Eintritt mit verpflichtender Reservierung. Um zu reservieren, schreiben Sie bitte an events.rom-kf@bmeia.gv.at und geben Sie Ihren Vor- und Nachnamen sowie den Film Ihrer Wahl an.</em></p>
<p style="text-align: justify;"><em>Anfragen, die bis 12.00 Uhr mittags am Tag der Vorführung eingehen müssen, werden in der Reihenfolge ihres Eintreffens und je nach Verfügbarkeit berücksichtigt. Die Reservierung ist nur mit einer Bestätigungs-E-Mail gültig.</em></p>
<p style="text-align: justify;"><span style="color: #0000ff;"><a style="color: #0000ff;" href="https://www.austriacult.roma.it/wp-content/uploads/2025/06/AUSTRIA25_flyer_vertical_compressed.pdf">Programm Sotto le stelle dell’Austria</a></span></p>
<p>&nbsp;</p>
<p></p>

</p>
<p style="text-align: justify;">(2024, Dauer: 92‘) von Kurdwin Ayub</p>
<p style="text-align: justify;">mit Florentina Holzinger, Celina Sarhan, Andria Tayeh</p>
<p style="text-align: justify;">Die ehemalige Kampfsportlerin Sarah verlässt Österreich, um drei Schwestern aus einer reichen Familie im Nahen Osten zu trainieren. Was sich nach Traum-Job anhört, nimmt bald beunruhigende Züge an: Die jungen Frauen sind von der Außenwelt abgeschottet und werden konstant überwacht. Sport scheint sie nicht zu interessieren. Was also ist der Grund, dass Sarah engagiert worden ist?</p>
<p style="text-align: justify;">Die kurdisch-österreichische Regisseurin Kurdwin Ayub (SONNE) [&#8230;]</p>
