{"id":23011,"date":"2025-02-25T14:42:18","date_gmt":"2025-02-25T13:42:18","guid":{"rendered":"https:\/\/www.austriacult.roma.it\/?post_type=tribe_events&#038;p=23011"},"modified":"2025-02-25T14:44:25","modified_gmt":"2025-02-25T13:44:25","slug":"mosaic-christian-fennesz","status":"publish","type":"tribe_events","link":"https:\/\/www.austriacult.roma.it\/de\/veranstaltung\/mosaic-christian-fennesz\/","title":{"rendered":"MOSAIC | Christian Fennesz"},"content":{"rendered":"<p><\/p>\n<p style=\"text-align: justify;\">Der talentierte \u00f6sterreichische Klangk\u00fcnstler <strong>Christian Fennesz<\/strong> kommt f\u00fcr ein einzigartiges Klangerlebnis nach Neapel. Seine Live-Performance ist von \u00e4therischen Gitarren und einh\u00fcllender elektronischer Atmosph\u00e4re gepr\u00e4gt, die zwischen Melodie und Abstraktion schwebt. In Neapel wird er sein neues Werk \u201e<strong>Mosaic<\/strong>\u201c pr\u00e4sentieren, welches f\u00fcr Liebhaber von Ambient-Musik ein unverzichtbares Ereignis darstellt.<\/p>\n<p style=\"text-align: justify;\"><span style=\"color: #0000ff;\"><a style=\"color: #0000ff;\" href=\"https:\/\/www.austriacult.roma.it\/wp-content\/uploads\/2025\/02\/CS-Fennesz-a-Napoli-Auditorium-del-900.pdf\">Pressemitteilung Italienisch<\/a><\/span><\/p>\n<p style=\"text-align: justify;\">Der \u00f6sterreichische Gitarrist, Komponist und Elektronikmusiker <a href=\"https:\/\/www.fennesz.com\/\"><strong><span style=\"color: #0000ff;\">Christian Fennesz<\/span><\/strong><\/a> gilt als Schl\u00fcsselfigur und eine der markantesten Klangstimmen der heutigen elektronischen Musik. Sein umfangreiches internationales Ansehen hat er sich durch seinen bedeutenden Gesamtbeitrag zu neuen musikalischen Ausdrucksformen erworben. In den fr\u00fchen 1990er Jahren hat sich Fennesz in der Wiener Techno-Szene etabliert und beschloss seine eigene Klangwelt im charakteristischen elektronischen Idiom zu entwickeln. Sein unverwechselbarer Klang entsteht dadurch, dass er den Sound der Gitarre, die er an den Laptop anschlie\u00dft bearbeitet und transformiert. In den letzten 10 Jahren hat Fennesz mit vielen Musikern, Filmemachern und T\u00e4nzern zusammengearbeitet. Diese Begegnungen verschiedener Kunstformen haben zu zahlreichen B\u00fchnenauftritten und mehreren au\u00dfergew\u00f6hnlichen Studiover\u00f6ffentlichungen gef\u00fchrt. Er hat Aufnahmen und Auftritte mit Ryuichi Sakamoto, David Sylvian, Keith Rowe, Mark Linkous von Sparklehorse, Mike Patton und vielen anderen gemacht.<\/p>\n<p style=\"text-align: justify;\">Kartenverkauf: <span style=\"color: #0000ff;\"><a style=\"color: #0000ff;\" href=\"https:\/\/bit.ly\/Fennesz_AuditoriumNovecento\">https:\/\/bit.ly\/Fennesz_AuditoriumNovecento<\/a><\/span><\/p>\n<p style=\"text-align: justify;\">Kontakt: <span style=\"color: #0000ff;\"><a style=\"color: #0000ff;\" href=\"mailto:prenotazionirockalvi@hotmail.com\">prenotazionirockalvi@hotmail.com<\/a><\/span><\/p>\n<p>&nbsp;<\/p>\n<p><\/p>","protected":false},"excerpt":{"rendered":"<\/p>\n<p style=\"text-align: justify;\">Der talentierte \u00f6sterreichische Klangk\u00fcnstler Christian Fennesz kommt f\u00fcr ein einzigartiges Klangerlebnis nach Neapel. Seine Live-Performance ist von \u00e4therischen Gitarren und einh\u00fcllender elektronischer Atmosph\u00e4re gepr\u00e4gt, die zwischen Melodie und Abstraktion schwebt. In Neapel wird er sein neues Werk \u201eMosaic\u201c pr\u00e4sentieren, welches f\u00fcr Liebhaber von Ambient-Musik ein unverzichtbares Ereignis darstellt.<\/p>\n<p style=\"text-align: justify;\"><a style=\"color: #0000ff;\" href=\"https:\/\/www.austriacult.roma.it\/wp-content\/uploads\/2025\/02\/CS-Fennesz-a-Napoli-Auditorium-del-900.pdf\">Pressemitteilung Italienisch<\/a><\/p>\n<p style=\"text-align: justify;\">Der \u00f6sterreichische Gitarrist, Komponist und Elektronikmusiker <a href=\"https:\/\/www.fennesz.com\/\">Christian Fennesz<\/a> gilt als Schl\u00fcsselfigur und eine der markantesten Klangstimmen der heutigen elektronischen Musik. Sein umfangreiches [&#8230;]<\/p>\n","protected":false},"author":2,"featured_media":23013,"comment_status":"closed","ping_status":"closed","template":"","meta":{"footnotes":""},"tags":[],"tribe_events_cat":[32,3],"class_list":["post-23011","tribe_events","type-tribe_events","status-publish","has-post-thumbnail","hentry","tribe_events_cat-programm","tribe_events_cat-musik","cat_programm","cat_musik"],"_links":{"self":[{"href":"https:\/\/www.austriacult.roma.it\/de\/wp-json\/wp\/v2\/tribe_events\/23011","targetHints":{"allow":["GET"]}}],"collection":[{"href":"https:\/\/www.austriacult.roma.it\/de\/wp-json\/wp\/v2\/tribe_events"}],"about":[{"href":"https:\/\/www.austriacult.roma.it\/de\/wp-json\/wp\/v2\/types\/tribe_events"}],"author":[{"embeddable":true,"href":"https:\/\/www.austriacult.roma.it\/de\/wp-json\/wp\/v2\/users\/2"}],"replies":[{"embeddable":true,"href":"https:\/\/www.austriacult.roma.it\/de\/wp-json\/wp\/v2\/comments?post=23011"}],"version-history":[{"count":4,"href":"https:\/\/www.austriacult.roma.it\/de\/wp-json\/wp\/v2\/tribe_events\/23011\/revisions"}],"predecessor-version":[{"id":23019,"href":"https:\/\/www.austriacult.roma.it\/de\/wp-json\/wp\/v2\/tribe_events\/23011\/revisions\/23019"}],"wp:featuredmedia":[{"embeddable":true,"href":"https:\/\/www.austriacult.roma.it\/de\/wp-json\/wp\/v2\/media\/23013"}],"wp:attachment":[{"href":"https:\/\/www.austriacult.roma.it\/de\/wp-json\/wp\/v2\/media?parent=23011"}],"wp:term":[{"taxonomy":"post_tag","embeddable":true,"href":"https:\/\/www.austriacult.roma.it\/de\/wp-json\/wp\/v2\/tags?post=23011"},{"taxonomy":"tribe_events_cat","embeddable":true,"href":"https:\/\/www.austriacult.roma.it\/de\/wp-json\/wp\/v2\/tribe_events_cat?post=23011"}],"curies":[{"name":"wp","href":"https:\/\/api.w.org\/{rel}","templated":true}]}}

<p></p>
<p style="text-align: justify;">Der talentierte österreichische Klangkünstler <strong>Christian Fennesz</strong> kommt für ein einzigartiges Klangerlebnis nach Neapel. Seine Live-Performance ist von ätherischen Gitarren und einhüllender elektronischer Atmosphäre geprägt, die zwischen Melodie und Abstraktion schwebt. In Neapel wird er sein neues Werk „<strong>Mosaic</strong>“ präsentieren, welches für Liebhaber von Ambient-Musik ein unverzichtbares Ereignis darstellt.</p>
<p style="text-align: justify;"><span style="color: #0000ff;"><a style="color: #0000ff;" href="https://www.austriacult.roma.it/wp-content/uploads/2025/02/CS-Fennesz-a-Napoli-Auditorium-del-900.pdf">Pressemitteilung Italienisch</a></span></p>
<p style="text-align: justify;">Der österreichische Gitarrist, Komponist und Elektronikmusiker <a href="https://www.fennesz.com/"><strong><span style="color: #0000ff;">Christian Fennesz</span></strong></a> gilt als Schlüsselfigur und eine der markantesten Klangstimmen der heutigen elektronischen Musik. Sein umfangreiches internationales Ansehen hat er sich durch seinen bedeutenden Gesamtbeitrag zu neuen musikalischen Ausdrucksformen erworben. In den frühen 1990er Jahren hat sich Fennesz in der Wiener Techno-Szene etabliert und beschloss seine eigene Klangwelt im charakteristischen elektronischen Idiom zu entwickeln. Sein unverwechselbarer Klang entsteht dadurch, dass er den Sound der Gitarre, die er an den Laptop anschließt bearbeitet und transformiert. In den letzten 10 Jahren hat Fennesz mit vielen Musikern, Filmemachern und Tänzern zusammengearbeitet. Diese Begegnungen verschiedener Kunstformen haben zu zahlreichen Bühnenauftritten und mehreren außergewöhnlichen Studioveröffentlichungen geführt. Er hat Aufnahmen und Auftritte mit Ryuichi Sakamoto, David Sylvian, Keith Rowe, Mark Linkous von Sparklehorse, Mike Patton und vielen anderen gemacht.</p>
<p style="text-align: justify;">Kartenverkauf: <span style="color: #0000ff;"><a style="color: #0000ff;" href="https://bit.ly/Fennesz_AuditoriumNovecento">https://bit.ly/Fennesz_AuditoriumNovecento</a></span></p>
<p style="text-align: justify;">Kontakt: <span style="color: #0000ff;"><a style="color: #0000ff;" href="mailto:prenotazionirockalvi@hotmail.com">prenotazionirockalvi@hotmail.com</a></span></p>
<p>&nbsp;</p>
<p></p>

</p>
<p style="text-align: justify;">Der talentierte österreichische Klangkünstler Christian Fennesz kommt für ein einzigartiges Klangerlebnis nach Neapel. Seine Live-Performance ist von ätherischen Gitarren und einhüllender elektronischer Atmosphäre geprägt, die zwischen Melodie und Abstraktion schwebt. In Neapel wird er sein neues Werk „Mosaic“ präsentieren, welches für Liebhaber von Ambient-Musik ein unverzichtbares Ereignis darstellt.</p>
<p style="text-align: justify;"><a style="color: #0000ff;" href="https://www.austriacult.roma.it/wp-content/uploads/2025/02/CS-Fennesz-a-Napoli-Auditorium-del-900.pdf">Pressemitteilung Italienisch</a></p>
<p style="text-align: justify;">Der österreichische Gitarrist, Komponist und Elektronikmusiker <a href="https://www.fennesz.com/">Christian Fennesz</a> gilt als Schlüsselfigur und eine der markantesten Klangstimmen der heutigen elektronischen Musik. Sein umfangreiches [&#8230;]</p>
