{"id":22653,"date":"2024-12-18T14:59:27","date_gmt":"2024-12-18T13:59:27","guid":{"rendered":"https:\/\/www.austriacult.roma.it\/?post_type=tribe_events&#038;p=22653"},"modified":"2025-01-16T12:36:30","modified_gmt":"2025-01-16T11:36:30","slug":"o-sole-mio-daniel-matousek-voce-vaclav-krahulik-pianoforte","status":"publish","type":"tribe_events","link":"https:\/\/www.austriacult.roma.it\/de\/veranstaltung\/o-sole-mio-daniel-matousek-stimme-vaclav-krahulik-klavier\/","title":{"rendered":"O SOLE MIO | Daniel Matou\u0161ek (Stimme), V\u00e1clav Krahul\u00edk (Klavier)"},"content":{"rendered":"<p><\/p>\n<p style=\"text-align: justify;\">Das \u00d6sterreichische Kulturforum in Rom freut sich, Gastgeber des Konzerts der Er\u00f6ffnung der Kultursaison des Tschechischen Zentrums Rom zu sein. Der junge tschechische Operns\u00e4nger<strong> Daniel Matou\u0161ek<\/strong> und der Pianist <strong>V\u00e1clav Krahul\u00edk<\/strong> pr\u00e4sentieren ein Programm mit italienischen und neapolitanischen Liedern aus dem Deb\u00fctalbum von Daniel Matou\u0161ek, O SOLE MIO. Die CD enth\u00e4lt 16 Lieder aus verschiedenen Epochen, Stimmungen und Stilen der weltber\u00fchmten italienischen und neapolitanischen Musik. Das Besondere an dieser Aufnahme sind die Orchesterarrangements, die Daniel Matou\u0161ek selbst f\u00fcr dieses Album vorbereitet hat. Das Album entstand in Zusammenarbeit mit dem Symphonieorchester des Tschechischen Rundfunks und dem Dirigenten Jan Ku\u010dera.<\/p>\n<p style=\"text-align: justify;\">Das Programm:<\/p>\n<p style=\"text-align: justify;\">Ruggiero Leoncavallo &#8211; Mattinata<\/p>\n<p style=\"text-align: justify;\">Bed\u0159ich Smetana &#8211; Na b\u0159ehu mo\u0159sk\u00e9m (Klavier solo)<\/p>\n<p style=\"text-align: justify;\">Vincenzo de Crescenzo &#8211; Rondine al nido<\/p>\n<p style=\"text-align: justify;\">Giovanni d&#8217;Anzi &#8211; Voglio vivere cos\u00ec<\/p>\n<p style=\"text-align: justify;\">Stanislao Gastaldon \u2013 Musica proibita<\/p>\n<p style=\"text-align: justify;\">Salvatore Cardillo &#8211; Core &#8217;ngrato<\/p>\n<p style=\"text-align: justify;\">Fryderyk Chopin &#8211; Fantaisie Impromptu cis moll op. 66 (Klavier solo)<\/p>\n<p style=\"text-align: justify;\">Gioacchino Rossini &#8211; La Danza<\/p>\n<p style=\"text-align: justify;\">Francesco Paolo Tosti &#8211; Ideale<\/p>\n<p style=\"text-align: justify;\">V\u00e1clav Krahul\u00edk &#8211; Chromatick\u00e1 toccata \u201eTitan\u201c (Klavier solo)<\/p>\n<p style=\"text-align: justify;\">Ernesto de Curtis \u2013 Non ti scordar di me<\/p>\n<p style=\"text-align: justify;\">Francesco Paolo Tosti &#8211; Marechiare<\/p>\n<p style=\"text-align: justify;\">Ernesto de Curtis &#8211; Torna a Surriento<\/p>\n<p style=\"text-align: justify;\">Das Konzert wird auch in Neapel aufgef\u00fchrt: am Freitag, den 31. Januar um 17 Uhr im Palazzo Piacentini.<\/p>\n<p style=\"text-align: justify;\">F\u00fcr weitere Informationen: <span style=\"color: #0000ff;\"><a style=\"color: #0000ff;\" href=\"https:\/\/rome.czechcentres.cz\/it\/programma\/o-sole-mio\">O Sole Mio \/ Centro Ceco di Roma<\/a><\/span><\/p>\n<p style=\"text-align: justify;\"><span style=\"color: #0000ff;\"><a style=\"color: #0000ff;\" href=\"https:\/\/www.daniel-matousek.com\/\"><strong>Daniel Matou\u0161ek<\/strong><\/a><\/span><\/p>\n<p style=\"text-align: justify;\">Seit der Spielzeit 2022\/23 ist er festes Mitglied der Nationaloper, wo er in so wichtigen Rollen wie Rinuccio in Puccinis Gianni Schicchi (Regie: David Radok), Beppe in Comedians (Regie: Ond\u0159ej Havelka), Tamino in Die Zauberfl\u00f6te (Regie: V\u00e1clav Mor\u00e1vek) und anderen deb\u00fctierte. Im Laufe seiner Karriere war er auf allen tschechischen Opernb\u00fchnen zu Gast (Nationaltheater in Br\u00fcnn, M\u00e4hrisch-Schlesisches Nationaltheater, M\u00e4hrisches Theater Olm\u00fctz\/nominiert f\u00fcr den Th\u00e1lie-Preis 2019\/, DJKT in Pilsen, F. X. \u0160alda Theater in Liberec, S\u00fcdb\u00f6hmisches Theater und Nordb\u00f6hmisches Theater \u00dast\u00ed nad Labem).<\/p>\n<p style=\"text-align: justify;\"><span style=\"color: #0000ff;\"><a style=\"color: #0000ff;\" href=\"https:\/\/en.wikipedia.org\/wiki\/V%C3%A1clav_Krahul%C3%ADk\"><strong>V\u00e1clav Krahul\u00edk<\/strong><\/a><\/span><\/p>\n<p style=\"text-align: justify;\">Er absolvierte das Konservatorium in Teplice in der Klasse von Jaroslav \u010cerm\u00e1k und die <span style=\"color: #0000ff;\"><a style=\"color: #0000ff;\" href=\"https:\/\/www.amu.cz\/en\/\">AMU<\/a> <\/span>\u00a0in Prag in der Klasse von Pavel \u0160t\u011bp\u00e1n (Klavier). Er gewann den Fryderyk-Chopin-Wettbewerb in Mari\u00e1nsk\u00e9 L\u00e1zn\u011b (1983), Bed\u0159ich Smetana in Hradec Kr\u00e1lov\u00e9 (1986) und erhielt den Preis des Tschechischen Musikfonds f\u00fcr die beste Interpretation einer zeitgen\u00f6ssischen Komposition (V\u00e1clav Krahul\u00edk &#8211; Son\u00e1ta in Fis) beim Ludwig-van-Beethoven-Wettbewerb in Hradec nad Moravic\u00ed (1989). In den Jahren 1990-2003 arbeitete er am Konservatorium in Teplice und unterrichtet seit 1995 an der Jan-Evangelista-Purkyn\u011b-Universit\u00e4t in \u00dast\u00ed nad Labem. V\u00e1clav Krahul\u00edk widmet sich der Solo- und Kammermusik. Er trat in Abonnementkonzerten auf (Hradec Kr\u00e1lov\u00e9, Ko\u0161ice, Gdansk). Als Solist und Liedbegleiter hat er an zahlreichen Konzerten im Ausland teilgenommen (Frankreich, Italien, Deutschland, Finnland, Spanien, Vereinigte Staaten von Amerika). Im Bereich der Orgel- und Jazzmusik tritt V\u00e1clav Krahul\u00edk auch als Komponist auf.Er hat mehrere Compact Discs aufgenommen &#8211; mit der Sopranistin Dagmar Zelenkov\u00e1, Musik von Milo\u0161 Bok, Ferenc Liszt und Jean Gaspard P\u00e1len\u00ed\u010dek. Au\u00dferdem ver\u00f6ffentlichte er eine Autoren-CD mit der Vibraphonistin Iveta \u0160indel\u00e1\u0159ov\u00e1. Derzeit arbeitet er mit dem Orquestrina Orchestra und dem Babor\u00e1k Ensemble unter der Leitung von Radek Babor\u00e1k zusammen, mit dem er zwei CDs mit Musik von Astor Piazzolla aufgenommen hat.Unter der Leitung dieses Ensembles ist er auch als Solist aufgetreten (Rudolfinum 2021, Berliner Philharmoniker 2023).<\/p>\n<p><\/p>","protected":false},"excerpt":{"rendered":"<\/p>\n<p style=\"text-align: justify;\">Das \u00d6sterreichische Kulturforum in Rom freut sich, Gastgeber des Konzerts der Er\u00f6ffnung der Kultursaison des Tschechischen Zentrums Rom zu sein. Der junge tschechische Operns\u00e4nger Daniel Matou\u0161ek und der Pianist V\u00e1clav Krahul\u00edk pr\u00e4sentieren ein Programm mit italienischen und neapolitanischen Liedern aus dem Deb\u00fctalbum von Daniel Matou\u0161ek, O SOLE MIO. Die CD enth\u00e4lt 16 Lieder aus verschiedenen Epochen, Stimmungen und Stilen der weltber\u00fchmten italienischen und neapolitanischen Musik. Das Besondere an dieser Aufnahme sind die Orchesterarrangements, die Daniel Matou\u0161ek selbst f\u00fcr [&#8230;]<\/p>\n","protected":false},"author":2,"featured_media":22655,"comment_status":"closed","ping_status":"closed","template":"","meta":{"footnotes":""},"tags":[],"tribe_events_cat":[32,3],"class_list":["post-22653","tribe_events","type-tribe_events","status-publish","has-post-thumbnail","hentry","tribe_events_cat-programm","tribe_events_cat-musik","cat_programm","cat_musik"],"_links":{"self":[{"href":"https:\/\/www.austriacult.roma.it\/de\/wp-json\/wp\/v2\/tribe_events\/22653","targetHints":{"allow":["GET"]}}],"collection":[{"href":"https:\/\/www.austriacult.roma.it\/de\/wp-json\/wp\/v2\/tribe_events"}],"about":[{"href":"https:\/\/www.austriacult.roma.it\/de\/wp-json\/wp\/v2\/types\/tribe_events"}],"author":[{"embeddable":true,"href":"https:\/\/www.austriacult.roma.it\/de\/wp-json\/wp\/v2\/users\/2"}],"replies":[{"embeddable":true,"href":"https:\/\/www.austriacult.roma.it\/de\/wp-json\/wp\/v2\/comments?post=22653"}],"version-history":[{"count":8,"href":"https:\/\/www.austriacult.roma.it\/de\/wp-json\/wp\/v2\/tribe_events\/22653\/revisions"}],"predecessor-version":[{"id":22779,"href":"https:\/\/www.austriacult.roma.it\/de\/wp-json\/wp\/v2\/tribe_events\/22653\/revisions\/22779"}],"wp:featuredmedia":[{"embeddable":true,"href":"https:\/\/www.austriacult.roma.it\/de\/wp-json\/wp\/v2\/media\/22655"}],"wp:attachment":[{"href":"https:\/\/www.austriacult.roma.it\/de\/wp-json\/wp\/v2\/media?parent=22653"}],"wp:term":[{"taxonomy":"post_tag","embeddable":true,"href":"https:\/\/www.austriacult.roma.it\/de\/wp-json\/wp\/v2\/tags?post=22653"},{"taxonomy":"tribe_events_cat","embeddable":true,"href":"https:\/\/www.austriacult.roma.it\/de\/wp-json\/wp\/v2\/tribe_events_cat?post=22653"}],"curies":[{"name":"wp","href":"https:\/\/api.w.org\/{rel}","templated":true}]}}

O SOLE MIO | Daniel Matoušek (Stimme), Václav Krahulík (Klavier)

<p></p>
<p style="text-align: justify;">Das Österreichische Kulturforum in Rom freut sich, Gastgeber des Konzerts der Eröffnung der Kultursaison des Tschechischen Zentrums Rom zu sein. Der junge tschechische Opernsänger<strong> Daniel Matoušek</strong> und der Pianist <strong>Václav Krahulík</strong> präsentieren ein Programm mit italienischen und neapolitanischen Liedern aus dem Debütalbum von Daniel Matoušek, O SOLE MIO. Die CD enthält 16 Lieder aus verschiedenen Epochen, Stimmungen und Stilen der weltberühmten italienischen und neapolitanischen Musik. Das Besondere an dieser Aufnahme sind die Orchesterarrangements, die Daniel Matoušek selbst für dieses Album vorbereitet hat. Das Album entstand in Zusammenarbeit mit dem Symphonieorchester des Tschechischen Rundfunks und dem Dirigenten Jan Kučera.</p>
<p style="text-align: justify;">Das Programm:</p>
<p style="text-align: justify;">Ruggiero Leoncavallo &#8211; Mattinata</p>
<p style="text-align: justify;">Bedřich Smetana &#8211; Na břehu mořském (Klavier solo)</p>
<p style="text-align: justify;">Vincenzo de Crescenzo &#8211; Rondine al nido</p>
<p style="text-align: justify;">Giovanni d&#8217;Anzi &#8211; Voglio vivere così</p>
<p style="text-align: justify;">Stanislao Gastaldon – Musica proibita</p>
<p style="text-align: justify;">Salvatore Cardillo &#8211; Core &#8217;ngrato</p>
<p style="text-align: justify;">Fryderyk Chopin &#8211; Fantaisie Impromptu cis moll op. 66 (Klavier solo)</p>
<p style="text-align: justify;">Gioacchino Rossini &#8211; La Danza</p>
<p style="text-align: justify;">Francesco Paolo Tosti &#8211; Ideale</p>
<p style="text-align: justify;">Václav Krahulík &#8211; Chromatická toccata „Titan“ (Klavier solo)</p>
<p style="text-align: justify;">Ernesto de Curtis – Non ti scordar di me</p>
<p style="text-align: justify;">Francesco Paolo Tosti &#8211; Marechiare</p>
<p style="text-align: justify;">Ernesto de Curtis &#8211; Torna a Surriento</p>
<p style="text-align: justify;">Das Konzert wird auch in Neapel aufgeführt: am Freitag, den 31. Januar um 17 Uhr im Palazzo Piacentini.</p>
<p style="text-align: justify;">Für weitere Informationen: <span style="color: #0000ff;"><a style="color: #0000ff;" href="https://rome.czechcentres.cz/it/programma/o-sole-mio">O Sole Mio / Centro Ceco di Roma</a></span></p>
<p style="text-align: justify;"><span style="color: #0000ff;"><a style="color: #0000ff;" href="https://www.daniel-matousek.com/"><strong>Daniel Matoušek</strong></a></span></p>
<p style="text-align: justify;">Seit der Spielzeit 2022/23 ist er festes Mitglied der Nationaloper, wo er in so wichtigen Rollen wie Rinuccio in Puccinis Gianni Schicchi (Regie: David Radok), Beppe in Comedians (Regie: Ondřej Havelka), Tamino in Die Zauberflöte (Regie: Václav Morávek) und anderen debütierte. Im Laufe seiner Karriere war er auf allen tschechischen Opernbühnen zu Gast (Nationaltheater in Brünn, Mährisch-Schlesisches Nationaltheater, Mährisches Theater Olmütz/nominiert für den Thálie-Preis 2019/, DJKT in Pilsen, F. X. Šalda Theater in Liberec, Südböhmisches Theater und Nordböhmisches Theater Ústí nad Labem).</p>
<p style="text-align: justify;"><span style="color: #0000ff;"><a style="color: #0000ff;" href="https://en.wikipedia.org/wiki/V%C3%A1clav_Krahul%C3%ADk"><strong>Václav Krahulík</strong></a></span></p>
<p style="text-align: justify;">Er absolvierte das Konservatorium in Teplice in der Klasse von Jaroslav Čermák und die <span style="color: #0000ff;"><a style="color: #0000ff;" href="https://www.amu.cz/en/">AMU</a> </span> in Prag in der Klasse von Pavel Štěpán (Klavier). Er gewann den Fryderyk-Chopin-Wettbewerb in Mariánské Lázně (1983), Bedřich Smetana in Hradec Králové (1986) und erhielt den Preis des Tschechischen Musikfonds für die beste Interpretation einer zeitgenössischen Komposition (Václav Krahulík &#8211; Sonáta in Fis) beim Ludwig-van-Beethoven-Wettbewerb in Hradec nad Moravicí (1989). In den Jahren 1990-2003 arbeitete er am Konservatorium in Teplice und unterrichtet seit 1995 an der Jan-Evangelista-Purkyně-Universität in Ústí nad Labem. Václav Krahulík widmet sich der Solo- und Kammermusik. Er trat in Abonnementkonzerten auf (Hradec Králové, Košice, Gdansk). Als Solist und Liedbegleiter hat er an zahlreichen Konzerten im Ausland teilgenommen (Frankreich, Italien, Deutschland, Finnland, Spanien, Vereinigte Staaten von Amerika). Im Bereich der Orgel- und Jazzmusik tritt Václav Krahulík auch als Komponist auf.Er hat mehrere Compact Discs aufgenommen &#8211; mit der Sopranistin Dagmar Zelenková, Musik von Miloš Bok, Ferenc Liszt und Jean Gaspard Páleníček. Außerdem veröffentlichte er eine Autoren-CD mit der Vibraphonistin Iveta Šindelářová. Derzeit arbeitet er mit dem Orquestrina Orchestra und dem Baborák Ensemble unter der Leitung von Radek Baborák zusammen, mit dem er zwei CDs mit Musik von Astor Piazzolla aufgenommen hat.Unter der Leitung dieses Ensembles ist er auch als Solist aufgetreten (Rudolfinum 2021, Berliner Philharmoniker 2023).</p>
<p></p>

</p>
<p style="text-align: justify;">Das Österreichische Kulturforum in Rom freut sich, Gastgeber des Konzerts der Eröffnung der Kultursaison des Tschechischen Zentrums Rom zu sein. Der junge tschechische Opernsänger Daniel Matoušek und der Pianist Václav Krahulík präsentieren ein Programm mit italienischen und neapolitanischen Liedern aus dem Debütalbum von Daniel Matoušek, O SOLE MIO. Die CD enthält 16 Lieder aus verschiedenen Epochen, Stimmungen und Stilen der weltberühmten italienischen und neapolitanischen Musik. Das Besondere an dieser Aufnahme sind die Orchesterarrangements, die Daniel Matoušek selbst für [&#8230;]</p>
