{"id":22533,"date":"2024-12-02T14:00:28","date_gmt":"2024-12-02T13:00:28","guid":{"rendered":"https:\/\/www.austriacult.roma.it\/?post_type=tribe_events&#038;p=22533"},"modified":"2024-12-02T14:02:02","modified_gmt":"2024-12-02T13:02:02","slug":"ensemble-la-marca-felice-la-trisonata-nel-primo-settecento","status":"publish","type":"tribe_events","link":"https:\/\/www.austriacult.roma.it\/de\/veranstaltung\/ensemble-la-marca-felice-die-trisonate-im-fruhen-17-jahrhundert\/","title":{"rendered":"Die Trisonate im fr\u00fchen 17. Jahrhundert | Ensemble LA MARCA FELICE"},"content":{"rendered":"<p><\/p>\n<p style=\"text-align: justify;\"><strong>Susanne Scholz <\/strong>&amp;<strong> Dario Luisi &#8211;<\/strong> Barockgeigen<br \/>\n<strong>Marc Vanscheeuwijck &#8211;<\/strong> Barockcello<br \/>\n<strong>Riccardo Lorenzetti &#8211;<\/strong> Cembalo<\/p>\n<p style=\"text-align: justify;\">Das Ensemble LA MARCA FELICE, das seinen Lebensmittelpunkt in \u00d6sterreich und in den Marken hat, gestaltet am 21. Dezember ein Weihnachtskonzert mit Barockmusik vom Feinsten. Susanne Scholz, Dario Luisi, Marc Vanscheeuwijck und Riccardo Lorenzetti spielen auf Originalinstrumenten Werke von G.F. H\u00e4ndel, J.S. Bach, G.Ph. Telemann und A. Corelli.<\/p>\n<p><em>Eintritt: 10 Euro, Anmeldung unter <\/em><span style=\"color: #0000ff;\"><a style=\"color: #0000ff;\" href=\"mailto:segreteria@biancoairone.it\"><em>segreteria@biancoairone.it<\/em><\/a> <\/span><\/p>\n<p>&nbsp;<\/p>\n<p style=\"text-align: justify;\"><strong>Susanne Scholz<\/strong> (*Graz) ist Institutsvorst\u00e4ndin des Instituts f\u00fcr Alte Musik und Auff\u00fchrungspraxis an der Kunstuniversit\u00e4t Graz (\u00d6sterreich), <strong>Dario Luisi<\/strong> (*Italien) ist Leiter der Abteilung f\u00fcr Alte Musik am Konservatorium J. J. Fux in Graz. <strong>Marc Vanscheeuwijck<\/strong> (*Belgien) war lange Zeit Leiter der Abteilung f\u00fcr Musikwissenschaft und Alte Musik an der University of Oregon in Eugene (USA) und ist nach wie vor Dozent f\u00fcr Barockcello, Organologie und Auff\u00fchrungspraxis f\u00fcr Alte Musik an den Konservatorien von Br\u00fcssel und Paris, w\u00e4hrend <strong>Riccardo Lorenzetti<\/strong> (der alleinige Marchigiano d.o.c.) Dozent f\u00fcr Chorale Auff\u00fchrungspraxis am G. Rossini Konservatorium in Pesaro ist, Orgel und Komposition an der Civica Scuola di Musica di Osimo, sowie Renaissance- und Barockgesanginterpretation an der Accademia Internazionale d\u2019Arte Lirica in Osimo unterrichtet.<\/p>\n<p style=\"text-align: justify;\">Alle Ensemblemitglieder spielen eine wichtige Rolle im internationalen Musikpanorama und in Institutionen, die sich der Ausbildung junger Berufsmusiker widmen und das Studium der historischen Musikpraxis auch durch den Einsatz von Instrumenten vertiefen m\u00f6chten, die der jeweiligen Musikepoche entsprechen.<\/p>\n<p style=\"text-align: justify;\">\n<p><\/p>","protected":false},"excerpt":{"rendered":"<\/p>\n<p style=\"text-align: justify;\">Susanne Scholz &amp; Dario Luisi &#8211; Barockgeigen<br \/>\nMarc Vanscheeuwijck &#8211; Barockcello<br \/>\nRiccardo Lorenzetti &#8211; Cembalo<\/p>\n<p style=\"text-align: justify;\">Das Ensemble LA MARCA FELICE, das seinen Lebensmittelpunkt in \u00d6sterreich und in den Marken hat, gestaltet am 21. Dezember ein Weihnachtskonzert mit Barockmusik vom Feinsten. Susanne Scholz, Dario Luisi, Marc Vanscheeuwijck und Riccardo Lorenzetti spielen auf Originalinstrumenten Werke von G.F. H\u00e4ndel, J.S. Bach, G.Ph. Telemann und A. Corelli.<\/p>\n<p>Eintritt: 10 Euro, Anmeldung unter <a style=\"color: #0000ff;\" href=\"mailto:segreteria@biancoairone.it\">segreteria@biancoairone.it<\/a> <\/p>\n<p>&nbsp;<\/p>\n<p style=\"text-align: justify;\">Susanne Scholz (*Graz) ist [&#8230;]<\/p>\n","protected":false},"author":2,"featured_media":22534,"comment_status":"closed","ping_status":"closed","template":"","meta":{"footnotes":""},"tags":[],"tribe_events_cat":[32,3],"class_list":["post-22533","tribe_events","type-tribe_events","status-publish","has-post-thumbnail","hentry","tribe_events_cat-programm","tribe_events_cat-musik","cat_programm","cat_musik"],"_links":{"self":[{"href":"https:\/\/www.austriacult.roma.it\/de\/wp-json\/wp\/v2\/tribe_events\/22533","targetHints":{"allow":["GET"]}}],"collection":[{"href":"https:\/\/www.austriacult.roma.it\/de\/wp-json\/wp\/v2\/tribe_events"}],"about":[{"href":"https:\/\/www.austriacult.roma.it\/de\/wp-json\/wp\/v2\/types\/tribe_events"}],"author":[{"embeddable":true,"href":"https:\/\/www.austriacult.roma.it\/de\/wp-json\/wp\/v2\/users\/2"}],"replies":[{"embeddable":true,"href":"https:\/\/www.austriacult.roma.it\/de\/wp-json\/wp\/v2\/comments?post=22533"}],"version-history":[{"count":2,"href":"https:\/\/www.austriacult.roma.it\/de\/wp-json\/wp\/v2\/tribe_events\/22533\/revisions"}],"predecessor-version":[{"id":22537,"href":"https:\/\/www.austriacult.roma.it\/de\/wp-json\/wp\/v2\/tribe_events\/22533\/revisions\/22537"}],"wp:featuredmedia":[{"embeddable":true,"href":"https:\/\/www.austriacult.roma.it\/de\/wp-json\/wp\/v2\/media\/22534"}],"wp:attachment":[{"href":"https:\/\/www.austriacult.roma.it\/de\/wp-json\/wp\/v2\/media?parent=22533"}],"wp:term":[{"taxonomy":"post_tag","embeddable":true,"href":"https:\/\/www.austriacult.roma.it\/de\/wp-json\/wp\/v2\/tags?post=22533"},{"taxonomy":"tribe_events_cat","embeddable":true,"href":"https:\/\/www.austriacult.roma.it\/de\/wp-json\/wp\/v2\/tribe_events_cat?post=22533"}],"curies":[{"name":"wp","href":"https:\/\/api.w.org\/{rel}","templated":true}]}}

Die Trisonate im frühen 17. Jahrhundert | Ensemble LA MARCA FELICE

<p></p>
<p style="text-align: justify;"><strong>Susanne Scholz </strong>&amp;<strong> Dario Luisi &#8211;</strong> Barockgeigen<br />
<strong>Marc Vanscheeuwijck &#8211;</strong> Barockcello<br />
<strong>Riccardo Lorenzetti &#8211;</strong> Cembalo</p>
<p style="text-align: justify;">Das Ensemble LA MARCA FELICE, das seinen Lebensmittelpunkt in Österreich und in den Marken hat, gestaltet am 21. Dezember ein Weihnachtskonzert mit Barockmusik vom Feinsten. Susanne Scholz, Dario Luisi, Marc Vanscheeuwijck und Riccardo Lorenzetti spielen auf Originalinstrumenten Werke von G.F. Händel, J.S. Bach, G.Ph. Telemann und A. Corelli.</p>
<p><em>Eintritt: 10 Euro, Anmeldung unter </em><span style="color: #0000ff;"><a style="color: #0000ff;" href="mailto:segreteria@biancoairone.it"><em>segreteria@biancoairone.it</em></a> </span></p>
<p>&nbsp;</p>
<p style="text-align: justify;"><strong>Susanne Scholz</strong> (*Graz) ist Institutsvorständin des Instituts für Alte Musik und Aufführungspraxis an der Kunstuniversität Graz (Österreich), <strong>Dario Luisi</strong> (*Italien) ist Leiter der Abteilung für Alte Musik am Konservatorium J. J. Fux in Graz. <strong>Marc Vanscheeuwijck</strong> (*Belgien) war lange Zeit Leiter der Abteilung für Musikwissenschaft und Alte Musik an der University of Oregon in Eugene (USA) und ist nach wie vor Dozent für Barockcello, Organologie und Aufführungspraxis für Alte Musik an den Konservatorien von Brüssel und Paris, während <strong>Riccardo Lorenzetti</strong> (der alleinige Marchigiano d.o.c.) Dozent für Chorale Aufführungspraxis am G. Rossini Konservatorium in Pesaro ist, Orgel und Komposition an der Civica Scuola di Musica di Osimo, sowie Renaissance- und Barockgesanginterpretation an der Accademia Internazionale d’Arte Lirica in Osimo unterrichtet.</p>
<p style="text-align: justify;">Alle Ensemblemitglieder spielen eine wichtige Rolle im internationalen Musikpanorama und in Institutionen, die sich der Ausbildung junger Berufsmusiker widmen und das Studium der historischen Musikpraxis auch durch den Einsatz von Instrumenten vertiefen möchten, die der jeweiligen Musikepoche entsprechen.</p>
<p style="text-align: justify;">
<p></p>

</p>
<p style="text-align: justify;">Susanne Scholz &amp; Dario Luisi &#8211; Barockgeigen<br />
Marc Vanscheeuwijck &#8211; Barockcello<br />
Riccardo Lorenzetti &#8211; Cembalo</p>
<p style="text-align: justify;">Das Ensemble LA MARCA FELICE, das seinen Lebensmittelpunkt in Österreich und in den Marken hat, gestaltet am 21. Dezember ein Weihnachtskonzert mit Barockmusik vom Feinsten. Susanne Scholz, Dario Luisi, Marc Vanscheeuwijck und Riccardo Lorenzetti spielen auf Originalinstrumenten Werke von G.F. Händel, J.S. Bach, G.Ph. Telemann und A. Corelli.</p>
<p>Eintritt: 10 Euro, Anmeldung unter <a style="color: #0000ff;" href="mailto:segreteria@biancoairone.it">segreteria@biancoairone.it</a> </p>
<p>&nbsp;</p>
<p style="text-align: justify;">Susanne Scholz (*Graz) ist [&#8230;]</p>
