{"id":22501,"date":"2024-11-25T12:53:30","date_gmt":"2024-11-25T11:53:30","guid":{"rendered":"https:\/\/www.austriacult.roma.it\/?post_type=tribe_events&#038;p=22501"},"modified":"2024-12-10T09:29:12","modified_gmt":"2024-12-10T08:29:12","slug":"brush-me-nikolaus-jantsch","status":"publish","type":"tribe_events","link":"https:\/\/www.austriacult.roma.it\/de\/veranstaltung\/brush-me-nikolaus-jantsch\/","title":{"rendered":"BRUSH ME | Nikolaus Jantsch"},"content":{"rendered":"<p><\/p>\n<p style=\"text-align: justify;\">Der \u00f6sterreichische Regisseur Nikolaus Jantsch nimmt am Comedy Festival &#8211; Pulcinella FilmFest mit dem Kurzfilm BRUSH ME teil. Der Kurzfilm dauert nur 1 Minute und 18 Sekunden und erz\u00e4hlt die Geschichte des Liebeslebens zweier Zahnb\u00fcrsten.<\/p>\n<p style=\"text-align: justify;\">Im chaotischen Alltag eines gew\u00f6hnlichen Badezimmers f\u00fchlen sich zwei Zahnb\u00fcrsten zueinander hingezogen. BRUSH ME ist eine herzerw\u00e4rmende Geschichte \u00fcber Liebe, Verlust und die unverw\u00fcstliche Widerstandsf\u00e4higkeit von Zahnb\u00fcrsten.<\/p>\n<p><a href=\"https:\/\/www.pulcinellafestival.com\/it\/programma\/256-venerdi-13-dicembre.html\"><span style=\"text-decoration: underline;\"><span style=\"color: #0000ff; text-decoration: underline;\">Programm<\/span><\/span><\/a><\/p>\n<p style=\"text-align: justify;\"><strong>Nikolaus Jantsch<\/strong> (media artist)<\/p>\n<p style=\"text-align: justify;\">Seit 2012 leitet er die Abteilung f\u00fcr Animation an der Universit\u00e4t f\u00fcr angewandte Kunst in Wien, wo er auch studierte und 2006 mit Auszeichnung abschloss. 2016 rief er den Angewandte Animation Award ins Leben, der sich an Studierende des Festivals \u201eunder radar\u201c richtet. Seit 2019 ist er verantwortlich f\u00fcr das Animationsfestival \u201ePixel Vienna Festival\u201c. Au\u00dferdem ist er Mitglied der Post-Rock-Band \u201eThalija\u201c.<\/p>\n<p><\/p>","protected":false},"excerpt":{"rendered":"<\/p>\n<p style=\"text-align: justify;\">Der \u00f6sterreichische Regisseur Nikolaus Jantsch nimmt am Comedy Festival &#8211; Pulcinella FilmFest mit dem Kurzfilm BRUSH ME teil. Der Kurzfilm dauert nur 1 Minute und 18 Sekunden und erz\u00e4hlt die Geschichte des Liebeslebens zweier Zahnb\u00fcrsten.<\/p>\n<p style=\"text-align: justify;\">Im chaotischen Alltag eines gew\u00f6hnlichen Badezimmers f\u00fchlen sich zwei Zahnb\u00fcrsten zueinander hingezogen. BRUSH ME ist eine herzerw\u00e4rmende Geschichte \u00fcber Liebe, Verlust und die unverw\u00fcstliche Widerstandsf\u00e4higkeit von Zahnb\u00fcrsten.<\/p>\n<p><a href=\"https:\/\/www.pulcinellafestival.com\/it\/programma\/256-venerdi-13-dicembre.html\">Programm<\/a><\/p>\n<p style=\"text-align: justify;\">Nikolaus Jantsch (media artist)<\/p>\n<p style=\"text-align: justify;\">Seit 2012 leitet er die Abteilung f\u00fcr Animation [&#8230;]<\/p>\n","protected":false},"author":2,"featured_media":22502,"comment_status":"closed","ping_status":"closed","template":"","meta":{"footnotes":""},"tags":[],"tribe_events_cat":[32,8],"class_list":["post-22501","tribe_events","type-tribe_events","status-publish","has-post-thumbnail","hentry","tribe_events_cat-programm","tribe_events_cat-kino","cat_programm","cat_kino"],"_links":{"self":[{"href":"https:\/\/www.austriacult.roma.it\/de\/wp-json\/wp\/v2\/tribe_events\/22501","targetHints":{"allow":["GET"]}}],"collection":[{"href":"https:\/\/www.austriacult.roma.it\/de\/wp-json\/wp\/v2\/tribe_events"}],"about":[{"href":"https:\/\/www.austriacult.roma.it\/de\/wp-json\/wp\/v2\/types\/tribe_events"}],"author":[{"embeddable":true,"href":"https:\/\/www.austriacult.roma.it\/de\/wp-json\/wp\/v2\/users\/2"}],"replies":[{"embeddable":true,"href":"https:\/\/www.austriacult.roma.it\/de\/wp-json\/wp\/v2\/comments?post=22501"}],"version-history":[{"count":7,"href":"https:\/\/www.austriacult.roma.it\/de\/wp-json\/wp\/v2\/tribe_events\/22501\/revisions"}],"predecessor-version":[{"id":22608,"href":"https:\/\/www.austriacult.roma.it\/de\/wp-json\/wp\/v2\/tribe_events\/22501\/revisions\/22608"}],"wp:featuredmedia":[{"embeddable":true,"href":"https:\/\/www.austriacult.roma.it\/de\/wp-json\/wp\/v2\/media\/22502"}],"wp:attachment":[{"href":"https:\/\/www.austriacult.roma.it\/de\/wp-json\/wp\/v2\/media?parent=22501"}],"wp:term":[{"taxonomy":"post_tag","embeddable":true,"href":"https:\/\/www.austriacult.roma.it\/de\/wp-json\/wp\/v2\/tags?post=22501"},{"taxonomy":"tribe_events_cat","embeddable":true,"href":"https:\/\/www.austriacult.roma.it\/de\/wp-json\/wp\/v2\/tribe_events_cat?post=22501"}],"curies":[{"name":"wp","href":"https:\/\/api.w.org\/{rel}","templated":true}]}}

<p></p>
<p style="text-align: justify;">Der österreichische Regisseur Nikolaus Jantsch nimmt am Comedy Festival &#8211; Pulcinella FilmFest mit dem Kurzfilm BRUSH ME teil. Der Kurzfilm dauert nur 1 Minute und 18 Sekunden und erzählt die Geschichte des Liebeslebens zweier Zahnbürsten.</p>
<p style="text-align: justify;">Im chaotischen Alltag eines gewöhnlichen Badezimmers fühlen sich zwei Zahnbürsten zueinander hingezogen. BRUSH ME ist eine herzerwärmende Geschichte über Liebe, Verlust und die unverwüstliche Widerstandsfähigkeit von Zahnbürsten.</p>
<p><a href="https://www.pulcinellafestival.com/it/programma/256-venerdi-13-dicembre.html"><span style="text-decoration: underline;"><span style="color: #0000ff; text-decoration: underline;">Programm</span></span></a></p>
<p style="text-align: justify;"><strong>Nikolaus Jantsch</strong> (media artist)</p>
<p style="text-align: justify;">Seit 2012 leitet er die Abteilung für Animation an der Universität für angewandte Kunst in Wien, wo er auch studierte und 2006 mit Auszeichnung abschloss. 2016 rief er den Angewandte Animation Award ins Leben, der sich an Studierende des Festivals „under radar“ richtet. Seit 2019 ist er verantwortlich für das Animationsfestival „Pixel Vienna Festival“. Außerdem ist er Mitglied der Post-Rock-Band „Thalija“.</p>
<p></p>

</p>
<p style="text-align: justify;">Der österreichische Regisseur Nikolaus Jantsch nimmt am Comedy Festival &#8211; Pulcinella FilmFest mit dem Kurzfilm BRUSH ME teil. Der Kurzfilm dauert nur 1 Minute und 18 Sekunden und erzählt die Geschichte des Liebeslebens zweier Zahnbürsten.</p>
<p style="text-align: justify;">Im chaotischen Alltag eines gewöhnlichen Badezimmers fühlen sich zwei Zahnbürsten zueinander hingezogen. BRUSH ME ist eine herzerwärmende Geschichte über Liebe, Verlust und die unverwüstliche Widerstandsfähigkeit von Zahnbürsten.</p>
<p><a href="https://www.pulcinellafestival.com/it/programma/256-venerdi-13-dicembre.html">Programm</a></p>
<p style="text-align: justify;">Nikolaus Jantsch (media artist)</p>
<p style="text-align: justify;">Seit 2012 leitet er die Abteilung für Animation [&#8230;]</p>
