{"id":22423,"date":"2024-11-18T12:56:49","date_gmt":"2024-11-18T11:56:49","guid":{"rendered":"https:\/\/www.austriacult.roma.it\/?post_type=tribe_events&#038;p=22423"},"modified":"2024-11-25T12:56:29","modified_gmt":"2024-11-25T11:56:29","slug":"a-tutto-kafka-nicolas-mahler-2","status":"publish","type":"tribe_events","link":"https:\/\/www.austriacult.roma.it\/de\/veranstaltung\/a-tutto-kafka-nicolas-mahler\/","title":{"rendered":"A TUTTO KAFKA | Nicolas Mahler"},"content":{"rendered":"<p><\/p>\n<p style=\"text-align: justify;\"><strong>Nicolas Mahler<\/strong>, der Autor der Comic-Biografie \u201eKomplett Kafka\u201c, stellt sein 2023 bei Suhrkamp erschienenes Buch im Gespr\u00e4ch mit<strong> Maria Paola Scialdone<\/strong> (Universit\u00e4t Macerata) in der Biblioteca Europea vor. Die italienische Ausgabe erschien 2024 unter dem Titel \u201eA tutto Kafka\u201c bei Edizioni Clichy.<\/p>\n<p style=\"text-align: justify;\">Mit Simultan\u00fcbersetzung Deutsch-Italienisch.\u00a0<\/p>\n<p>Die italienische \u00dcbersetzung f\u00fcr \u201cA tutto Kafka\u201d der <em>Edizioni Clichy<\/em> ist von Matteo Galli und Franziska Peltenburg-Brechneff. Hier die Seite: <span style=\"color: #0000ff;\"><a style=\"color: #0000ff;\" href=\"https:\/\/edizioniclichy.it\/libro\/a-tutto-kafka\/\">A tutto Kafka &#8211; Edizioni Clichy<\/a><\/span><\/p>\n<p style=\"text-align: left;\">Bis zum 20. Dezember k\u00f6nnen Sie ein paar Seiten des Comics auf Italienisch in der Bibblioteca Europea und auf Deutsch im Goethe-Institut besichtigen. Hier Infos: <span style=\"color: #0000ff;\"><a style=\"color: #0000ff;\" href=\"https:\/\/www.austriacult.roma.it\/evento\/a-tutto-kafka-nicolas-mahler\/\">https:\/\/www.austriacult.roma.it\/evento\/a-tutto-kafka-nicolas-mahler\/<\/a><\/span><\/p>\n<p style=\"text-align: left;\">Alle weiteren Veranstaltungen zum 100. Todestag Franz Kafkas : <span style=\"color: #0000ff;\"><a style=\"color: #0000ff;\" href=\"https:\/\/www.austriacult.roma.it\/kafka-2024\/\">https:\/\/www.austriacult.roma.it\/kafka-2024\/<\/a><\/span><\/p>\n<p style=\"text-align: justify;\">\u201eDu, ich war einmal ein gro\u00dfer Zeichner\u201c, schrieb Franz Kafka 1913 an seine Dauerverlobte Felice Bauer \u00fcber seine k\u00fcnstlerischen Ambitionen. Sein Zeichnen h\u00e4tte ihn einst \u201emehr befriedigt als irgendetwas.\u201c Gleichzeitig zeigte sich Kafka aber auch misstrauisch gegen\u00fcber fremden Illustrationen seiner B\u00fccher. Als es an die Umschlaggestaltung seiner Erz\u00e4hlung Die Verwandlung ging, argw\u00f6hnte er, dass der beauftragte Illustrator vorhaben k\u00f6nnte, den K\u00e4fer zeichnen zu wollen.<\/p>\n<p style=\"text-align: justify;\">Und nun hat der \u00f6sterreichische Comiczeichner <strong>Nicolas Mahler<\/strong> genau das getan. Er hat den krabbelnden Mistk\u00e4fer Gregor, den d\u00fcrren Hungerk\u00fcnstler, die singende Maus Josephine und andere Figuren Kafkas zu Strichfiguren verknappt. Und auch Kafka selbst, seine Verlobte Felice und sein Freund Max Brod kommen nicht ungeschoren davon. Und wie h\u00e4tte Kafka darauf reagiert? Vielleicht h\u00e4tte ihn dieses Unterfangen auch am\u00fcsiert, schrieb er doch an Felice in einem anderen Brief: \u201eIch kann auch lachen, Felice, zweifle nicht daran. Ich bin sogar als gro\u00dfer Lacher bekannt.\u201c<\/p>\n<p style=\"text-align: justify;\">Nicolas Mahler f\u00fchrt eine Doppelexistenz als Witzzeichner und Literaturbearbeiter. Seine Cartoons erscheinen in zahlreichen Zeitungen und Magazinen, seine gezeichneten Adaptionen klassischer Literatur sind gro\u00dfenteils im Suhrkamp Verlag erschienen.<\/p>\n<p style=\"text-align: justify;\"><strong>Nicolas Mahler<\/strong>, geboren 1969, lebt und arbeitet als Comic-Zeichner und Illustrator in Wien. Seine Comics und Cartoons erscheinen in Zeitungen und Magazinen wie Die Zeit, NZZ am Sonntag, Frankfurter Allgemeine Sonntagszeitung und in der Titanic. F\u00fcr sein umfangreiches Werk wurde er bereits mehrfach ausgezeichnet; u. a. erhielt er 2010 den Max und Moritz-Preis als \u00bbBester deutschsprachiger Comic-K\u00fcnstler\u00ab, 2015 den Preis der Literaturh\u00e4user und 2019 den Sondermann-Preis. Mahler ist k\u00fcnstlerischer Leiter der Schule f\u00fcr Dichtung in Wien.<\/p>\n<p><\/p>","protected":false},"excerpt":{"rendered":"<\/p>\n<p style=\"text-align: justify;\">Nicolas Mahler, der Autor der Comic-Biografie \u201eKomplett Kafka\u201c, stellt sein 2023 bei Suhrkamp erschienenes Buch im Gespr\u00e4ch mit Maria Paola Scialdone (Universit\u00e4t Macerata) in der Biblioteca Europea vor. Die italienische Ausgabe erschien 2024 unter dem Titel \u201eA tutto Kafka\u201c bei Edizioni Clichy.<\/p>\n<p style=\"text-align: justify;\">Mit Simultan\u00fcbersetzung Deutsch-Italienisch.\u00a0<\/p>\n<p>Die italienische \u00dcbersetzung f\u00fcr \u201cA tutto Kafka\u201d der Edizioni Clichy ist von Matteo Galli und Franziska Peltenburg-Brechneff. Hier die Seite: <a style=\"color: #0000ff;\" href=\"https:\/\/edizioniclichy.it\/libro\/a-tutto-kafka\/\">A tutto Kafka &#8211; Edizioni Clichy<\/a><\/p>\n<p style=\"text-align: left;\">Bis zum 20. [&#8230;]<\/p>\n","protected":false},"author":2,"featured_media":21610,"comment_status":"closed","ping_status":"closed","template":"","meta":{"footnotes":""},"tags":[],"tribe_events_cat":[32,4],"class_list":["post-22423","tribe_events","type-tribe_events","status-publish","has-post-thumbnail","hentry","tribe_events_cat-programm","tribe_events_cat-literatur","cat_programm","cat_literatur"],"_links":{"self":[{"href":"https:\/\/www.austriacult.roma.it\/de\/wp-json\/wp\/v2\/tribe_events\/22423","targetHints":{"allow":["GET"]}}],"collection":[{"href":"https:\/\/www.austriacult.roma.it\/de\/wp-json\/wp\/v2\/tribe_events"}],"about":[{"href":"https:\/\/www.austriacult.roma.it\/de\/wp-json\/wp\/v2\/types\/tribe_events"}],"author":[{"embeddable":true,"href":"https:\/\/www.austriacult.roma.it\/de\/wp-json\/wp\/v2\/users\/2"}],"replies":[{"embeddable":true,"href":"https:\/\/www.austriacult.roma.it\/de\/wp-json\/wp\/v2\/comments?post=22423"}],"version-history":[{"count":6,"href":"https:\/\/www.austriacult.roma.it\/de\/wp-json\/wp\/v2\/tribe_events\/22423\/revisions"}],"predecessor-version":[{"id":22479,"href":"https:\/\/www.austriacult.roma.it\/de\/wp-json\/wp\/v2\/tribe_events\/22423\/revisions\/22479"}],"wp:featuredmedia":[{"embeddable":true,"href":"https:\/\/www.austriacult.roma.it\/de\/wp-json\/wp\/v2\/media\/21610"}],"wp:attachment":[{"href":"https:\/\/www.austriacult.roma.it\/de\/wp-json\/wp\/v2\/media?parent=22423"}],"wp:term":[{"taxonomy":"post_tag","embeddable":true,"href":"https:\/\/www.austriacult.roma.it\/de\/wp-json\/wp\/v2\/tags?post=22423"},{"taxonomy":"tribe_events_cat","embeddable":true,"href":"https:\/\/www.austriacult.roma.it\/de\/wp-json\/wp\/v2\/tribe_events_cat?post=22423"}],"curies":[{"name":"wp","href":"https:\/\/api.w.org\/{rel}","templated":true}]}}

<p></p>
<p style="text-align: justify;"><strong>Nicolas Mahler</strong>, der Autor der Comic-Biografie „Komplett Kafka“, stellt sein 2023 bei Suhrkamp erschienenes Buch im Gespräch mit<strong> Maria Paola Scialdone</strong> (Universität Macerata) in der Biblioteca Europea vor. Die italienische Ausgabe erschien 2024 unter dem Titel „A tutto Kafka“ bei Edizioni Clichy.</p>
<p style="text-align: justify;">Mit Simultanübersetzung Deutsch-Italienisch. </p>
<p>Die italienische Übersetzung für “A tutto Kafka” der <em>Edizioni Clichy</em> ist von Matteo Galli und Franziska Peltenburg-Brechneff. Hier die Seite: <span style="color: #0000ff;"><a style="color: #0000ff;" href="https://edizioniclichy.it/libro/a-tutto-kafka/">A tutto Kafka &#8211; Edizioni Clichy</a></span></p>
<p style="text-align: left;">Bis zum 20. Dezember können Sie ein paar Seiten des Comics auf Italienisch in der Bibblioteca Europea und auf Deutsch im Goethe-Institut besichtigen. Hier Infos: <span style="color: #0000ff;"><a style="color: #0000ff;" href="https://www.austriacult.roma.it/evento/a-tutto-kafka-nicolas-mahler/">https://www.austriacult.roma.it/evento/a-tutto-kafka-nicolas-mahler/</a></span></p>
<p style="text-align: left;">Alle weiteren Veranstaltungen zum 100. Todestag Franz Kafkas : <span style="color: #0000ff;"><a style="color: #0000ff;" href="https://www.austriacult.roma.it/kafka-2024/">https://www.austriacult.roma.it/kafka-2024/</a></span></p>
<p style="text-align: justify;">„Du, ich war einmal ein großer Zeichner“, schrieb Franz Kafka 1913 an seine Dauerverlobte Felice Bauer über seine künstlerischen Ambitionen. Sein Zeichnen hätte ihn einst „mehr befriedigt als irgendetwas.“ Gleichzeitig zeigte sich Kafka aber auch misstrauisch gegenüber fremden Illustrationen seiner Bücher. Als es an die Umschlaggestaltung seiner Erzählung Die Verwandlung ging, argwöhnte er, dass der beauftragte Illustrator vorhaben könnte, den Käfer zeichnen zu wollen.</p>
<p style="text-align: justify;">Und nun hat der österreichische Comiczeichner <strong>Nicolas Mahler</strong> genau das getan. Er hat den krabbelnden Mistkäfer Gregor, den dürren Hungerkünstler, die singende Maus Josephine und andere Figuren Kafkas zu Strichfiguren verknappt. Und auch Kafka selbst, seine Verlobte Felice und sein Freund Max Brod kommen nicht ungeschoren davon. Und wie hätte Kafka darauf reagiert? Vielleicht hätte ihn dieses Unterfangen auch amüsiert, schrieb er doch an Felice in einem anderen Brief: „Ich kann auch lachen, Felice, zweifle nicht daran. Ich bin sogar als großer Lacher bekannt.“</p>
<p style="text-align: justify;">Nicolas Mahler führt eine Doppelexistenz als Witzzeichner und Literaturbearbeiter. Seine Cartoons erscheinen in zahlreichen Zeitungen und Magazinen, seine gezeichneten Adaptionen klassischer Literatur sind großenteils im Suhrkamp Verlag erschienen.</p>
<p style="text-align: justify;"><strong>Nicolas Mahler</strong>, geboren 1969, lebt und arbeitet als Comic-Zeichner und Illustrator in Wien. Seine Comics und Cartoons erscheinen in Zeitungen und Magazinen wie Die Zeit, NZZ am Sonntag, Frankfurter Allgemeine Sonntagszeitung und in der Titanic. Für sein umfangreiches Werk wurde er bereits mehrfach ausgezeichnet; u. a. erhielt er 2010 den Max und Moritz-Preis als »Bester deutschsprachiger Comic-Künstler«, 2015 den Preis der Literaturhäuser und 2019 den Sondermann-Preis. Mahler ist künstlerischer Leiter der Schule für Dichtung in Wien.</p>
<p></p>

</p>
<p style="text-align: justify;">Nicolas Mahler, der Autor der Comic-Biografie „Komplett Kafka“, stellt sein 2023 bei Suhrkamp erschienenes Buch im Gespräch mit Maria Paola Scialdone (Universität Macerata) in der Biblioteca Europea vor. Die italienische Ausgabe erschien 2024 unter dem Titel „A tutto Kafka“ bei Edizioni Clichy.</p>
<p style="text-align: justify;">Mit Simultanübersetzung Deutsch-Italienisch. </p>
<p>Die italienische Übersetzung für “A tutto Kafka” der Edizioni Clichy ist von Matteo Galli und Franziska Peltenburg-Brechneff. Hier die Seite: <a style="color: #0000ff;" href="https://edizioniclichy.it/libro/a-tutto-kafka/">A tutto Kafka &#8211; Edizioni Clichy</a></p>
<p style="text-align: left;">Bis zum 20. [&#8230;]</p>
