{"id":21741,"date":"2024-09-24T14:19:36","date_gmt":"2024-09-24T12:19:36","guid":{"rendered":"https:\/\/www.austriacult.roma.it\/?post_type=tribe_events&#038;p=21741"},"modified":"2024-09-24T16:56:16","modified_gmt":"2024-09-24T14:56:16","slug":"combattere-per-la-pace-wolfgang-palaver","status":"publish","type":"tribe_events","link":"https:\/\/www.austriacult.roma.it\/de\/veranstaltung\/combattere-per-la-pace-wolfgang-palaver\/","title":{"rendered":"F\u00dcR DEN FRIEDEN K\u00c4MPFEN | Wolfgang Palaver"},"content":{"rendered":"<p><\/p>\n<p style=\"text-align: justify;\">F\u00fcr den Frieden k\u00e4mpfen in Zeiten des Krieges: Das klingt wie ein Widerspruch, ist es aber nicht.<\/p>\n<p style=\"text-align: justify;\">Anl\u00e4sslich des Gandhi-Tages (Internationaler Tag der Gewaltlosigkeit) stellt der Theologe und Universit\u00e4tsprofessor Wolfgang Palaver (Universit\u00e4t Innsbruck) im Dialog mit Mustafa Cenap Aydin (Istituto Tevere) sein neuestes Buch vor, das im Februar 2024 auf Deutsch erschienen ist.<\/p>\n<p style=\"text-align: justify;\">Palavers Buch untersucht die Dynamik zwischen Konflikt und Frieden. Dabei l\u00e4sst es sich von den Ideen gro\u00dfer Denker wie Mahatma Gandhi inspirieren, dessen K\u00e4mpfe f\u00fcr Gewaltlosigkeit heutige Debatten weiterhin beeinflussen. Die \u00dcberlegungen des Autors f\u00fchren uns durch das Konzept des \u201eK\u00e4mpfens\u201c \u2013 nicht mit Waffen, sondern mit der Kraft von Ideen und gegenseitigem Verst\u00e4ndnis.<\/p>\n<p style=\"text-align: justify;\">Die Veranstaltung wird vom \u201eIstituto Tevere \u2013 Centro di Dialogo\u201d Rom veranstaltet und findet auf Deutsch statt.<\/p>\n<p style=\"text-align: justify;\"><span style=\"color: #0000ff;\"><a style=\"color: #0000ff;\" href=\"https:\/\/www.austriacult.roma.it\/wp-content\/uploads\/2024\/09\/Combattere-per-la-Pace.pdf\">Combattere per la Pace<\/a><\/span><\/p>\n<p>Voranmeldung unter: <a href=\"https:\/\/forms.gle\/pANLscsr3FS2AqSF6\"><span style=\"color: #0000ff;\">https:\/\/forms.gle\/pANLscsr3FS2AqSF6<\/span><\/a><\/p>\n<p style=\"text-align: justify;\">\u00a0<\/p>\n<p style=\"text-align: justify;\"><strong>Wolfgang Palaver<\/strong> gilt als einer der f\u00fchrenden Experten f\u00fcr die Erforschung des Verh\u00e4ltnisses von Gewalt und Religion. Seine Forschung f\u00fchrte ihn mehrfach nach S\u00fcdafrika, wo er sich eingehend mit Mahatma Gandhi und Nelson Mandela besch\u00e4ftigt hat.<\/p>\n<p style=\"text-align: justify;\">Palaver studierte Religionsp\u00e4dagogik, Germanistik und Politikwissenschaft an der Universit\u00e4t Innsbruck, wo er 1990 promovierte. Von 2002 bis 2023 lehrte er Christliche Gesellschaftslehre und war von 2013 bis 2017 Dekan der Theologischen Fakult\u00e4t. Er leitete die interdisziplin\u00e4re Forschungsplattform \u201eWeltordnung &#8211; Religion &#8211; Gewalt\u201c und ist Vorsitzender von Pax Christi \u00d6sterreich.<\/p>\n<p style=\"text-align: justify;\">(Quelle: <span style=\"color: #0000ff;\"><a style=\"color: #0000ff;\" href=\"https:\/\/www.tyrolia.at\/item\/70094377\">F\u00fcr den Frieden k\u00e4mpfen von Wolfgang Palaver &#8211; 978-3-7022-4180-3 | Tyrolia<\/a><\/span>)<\/p>\n<p style=\"text-align: justify;\">Link zum Buch (auf Deutsch): <span style=\"color: #0000ff;\"><a style=\"color: #0000ff;\" href=\"https:\/\/www.tyrolia.at\/item\/Fuer_den_Frieden_kaempfen\/Wolfgang_Palaver?isbn=9783702241797\">F\u00fcr den Frieden k\u00e4mpfen von Wolfgang Palaver &#8211; 978-3-7022-4179-7 | Tyrolia<\/a><\/span><\/p>\n<p style=\"text-align: justify;\">\u00a0<\/p>\n<p style=\"text-align: justify;\">Die Veranstaltung wird vom Istituto Tevere (Centro per il Dialogo) sowie von Religions for Peace Italy und dem Projekt PROTONE (Protect the Places of Worship) gef\u00f6rdert. Als internationale Initiative, an der mehrere europ\u00e4ische Organisationen beteiligt sind, will PROTONE den Schutz von Kultst\u00e4tten durch interkulturellen\/interreligi\u00f6sen Dialog st\u00e4rken, Diskriminierung durch Bildung sowie Sensibilisierung verhindern und so zum Aufbau einer inklusiveren und offeneren Gesellschaft beitragen.<\/p>\n<p style=\"text-align: justify;\"><span style=\"color: #0000ff;\"><a style=\"color: #0000ff;\" href=\"https:\/\/www.protoneproject.eu\/\">https:\/\/www.protoneproject.eu\/<\/a><\/span><\/p>\n<p>&nbsp;<\/p>\n<p><\/p>","protected":false},"excerpt":{"rendered":"<\/p>\n<p style=\"text-align: justify;\">F\u00fcr den Frieden k\u00e4mpfen in Zeiten des Krieges: Das klingt wie ein Widerspruch, ist es aber nicht.<\/p>\n<p style=\"text-align: justify;\">Anl\u00e4sslich des Gandhi-Tages (Internationaler Tag der Gewaltlosigkeit) stellt der Theologe und Universit\u00e4tsprofessor Wolfgang Palaver (Universit\u00e4t Innsbruck) im Dialog mit Mustafa Cenap Aydin (Istituto Tevere) sein neuestes Buch vor, das im Februar 2024 auf Deutsch erschienen ist.<\/p>\n<p style=\"text-align: justify;\">Palavers Buch untersucht die Dynamik zwischen Konflikt und Frieden. Dabei l\u00e4sst es sich von den Ideen gro\u00dfer Denker wie Mahatma Gandhi inspirieren, dessen [&#8230;]<\/p>\n","protected":false},"author":2,"featured_media":21747,"comment_status":"closed","ping_status":"closed","template":"","meta":{"footnotes":""},"tags":[],"tribe_events_cat":[32,4],"class_list":["post-21741","tribe_events","type-tribe_events","status-publish","has-post-thumbnail","hentry","tribe_events_cat-programm","tribe_events_cat-literatur","cat_programm","cat_literatur"],"_links":{"self":[{"href":"https:\/\/www.austriacult.roma.it\/de\/wp-json\/wp\/v2\/tribe_events\/21741","targetHints":{"allow":["GET"]}}],"collection":[{"href":"https:\/\/www.austriacult.roma.it\/de\/wp-json\/wp\/v2\/tribe_events"}],"about":[{"href":"https:\/\/www.austriacult.roma.it\/de\/wp-json\/wp\/v2\/types\/tribe_events"}],"author":[{"embeddable":true,"href":"https:\/\/www.austriacult.roma.it\/de\/wp-json\/wp\/v2\/users\/2"}],"replies":[{"embeddable":true,"href":"https:\/\/www.austriacult.roma.it\/de\/wp-json\/wp\/v2\/comments?post=21741"}],"version-history":[{"count":7,"href":"https:\/\/www.austriacult.roma.it\/de\/wp-json\/wp\/v2\/tribe_events\/21741\/revisions"}],"predecessor-version":[{"id":21768,"href":"https:\/\/www.austriacult.roma.it\/de\/wp-json\/wp\/v2\/tribe_events\/21741\/revisions\/21768"}],"wp:featuredmedia":[{"embeddable":true,"href":"https:\/\/www.austriacult.roma.it\/de\/wp-json\/wp\/v2\/media\/21747"}],"wp:attachment":[{"href":"https:\/\/www.austriacult.roma.it\/de\/wp-json\/wp\/v2\/media?parent=21741"}],"wp:term":[{"taxonomy":"post_tag","embeddable":true,"href":"https:\/\/www.austriacult.roma.it\/de\/wp-json\/wp\/v2\/tags?post=21741"},{"taxonomy":"tribe_events_cat","embeddable":true,"href":"https:\/\/www.austriacult.roma.it\/de\/wp-json\/wp\/v2\/tribe_events_cat?post=21741"}],"curies":[{"name":"wp","href":"https:\/\/api.w.org\/{rel}","templated":true}]}}

FÜR DEN FRIEDEN KÄMPFEN | Wolfgang Palaver

<p></p>
<p style="text-align: justify;">Für den Frieden kämpfen in Zeiten des Krieges: Das klingt wie ein Widerspruch, ist es aber nicht.</p>
<p style="text-align: justify;">Anlässlich des Gandhi-Tages (Internationaler Tag der Gewaltlosigkeit) stellt der Theologe und Universitätsprofessor Wolfgang Palaver (Universität Innsbruck) im Dialog mit Mustafa Cenap Aydin (Istituto Tevere) sein neuestes Buch vor, das im Februar 2024 auf Deutsch erschienen ist.</p>
<p style="text-align: justify;">Palavers Buch untersucht die Dynamik zwischen Konflikt und Frieden. Dabei lässt es sich von den Ideen großer Denker wie Mahatma Gandhi inspirieren, dessen Kämpfe für Gewaltlosigkeit heutige Debatten weiterhin beeinflussen. Die Überlegungen des Autors führen uns durch das Konzept des „Kämpfens“ – nicht mit Waffen, sondern mit der Kraft von Ideen und gegenseitigem Verständnis.</p>
<p style="text-align: justify;">Die Veranstaltung wird vom „Istituto Tevere – Centro di Dialogo” Rom veranstaltet und findet auf Deutsch statt.</p>
<p style="text-align: justify;"><span style="color: #0000ff;"><a style="color: #0000ff;" href="https://www.austriacult.roma.it/wp-content/uploads/2024/09/Combattere-per-la-Pace.pdf">Combattere per la Pace</a></span></p>
<p>Voranmeldung unter: <a href="https://forms.gle/pANLscsr3FS2AqSF6"><span style="color: #0000ff;">https://forms.gle/pANLscsr3FS2AqSF6</span></a></p>
<p style="text-align: justify;"> </p>
<p style="text-align: justify;"><strong>Wolfgang Palaver</strong> gilt als einer der führenden Experten für die Erforschung des Verhältnisses von Gewalt und Religion. Seine Forschung führte ihn mehrfach nach Südafrika, wo er sich eingehend mit Mahatma Gandhi und Nelson Mandela beschäftigt hat.</p>
<p style="text-align: justify;">Palaver studierte Religionspädagogik, Germanistik und Politikwissenschaft an der Universität Innsbruck, wo er 1990 promovierte. Von 2002 bis 2023 lehrte er Christliche Gesellschaftslehre und war von 2013 bis 2017 Dekan der Theologischen Fakultät. Er leitete die interdisziplinäre Forschungsplattform „Weltordnung &#8211; Religion &#8211; Gewalt“ und ist Vorsitzender von Pax Christi Österreich.</p>
<p style="text-align: justify;">(Quelle: <span style="color: #0000ff;"><a style="color: #0000ff;" href="https://www.tyrolia.at/item/70094377">Für den Frieden kämpfen von Wolfgang Palaver &#8211; 978-3-7022-4180-3 | Tyrolia</a></span>)</p>
<p style="text-align: justify;">Link zum Buch (auf Deutsch): <span style="color: #0000ff;"><a style="color: #0000ff;" href="https://www.tyrolia.at/item/Fuer_den_Frieden_kaempfen/Wolfgang_Palaver?isbn=9783702241797">Für den Frieden kämpfen von Wolfgang Palaver &#8211; 978-3-7022-4179-7 | Tyrolia</a></span></p>
<p style="text-align: justify;"> </p>
<p style="text-align: justify;">Die Veranstaltung wird vom Istituto Tevere (Centro per il Dialogo) sowie von Religions for Peace Italy und dem Projekt PROTONE (Protect the Places of Worship) gefördert. Als internationale Initiative, an der mehrere europäische Organisationen beteiligt sind, will PROTONE den Schutz von Kultstätten durch interkulturellen/interreligiösen Dialog stärken, Diskriminierung durch Bildung sowie Sensibilisierung verhindern und so zum Aufbau einer inklusiveren und offeneren Gesellschaft beitragen.</p>
<p style="text-align: justify;"><span style="color: #0000ff;"><a style="color: #0000ff;" href="https://www.protoneproject.eu/">https://www.protoneproject.eu/</a></span></p>
<p>&nbsp;</p>
<p></p>

</p>
<p style="text-align: justify;">Für den Frieden kämpfen in Zeiten des Krieges: Das klingt wie ein Widerspruch, ist es aber nicht.</p>
<p style="text-align: justify;">Anlässlich des Gandhi-Tages (Internationaler Tag der Gewaltlosigkeit) stellt der Theologe und Universitätsprofessor Wolfgang Palaver (Universität Innsbruck) im Dialog mit Mustafa Cenap Aydin (Istituto Tevere) sein neuestes Buch vor, das im Februar 2024 auf Deutsch erschienen ist.</p>
<p style="text-align: justify;">Palavers Buch untersucht die Dynamik zwischen Konflikt und Frieden. Dabei lässt es sich von den Ideen großer Denker wie Mahatma Gandhi inspirieren, dessen [&#8230;]</p>
