{"id":21666,"date":"2024-09-19T16:27:36","date_gmt":"2024-09-19T14:27:36","guid":{"rendered":"https:\/\/www.austriacult.roma.it\/?post_type=tribe_events&#038;p=21666"},"modified":"2025-02-17T09:39:53","modified_gmt":"2025-02-17T08:39:53","slug":"teatro-musicale-wiener-collage","status":"publish","type":"tribe_events","link":"https:\/\/www.austriacult.roma.it\/de\/veranstaltung\/teatro-musicale-wiener-collage\/","title":{"rendered":"TEATRO MUSICALE | Wiener Collage"},"content":{"rendered":"<p><\/p>\n<p><strong>Ensemble Wiener Collage<\/strong><\/p>\n<p>Alfred Melichar (Akkordeon)<\/p>\n<p>Milica Zakic (Klavier)<\/p>\n<p>Theresa Dinkhauser (Klarinette)<\/p>\n<p>Maria Chlebus (Vibraphon)<\/p>\n<p>&nbsp;<\/p>\n<p style=\"text-align: justify;\">Das \u00f6sterreichische <strong>Ensemble Wiener Collage<\/strong> nimmt an der 45. Ausgabe des Festivals \u201eNuovi Spazi Musicali\u201d mit einem Programm aus St\u00fccken \u00f6sterreichischer und italienischer Komponisten teil: Ren\u00e9 Staar, Herbert Lauermann und Klaus Ager f\u00fcr \u00d6sterreich sowie Ada Gentile, Gabrio Taglietti und Nicola Sani f\u00fcr Italien.<\/p>\n<p style=\"text-align: justify;\">Neben den italienischen Kollegen wird auch Klaus Ager, ehemaliger Rektor des Mozarteums Salzburg, ehemaliger Pr\u00e4sident des \u00d6sterreichischen Komponistenbundes und k\u00fcnstlerischer Leiter des ASPEKTE Festivals, anwesend sein.<\/p>\n<p style=\"text-align: justify;\">An den Abenden des Festivals werden sechs neu in Auftrag gegebene Opern mit dem Ziel der Wiederbelebung der Opera buffa aufgef\u00fchrt.<\/p>\n<p><span style=\"color: #0000ff;\"><a style=\"color: #0000ff;\" href=\"http:\/\/www.ewc.at\">www.ewc.at<\/a><\/span><\/p>\n<p>Programma della 45^ edizione<\/p>\n<p>&nbsp;<\/p>\n<div class=\"wp-block-image\"><a href=\"https:\/\/www.austriacult.roma.it\/wp-content\/uploads\/2024\/09\/Foto-gruppo-concerto-11-ott.-2024-Archiv-Hp.jpg\"><img loading=\"lazy\" decoding=\"async\" class=\"wpa-warning wpa-image-missing-alt alignnone size-full wp-image-22853\" src=\"https:\/\/www.austriacult.roma.it\/wp-content\/uploads\/2024\/09\/Foto-gruppo-concerto-11-ott.-2024-Archiv-Hp.jpg\" alt=\"\" width=\"800\" height=\"600\" data-warning=\"Missing alt text\" \/><\/a><\/div>\n<div>\u00a0<\/div>\n<div class=\"wp-block-image\"><span style=\"font-size: 10pt;\">Foto des Konzerts am 11. Oktober 2024<\/span><\/div>\n<div>\u00a0<\/div>\n<div>\u00a0<\/div>\n<div>\u00a0<\/div>\n<p><\/p>","protected":false},"excerpt":{"rendered":"<\/p>\n<p>Ensemble Wiener Collage<\/p>\n<p>Alfred Melichar (Akkordeon)<\/p>\n<p>Milica Zakic (Klavier)<\/p>\n<p>Theresa Dinkhauser (Klarinette)<\/p>\n<p>Maria Chlebus (Vibraphon)<\/p>\n<p>&nbsp;<\/p>\n<p style=\"text-align: justify;\">Das \u00f6sterreichische Ensemble Wiener Collage nimmt an der 45. Ausgabe des Festivals \u201eNuovi Spazi Musicali\u201d mit einem Programm aus St\u00fccken \u00f6sterreichischer und italienischer Komponisten teil: Ren\u00e9 Staar, Herbert Lauermann und Klaus Ager f\u00fcr \u00d6sterreich sowie Ada Gentile, Gabrio Taglietti und Nicola Sani f\u00fcr Italien.<\/p>\n<p style=\"text-align: justify;\">Neben den italienischen Kollegen wird auch Klaus Ager, ehemaliger Rektor des Mozarteums Salzburg, ehemaliger Pr\u00e4sident des \u00d6sterreichischen Komponistenbundes und k\u00fcnstlerischer Leiter des ASPEKTE [&#8230;]<\/p>\n","protected":false},"author":2,"featured_media":21667,"comment_status":"closed","ping_status":"closed","template":"","meta":{"footnotes":""},"tags":[],"tribe_events_cat":[32,3],"class_list":["post-21666","tribe_events","type-tribe_events","status-publish","has-post-thumbnail","hentry","tribe_events_cat-programm","tribe_events_cat-musik","cat_programm","cat_musik"],"_links":{"self":[{"href":"https:\/\/www.austriacult.roma.it\/de\/wp-json\/wp\/v2\/tribe_events\/21666","targetHints":{"allow":["GET"]}}],"collection":[{"href":"https:\/\/www.austriacult.roma.it\/de\/wp-json\/wp\/v2\/tribe_events"}],"about":[{"href":"https:\/\/www.austriacult.roma.it\/de\/wp-json\/wp\/v2\/types\/tribe_events"}],"author":[{"embeddable":true,"href":"https:\/\/www.austriacult.roma.it\/de\/wp-json\/wp\/v2\/users\/2"}],"replies":[{"embeddable":true,"href":"https:\/\/www.austriacult.roma.it\/de\/wp-json\/wp\/v2\/comments?post=21666"}],"version-history":[{"count":18,"href":"https:\/\/www.austriacult.roma.it\/de\/wp-json\/wp\/v2\/tribe_events\/21666\/revisions"}],"predecessor-version":[{"id":22858,"href":"https:\/\/www.austriacult.roma.it\/de\/wp-json\/wp\/v2\/tribe_events\/21666\/revisions\/22858"}],"wp:featuredmedia":[{"embeddable":true,"href":"https:\/\/www.austriacult.roma.it\/de\/wp-json\/wp\/v2\/media\/21667"}],"wp:attachment":[{"href":"https:\/\/www.austriacult.roma.it\/de\/wp-json\/wp\/v2\/media?parent=21666"}],"wp:term":[{"taxonomy":"post_tag","embeddable":true,"href":"https:\/\/www.austriacult.roma.it\/de\/wp-json\/wp\/v2\/tags?post=21666"},{"taxonomy":"tribe_events_cat","embeddable":true,"href":"https:\/\/www.austriacult.roma.it\/de\/wp-json\/wp\/v2\/tribe_events_cat?post=21666"}],"curies":[{"name":"wp","href":"https:\/\/api.w.org\/{rel}","templated":true}]}}

<p></p>
<p><strong>Ensemble Wiener Collage</strong></p>
<p>Alfred Melichar (Akkordeon)</p>
<p>Milica Zakic (Klavier)</p>
<p>Theresa Dinkhauser (Klarinette)</p>
<p>Maria Chlebus (Vibraphon)</p>
<p>&nbsp;</p>
<p style="text-align: justify;">Das österreichische <strong>Ensemble Wiener Collage</strong> nimmt an der 45. Ausgabe des Festivals „Nuovi Spazi Musicali” mit einem Programm aus Stücken österreichischer und italienischer Komponisten teil: René Staar, Herbert Lauermann und Klaus Ager für Österreich sowie Ada Gentile, Gabrio Taglietti und Nicola Sani für Italien.</p>
<p style="text-align: justify;">Neben den italienischen Kollegen wird auch Klaus Ager, ehemaliger Rektor des Mozarteums Salzburg, ehemaliger Präsident des Österreichischen Komponistenbundes und künstlerischer Leiter des ASPEKTE Festivals, anwesend sein.</p>
<p style="text-align: justify;">An den Abenden des Festivals werden sechs neu in Auftrag gegebene Opern mit dem Ziel der Wiederbelebung der Opera buffa aufgeführt.</p>
<p><span style="color: #0000ff;"><a style="color: #0000ff;" href="http://www.ewc.at">www.ewc.at</a></span></p>
<p>Programma della 45^ edizione</p>
<p>&nbsp;</p>
<div class="wp-block-image"><a href="https://www.austriacult.roma.it/wp-content/uploads/2024/09/Foto-gruppo-concerto-11-ott.-2024-Archiv-Hp.jpg"><img loading="lazy" decoding="async" class="wpa-warning wpa-image-missing-alt alignnone size-full wp-image-22853" src="https://www.austriacult.roma.it/wp-content/uploads/2024/09/Foto-gruppo-concerto-11-ott.-2024-Archiv-Hp.jpg" alt="" width="800" height="600" data-warning="Missing alt text" /></a></div>
<div> </div>
<div class="wp-block-image"><span style="font-size: 10pt;">Foto des Konzerts am 11. Oktober 2024</span></div>
<div> </div>
<div> </div>
<div> </div>
<p></p>

</p>
<p>Ensemble Wiener Collage</p>
<p>Alfred Melichar (Akkordeon)</p>
<p>Milica Zakic (Klavier)</p>
<p>Theresa Dinkhauser (Klarinette)</p>
<p>Maria Chlebus (Vibraphon)</p>
<p>&nbsp;</p>
<p style="text-align: justify;">Das österreichische Ensemble Wiener Collage nimmt an der 45. Ausgabe des Festivals „Nuovi Spazi Musicali” mit einem Programm aus Stücken österreichischer und italienischer Komponisten teil: René Staar, Herbert Lauermann und Klaus Ager für Österreich sowie Ada Gentile, Gabrio Taglietti und Nicola Sani für Italien.</p>
<p style="text-align: justify;">Neben den italienischen Kollegen wird auch Klaus Ager, ehemaliger Rektor des Mozarteums Salzburg, ehemaliger Präsident des Österreichischen Komponistenbundes und künstlerischer Leiter des ASPEKTE [&#8230;]</p>
