{"id":21643,"date":"2024-09-19T11:35:38","date_gmt":"2024-09-19T09:35:38","guid":{"rendered":"https:\/\/www.austriacult.roma.it\/?post_type=tribe_events&#038;p=21643"},"modified":"2024-09-27T11:17:40","modified_gmt":"2024-09-27T09:17:40","slug":"inverted-envelope-gerhard-senz-prcls","status":"publish","type":"tribe_events","link":"https:\/\/www.austriacult.roma.it\/de\/veranstaltung\/inverted-envelope-gerhard-senz-prcls\/","title":{"rendered":"INVERTED ENVELOPE | Gerhard Senz (PRCLS)"},"content":{"rendered":"<p><\/p>\n<p style=\"text-align: justify;\">Am 26. September er\u00f6ffnet <strong>Gerhard Senz<\/strong> das Live Cinema Festival mit der AV-Installation \u201eInverted Envelope&#8220; im Acquario Romano.<\/p>\n<p>Screening | Sala ellittica |\u00a0 20:30 &gt; 20:40 Uhr<br \/>\nScreening &#8211; Wiederholung | Sala ellittica | 21:30 &gt; 21:45 Uhr<\/p>\n<p style=\"text-align: justify;\">\u201eInverted Envelope\u201c (10 Min.) ist eine Reise durch die ber\u00fchmten Stadtviertel Tokios \u2013 mit dem Zug geht es nach Akihabara, zur Shibuya-Kreuzung und zum Bahnhof Shinjuku. Das mit 120 Bildern pro Sekunde gedrehte Video f\u00e4ngt das Tempo der Stadt ein und wechselt zwischen Beschleunigung und Verlangsamung, um subtile Momente zu enth\u00fcllen. Die sich ver\u00e4ndernde Architektur und die gro\u00dfst\u00e4dtische Kulisse heben diese fl\u00fcchtigen Details hervor und betonen den Rhythmus sowie den best\u00e4ndigen Wandel des pulsierenden Stadtlebens in Tokio.<\/p>\n<p style=\"text-align: justify;\"><em>Anmeldung: <\/em><span style=\"color: #0000ff;\"><a style=\"color: #0000ff;\" href=\"https:\/\/www.eventbrite.it\/e\/biglietti-festival-dellarchitettura-di-roma-live-cinema-festival-openingvernissage-1020670933237?aff=oddtdtcreator\">www.eventbrite.it\/e\/biglietti-festival-dellarchitettura-di-roma-live-cinema-festival-openingvernissage-1020670933237?aff=oddtdtcreator<\/a><\/span><\/p>\n<p style=\"text-align: justify;\">Aktuelle Infos zum Festivalprogramm: <span style=\"color: #0000ff;\"><a style=\"color: #0000ff;\" href=\"https:\/\/livecinemafestival.com\/en\/editions\/2024-rome\/program\/\">Program | EN | Live Cinema Festival<\/a><\/span><\/p>\n<p style=\"text-align: justify;\">\u00a0<\/p>\n<p style=\"text-align: justify;\"><strong>Gerhard Senz<\/strong> (PRCLS) lebt als elektronischer Musiker und Videok\u00fcnstler in Wien. Er studierte MultiMediaArt mit einem Schwerpunkt auf Sound in Salzburg. Seine Produktionen und Live-Performances reichen von experimenteller Club- bis zu Ambient- und Noise-Musik. Seine visuelle Arbeit umfasst Musikvideos f\u00fcr Dorian Concept, 5\/8erl in Ehr\u2019n, Sixtuss Preiss sowie visuelle Live-Performances f\u00fcr Dorian Concept und Lukas K\u00f6nig.<\/p>\n<p style=\"text-align: justify;\"><span style=\"color: #0000ff;\"><a style=\"color: #0000ff;\" href=\"https:\/\/gerhardsenz.com\">https:\/\/gerhardsenz.com<\/a><\/span><\/p>\n<p>&nbsp;<\/p>\n<p><\/p>","protected":false},"excerpt":{"rendered":"<\/p>\n<p style=\"text-align: justify;\">Am 26. September er\u00f6ffnet Gerhard Senz das Live Cinema Festival mit der AV-Installation \u201eInverted Envelope&#8220; im Acquario Romano.<\/p>\n<p>Screening | Sala ellittica |\u00a0 20:30 &gt; 20:40 Uhr<br \/>\nScreening &#8211; Wiederholung | Sala ellittica | 21:30 &gt; 21:45 Uhr<\/p>\n<p style=\"text-align: justify;\">\u201eInverted Envelope\u201c (10 Min.) ist eine Reise durch die ber\u00fchmten Stadtviertel Tokios \u2013 mit dem Zug geht es nach Akihabara, zur Shibuya-Kreuzung und zum Bahnhof Shinjuku. Das mit 120 Bildern pro Sekunde gedrehte Video f\u00e4ngt das Tempo der Stadt ein [&#8230;]<\/p>\n","protected":false},"author":2,"featured_media":21644,"comment_status":"closed","ping_status":"closed","template":"","meta":{"footnotes":""},"tags":[],"tribe_events_cat":[312,32,8],"class_list":["post-21643","tribe_events","type-tribe_events","status-publish","has-post-thumbnail","hentry","tribe_events_cat-arte-contemporanea","tribe_events_cat-programm","tribe_events_cat-kino","cat_arte-contemporanea","cat_programm","cat_kino"],"_links":{"self":[{"href":"https:\/\/www.austriacult.roma.it\/de\/wp-json\/wp\/v2\/tribe_events\/21643","targetHints":{"allow":["GET"]}}],"collection":[{"href":"https:\/\/www.austriacult.roma.it\/de\/wp-json\/wp\/v2\/tribe_events"}],"about":[{"href":"https:\/\/www.austriacult.roma.it\/de\/wp-json\/wp\/v2\/types\/tribe_events"}],"author":[{"embeddable":true,"href":"https:\/\/www.austriacult.roma.it\/de\/wp-json\/wp\/v2\/users\/2"}],"replies":[{"embeddable":true,"href":"https:\/\/www.austriacult.roma.it\/de\/wp-json\/wp\/v2\/comments?post=21643"}],"version-history":[{"count":2,"href":"https:\/\/www.austriacult.roma.it\/de\/wp-json\/wp\/v2\/tribe_events\/21643\/revisions"}],"predecessor-version":[{"id":21810,"href":"https:\/\/www.austriacult.roma.it\/de\/wp-json\/wp\/v2\/tribe_events\/21643\/revisions\/21810"}],"wp:featuredmedia":[{"embeddable":true,"href":"https:\/\/www.austriacult.roma.it\/de\/wp-json\/wp\/v2\/media\/21644"}],"wp:attachment":[{"href":"https:\/\/www.austriacult.roma.it\/de\/wp-json\/wp\/v2\/media?parent=21643"}],"wp:term":[{"taxonomy":"post_tag","embeddable":true,"href":"https:\/\/www.austriacult.roma.it\/de\/wp-json\/wp\/v2\/tags?post=21643"},{"taxonomy":"tribe_events_cat","embeddable":true,"href":"https:\/\/www.austriacult.roma.it\/de\/wp-json\/wp\/v2\/tribe_events_cat?post=21643"}],"curies":[{"name":"wp","href":"https:\/\/api.w.org\/{rel}","templated":true}]}}

<p></p>
<p style="text-align: justify;">Am 26. September eröffnet <strong>Gerhard Senz</strong> das Live Cinema Festival mit der AV-Installation „Inverted Envelope&#8220; im Acquario Romano.</p>
<p>Screening | Sala ellittica |  20:30 &gt; 20:40 Uhr<br />
Screening &#8211; Wiederholung | Sala ellittica | 21:30 &gt; 21:45 Uhr</p>
<p style="text-align: justify;">„Inverted Envelope“ (10 Min.) ist eine Reise durch die berühmten Stadtviertel Tokios – mit dem Zug geht es nach Akihabara, zur Shibuya-Kreuzung und zum Bahnhof Shinjuku. Das mit 120 Bildern pro Sekunde gedrehte Video fängt das Tempo der Stadt ein und wechselt zwischen Beschleunigung und Verlangsamung, um subtile Momente zu enthüllen. Die sich verändernde Architektur und die großstädtische Kulisse heben diese flüchtigen Details hervor und betonen den Rhythmus sowie den beständigen Wandel des pulsierenden Stadtlebens in Tokio.</p>
<p style="text-align: justify;"><em>Anmeldung: </em><span style="color: #0000ff;"><a style="color: #0000ff;" href="https://www.eventbrite.it/e/biglietti-festival-dellarchitettura-di-roma-live-cinema-festival-openingvernissage-1020670933237?aff=oddtdtcreator">www.eventbrite.it/e/biglietti-festival-dellarchitettura-di-roma-live-cinema-festival-openingvernissage-1020670933237?aff=oddtdtcreator</a></span></p>
<p style="text-align: justify;">Aktuelle Infos zum Festivalprogramm: <span style="color: #0000ff;"><a style="color: #0000ff;" href="https://livecinemafestival.com/en/editions/2024-rome/program/">Program | EN | Live Cinema Festival</a></span></p>
<p style="text-align: justify;"> </p>
<p style="text-align: justify;"><strong>Gerhard Senz</strong> (PRCLS) lebt als elektronischer Musiker und Videokünstler in Wien. Er studierte MultiMediaArt mit einem Schwerpunkt auf Sound in Salzburg. Seine Produktionen und Live-Performances reichen von experimenteller Club- bis zu Ambient- und Noise-Musik. Seine visuelle Arbeit umfasst Musikvideos für Dorian Concept, 5/8erl in Ehr’n, Sixtuss Preiss sowie visuelle Live-Performances für Dorian Concept und Lukas König.</p>
<p style="text-align: justify;"><span style="color: #0000ff;"><a style="color: #0000ff;" href="https://gerhardsenz.com">https://gerhardsenz.com</a></span></p>
<p>&nbsp;</p>
<p></p>

</p>
<p style="text-align: justify;">Am 26. September eröffnet Gerhard Senz das Live Cinema Festival mit der AV-Installation „Inverted Envelope&#8220; im Acquario Romano.</p>
<p>Screening | Sala ellittica |  20:30 &gt; 20:40 Uhr<br />
Screening &#8211; Wiederholung | Sala ellittica | 21:30 &gt; 21:45 Uhr</p>
<p style="text-align: justify;">„Inverted Envelope“ (10 Min.) ist eine Reise durch die berühmten Stadtviertel Tokios – mit dem Zug geht es nach Akihabara, zur Shibuya-Kreuzung und zum Bahnhof Shinjuku. Das mit 120 Bildern pro Sekunde gedrehte Video fängt das Tempo der Stadt ein [&#8230;]</p>
