{"id":21473,"date":"2024-08-21T10:03:58","date_gmt":"2024-08-21T08:03:58","guid":{"rendered":"https:\/\/www.austriacult.roma.it\/?post_type=tribe_events&#038;p=21473"},"modified":"2024-08-23T09:53:27","modified_gmt":"2024-08-23T07:53:27","slug":"esposizione-internazionale-nelleco-dellaltro-con-gloria-zoitl","status":"publish","type":"tribe_events","link":"https:\/\/www.austriacult.roma.it\/de\/veranstaltung\/internationale-ausstellung-nelleco-dellaltro-mit-gloria-zoitl\/","title":{"rendered":"INTERNATIONALE AUSSTELLUNG \u201cNELL\u2019ECO DELL\u2019ALTRO\u201d | mit Gloria Zoitl"},"content":{"rendered":"<p><\/p>\n<p style=\"text-align: justify;\">Der Kulturverein <em>Fondo VP-Sardinia, ars pro natura<\/em> er\u00f6ffnet das ARTI-COESE-FESTIVAL 2024 mit der Ausstellung <em>\u201cnell\u2019eco dell\u2019altro\u201d, <\/em>kuratiert von Gloria Zoitl und Valentina Piredda-Sardinia. \u00a0<\/p>\n<p style=\"text-align: justify;\">\u00a0\u201c<em>Alles wirkliche Leben ist Begegnung<\/em>\u201d. (Martin Buber)<\/p>\n<p style=\"text-align: justify;\">Ausgehend von diesem Zitat sagt die K\u00fcnstlerin Gloria Zoitl, dass \u201cwir reagieren, zuh\u00f6ren, erfahren, andere Menschen und die K\u00fcnstlerkollegInnen wahrnehmen, uns mit ihrer Kultur auseinandersetzen &#8211; aber das Signal, das zur\u00fcckkommt, gleicht nie jenem, das wir ausgesendet haben. (\u2026) \u00a0<\/p>\n<p style=\"text-align: justify;\">Sich in einem anderen Land aufzuhalten hei\u00dft, die Alltagsprobleme hinter sich zu lassen und sich neuen Erfahrungen und gegenseitigen Bereicherungen zu \u00f6ffnen.<\/p>\n<p style=\"text-align: justify;\">Die wirklichen Begegnungen f\u00fchren zum Verst\u00e4ndnis des anderen und zur Kompromissbereitschaft als Grundlage des Friedens, ein heutzutage so wichtiges Thema. (\u2026)\u201d<\/p>\n<p style=\"text-align: justify;\">An der internationalen Ausstellung nehmen teil: Erwin Auer, Monika Hartl, Ernest A. Kienzl, Margareta Niel, Lothar Persterer, Marlene Schaumberger, Jutta Brunsteiner, Gloria Zoitl, Moira Zoitl (\u00d6sterreich), aus Deutschland und Frankreich: Ralf Hoedt, Renate Christin und Thi\u00e9baut Rapp. Weiters der Bildhauer Gian Piero Manca und der Male Ettore Moschetti. Die Klangperformance ist von Sem Devigus, Sandro Perdighe und Valentina Solinas. W\u00e4hrend des Symposions spielt au\u00dferdem der spanische Pianist, Chor- und Orchesterleiter und P\u00e4dagoge Carlos Chamorro, Silvia Spinnato (S\u00e4ngerin und Chor- und Orchesterleiterin) und der sardischen Komponistin und Musikerin Marina Pittau. Das Symposion wird in Anwesenheit der Gemeindeverwaltung von Bosa mit einer zweisprachigen Lesung aus dem Roman <em>Emilia e il soldato della Wehrmacht<\/em> (Nemapress Edizioni) er\u00f6ffnet.<\/p>\n<p style=\"text-align: justify;\">Das ARTI-COESE-FESTIVAL2024 und <em>Associazione Fondo VP-Sardinia, ars pro natura<\/em>, wird unterst\u00fctzt von \u00a0<strong>Fondazione Alghero<\/strong> und <strong>Societ\u00e0 di Mutuo Soccorso Alghero<\/strong>.\u00a0\u00a0\u00a0\u00a0\u00a0\u00a0\u00a0\u00a0\u00a0\u00a0\u00a0\u00a0\u00a0\u00a0\u00a0\u00a0\u00a0\u00a0\u00a0\u00a0\u00a0\u00a0\u00a0\u00a0\u00a0\u00a0\u00a0\u00a0\u00a0\u00a0\u00a0\u00a0\u00a0\u00a0\u00a0\u00a0\u00a0\u00a0\u00a0\u00a0\u00a0\u00a0\u00a0\u00a0\u00a0\u00a0\u00a0\u00a0\u00a0\u00a0\u00a0\u00a0\u00a0\u00a0\u00a0\u00a0\u00a0\u00a0 <br \/>\nDie Ausstellung \u201c<em>Nell\u2019eco<\/em> <em>dell\u2019altro<\/em>\u201d wird au\u00dferdem unterst\u00fctzt von: <strong>Land Salzburg<\/strong>, <strong>Stadt Salzburg,<\/strong> <strong>Comune di Bosa<\/strong>, <strong>Assessorato al Turismo e Cultura<\/strong>, <strong>Forum Austriaco di Cultura Roma<\/strong> und <strong>Galleria CULT\/Alghero.<\/strong><\/p>\n<p style=\"text-align: justify;\">Zur Ausstellung ist ein Katalog erh\u00e4ltlich.<\/p>\n<p><a href=\"https:\/\/www.austriacult.roma.it\/de\/veranstaltung\/internationale-ausstellung-nelleco-dellaltro\/\">Die Ausstellung wird <span style=\"color: #0000ff;\">bis 5. September gezeigt.<\/span><\/a><\/p>\n<p><\/p>","protected":false},"excerpt":{"rendered":"<\/p>\n<p style=\"text-align: justify;\">Der Kulturverein Fondo VP-Sardinia, ars pro natura er\u00f6ffnet das ARTI-COESE-FESTIVAL 2024 mit der Ausstellung \u201cnell\u2019eco dell\u2019altro\u201d, kuratiert von Gloria Zoitl und Valentina Piredda-Sardinia. \u00a0<\/p>\n<p style=\"text-align: justify;\">\u00a0\u201cAlles wirkliche Leben ist Begegnung\u201d. (Martin Buber)<\/p>\n<p style=\"text-align: justify;\">Ausgehend von diesem Zitat sagt die K\u00fcnstlerin Gloria Zoitl, dass \u201cwir reagieren, zuh\u00f6ren, erfahren, andere Menschen und die K\u00fcnstlerkollegInnen wahrnehmen, uns mit ihrer Kultur auseinandersetzen &#8211; aber das Signal, das zur\u00fcckkommt, gleicht nie jenem, das wir ausgesendet haben. (\u2026) \u00a0<\/p>\n<p style=\"text-align: justify;\">Sich in einem anderen [&#8230;]<\/p>\n","protected":false},"author":2,"featured_media":21474,"comment_status":"closed","ping_status":"closed","template":"","meta":{"footnotes":""},"tags":[],"tribe_events_cat":[32,290],"class_list":["post-21473","tribe_events","type-tribe_events","status-publish","has-post-thumbnail","hentry","tribe_events_cat-programm","tribe_events_cat-inaugurazione","cat_programm","cat_inaugurazione"],"_links":{"self":[{"href":"https:\/\/www.austriacult.roma.it\/de\/wp-json\/wp\/v2\/tribe_events\/21473","targetHints":{"allow":["GET"]}}],"collection":[{"href":"https:\/\/www.austriacult.roma.it\/de\/wp-json\/wp\/v2\/tribe_events"}],"about":[{"href":"https:\/\/www.austriacult.roma.it\/de\/wp-json\/wp\/v2\/types\/tribe_events"}],"author":[{"embeddable":true,"href":"https:\/\/www.austriacult.roma.it\/de\/wp-json\/wp\/v2\/users\/2"}],"replies":[{"embeddable":true,"href":"https:\/\/www.austriacult.roma.it\/de\/wp-json\/wp\/v2\/comments?post=21473"}],"version-history":[{"count":5,"href":"https:\/\/www.austriacult.roma.it\/de\/wp-json\/wp\/v2\/tribe_events\/21473\/revisions"}],"predecessor-version":[{"id":21523,"href":"https:\/\/www.austriacult.roma.it\/de\/wp-json\/wp\/v2\/tribe_events\/21473\/revisions\/21523"}],"wp:featuredmedia":[{"embeddable":true,"href":"https:\/\/www.austriacult.roma.it\/de\/wp-json\/wp\/v2\/media\/21474"}],"wp:attachment":[{"href":"https:\/\/www.austriacult.roma.it\/de\/wp-json\/wp\/v2\/media?parent=21473"}],"wp:term":[{"taxonomy":"post_tag","embeddable":true,"href":"https:\/\/www.austriacult.roma.it\/de\/wp-json\/wp\/v2\/tags?post=21473"},{"taxonomy":"tribe_events_cat","embeddable":true,"href":"https:\/\/www.austriacult.roma.it\/de\/wp-json\/wp\/v2\/tribe_events_cat?post=21473"}],"curies":[{"name":"wp","href":"https:\/\/api.w.org\/{rel}","templated":true}]}}

<p></p>
<p style="text-align: justify;">Der Kulturverein <em>Fondo VP-Sardinia, ars pro natura</em> eröffnet das ARTI-COESE-FESTIVAL 2024 mit der Ausstellung <em>“nell’eco dell’altro”, </em>kuratiert von Gloria Zoitl und Valentina Piredda-Sardinia.  </p>
<p style="text-align: justify;"> “<em>Alles wirkliche Leben ist Begegnung</em>”. (Martin Buber)</p>
<p style="text-align: justify;">Ausgehend von diesem Zitat sagt die Künstlerin Gloria Zoitl, dass “wir reagieren, zuhören, erfahren, andere Menschen und die KünstlerkollegInnen wahrnehmen, uns mit ihrer Kultur auseinandersetzen &#8211; aber das Signal, das zurückkommt, gleicht nie jenem, das wir ausgesendet haben. (…)  </p>
<p style="text-align: justify;">Sich in einem anderen Land aufzuhalten heißt, die Alltagsprobleme hinter sich zu lassen und sich neuen Erfahrungen und gegenseitigen Bereicherungen zu öffnen.</p>
<p style="text-align: justify;">Die wirklichen Begegnungen führen zum Verständnis des anderen und zur Kompromissbereitschaft als Grundlage des Friedens, ein heutzutage so wichtiges Thema. (…)”</p>
<p style="text-align: justify;">An der internationalen Ausstellung nehmen teil: Erwin Auer, Monika Hartl, Ernest A. Kienzl, Margareta Niel, Lothar Persterer, Marlene Schaumberger, Jutta Brunsteiner, Gloria Zoitl, Moira Zoitl (Österreich), aus Deutschland und Frankreich: Ralf Hoedt, Renate Christin und Thiébaut Rapp. Weiters der Bildhauer Gian Piero Manca und der Male Ettore Moschetti. Die Klangperformance ist von Sem Devigus, Sandro Perdighe und Valentina Solinas. Während des Symposions spielt außerdem der spanische Pianist, Chor- und Orchesterleiter und Pädagoge Carlos Chamorro, Silvia Spinnato (Sängerin und Chor- und Orchesterleiterin) und der sardischen Komponistin und Musikerin Marina Pittau. Das Symposion wird in Anwesenheit der Gemeindeverwaltung von Bosa mit einer zweisprachigen Lesung aus dem Roman <em>Emilia e il soldato della Wehrmacht</em> (Nemapress Edizioni) eröffnet.</p>
<p style="text-align: justify;">Das ARTI-COESE-FESTIVAL2024 und <em>Associazione Fondo VP-Sardinia, ars pro natura</em>, wird unterstützt von  <strong>Fondazione Alghero</strong> und <strong>Società di Mutuo Soccorso Alghero</strong>.                                                           <br />
Die Ausstellung “<em>Nell’eco</em> <em>dell’altro</em>” wird außerdem unterstützt von: <strong>Land Salzburg</strong>, <strong>Stadt Salzburg,</strong> <strong>Comune di Bosa</strong>, <strong>Assessorato al Turismo e Cultura</strong>, <strong>Forum Austriaco di Cultura Roma</strong> und <strong>Galleria CULT/Alghero.</strong></p>
<p style="text-align: justify;">Zur Ausstellung ist ein Katalog erhältlich.</p>
<p><a href="https://www.austriacult.roma.it/de/veranstaltung/internationale-ausstellung-nelleco-dellaltro/">Die Ausstellung wird <span style="color: #0000ff;">bis 5. September gezeigt.</span></a></p>
<p></p>

</p>
<p style="text-align: justify;">Der Kulturverein Fondo VP-Sardinia, ars pro natura eröffnet das ARTI-COESE-FESTIVAL 2024 mit der Ausstellung “nell’eco dell’altro”, kuratiert von Gloria Zoitl und Valentina Piredda-Sardinia.  </p>
<p style="text-align: justify;"> “Alles wirkliche Leben ist Begegnung”. (Martin Buber)</p>
<p style="text-align: justify;">Ausgehend von diesem Zitat sagt die Künstlerin Gloria Zoitl, dass “wir reagieren, zuhören, erfahren, andere Menschen und die KünstlerkollegInnen wahrnehmen, uns mit ihrer Kultur auseinandersetzen &#8211; aber das Signal, das zurückkommt, gleicht nie jenem, das wir ausgesendet haben. (…)  </p>
<p style="text-align: justify;">Sich in einem anderen [&#8230;]</p>
