{"id":21454,"date":"2024-08-20T16:47:33","date_gmt":"2024-08-20T14:47:33","guid":{"rendered":"https:\/\/www.austriacult.roma.it\/?post_type=tribe_events&#038;p=21454"},"modified":"2024-08-23T09:57:01","modified_gmt":"2024-08-23T07:57:01","slug":"healing-nature-mit-pikt","status":"publish","type":"tribe_events","link":"https:\/\/www.austriacult.roma.it\/de\/veranstaltung\/healing-nature-mit-pikt-2\/","title":{"rendered":"HEALING NATURE | mit PIKT"},"content":{"rendered":"<p><\/p>\n<p style=\"text-align: justify;\">Das \u00f6sterreichische K\u00fcnstlerinnenkollektiv PIKT wurde eingeladen, an der Biennale di Arteterapia in Perugia teilzunehmen. Sie findet <span style=\"color: #0000ff;\"><a style=\"color: #0000ff;\" href=\"https:\/\/www.austriacult.roma.it\/de\/veranstaltung\/healing-nature-mit-pikt\/\">von 30. August bis 15. September 2024<\/a> <\/span>unter dem Motto \u201cHEALING NATURE. The art of Artistic Expression and Relationships\u201d statt. <br \/>\n<strong>Uschi Bast, Ursula Tscherne, Theresa Gschwandtner, Johanna Tatzgern <\/strong>und<strong> Romana Weilguni <\/strong>besch\u00e4ftigen sich in dem Ausstellungsprojekt, dem sie den Titel <em>Grasnarben \/ Heilung \/ Verwurzelt \/ Staub \/ Waldgespr\u00e4che<\/em> geben, mit Themen wie W\u00fcrde und Scham, Heilung, den Ressourcen der Erinnerung und Bewusstwerdung, Zuflucht und Sicherheit. Dabei \u00fcberschneiden sich die unterschiedlichen Prozesse und entwickeln so vielschichtige Bez\u00fcge.<br \/>\nDie k\u00fcnstlerischen Arbeiten entstanden 2023 im Rahmen des Kunstprojektes \u201e(K)EIN ORT\u201c in Nieder\u00f6sterreich.<\/p>\n<p style=\"text-align: justify;\">Seit der Gr\u00fcndung 1994 bewegt sich der Verein <strong>PIKT <\/strong>im Spannungsfeld von Kunst und Kunsttherapie, wobei sich die Gruppe, bestehend aus sieben Frauen, ab 2021 als K\u00fcnstlerinnenkollektiv versteht und als solches in der \u00d6ffentlichkeit auftritt. An der Ausstellung in Perugia nehmen teil:\u00a0<br \/>\n<strong>Ursula Bast<\/strong><strong>, <\/strong>geb. in Linz, Studium Bildnerische Erziehung und Textiles Gestalten in Linz und Wien, Integrative Gestalt- und Kunsttherapeutin (FPI),\u00a0 <span style=\"color: #0000ff;\"><a style=\"color: #0000ff;\" href=\"http:\/\/www.ursulabast.at\"><em>www.ursulabast.at<\/em><\/a>.<\/span> <strong>Theresa Gschwandtner<\/strong>, geb.in Innsbruck, Diplom Kunsterziehung und Textiles Werken Universit\u00e4t f\u00fcr Angewandte Kunst Wien, Kunsttherapeutin (MGT Graz), <span style=\"color: #0000ff;\"><a style=\"color: #0000ff;\" href=\"http:\/\/www.gschwandtnertheresa.blogspot.com\"><em>www.gschwandtnertheresa.blogspot.com<\/em><\/a><\/span><em>.<\/em> <strong>J<\/strong><strong>ohanna Tatzgern, <\/strong>geb. Wr. Neustadt, Studium an der Universit\u00e4t f\u00fcr Angewandte Kunst, Bildende K\u00fcnstlerin, DanceAbility-Trainerin. <span style=\"color: #0000ff;\"><a style=\"color: #0000ff;\" href=\"http:\/\/www.goldfussunlimited.com\"><em>www.goldfussunlimited.com<\/em><\/a><\/span>. <strong>Ursula Tscherne<\/strong>, geb. Wien, Studium an der Universit\u00e4t f\u00fcr Angewandte Kunst Wien, Kunstp\u00e4dagogin und K\u00f6rpertherapeutin, <span style=\"color: #0000ff;\"><a style=\"color: #0000ff;\" href=\"http:\/\/www.utscherne.at\"><em>www.utscherne.at<\/em><\/a><\/span><em>. <\/em><strong>Romana Weilguni, <\/strong>Studium Germanistik, Englisch und Bildnerische Erziehung in Salzburg und Wien, Kunsttherapeutin (DGKT) und Supervisorin, <span style=\"color: #0000ff;\"><a style=\"color: #0000ff;\" href=\"http:\/\/www.romanaweilguni.com\"><em>www.romanaweilguni.com<\/em><\/a><\/span><em>.<\/em><\/p>\n<p style=\"text-align: justify;\">Mehr zu PIKT:\u00a0<span style=\"text-decoration: underline; color: #0000ff;\"><a style=\"color: #0000ff; text-decoration: underline;\" href=\"http:\/\/www.pikt.at\">www.pikt.at<\/a><\/span><\/p>\n<p><a href=\"https:\/\/www.austriacult.roma.it\/wp-content\/uploads\/2024\/06\/Locandina.jpg\"><img loading=\"lazy\" decoding=\"async\" class=\"wpa-warning wpa-image-missing-alt alignnone size-thumbnail wp-image-21463\" src=\"https:\/\/www.austriacult.roma.it\/wp-content\/uploads\/2024\/06\/Locandina-150x150.jpg\" alt=\"\" width=\"150\" height=\"150\" data-warning=\"Missing alt text\" srcset=\"https:\/\/www.austriacult.roma.it\/wp-content\/uploads\/2024\/06\/Locandina-150x150.jpg 150w, https:\/\/www.austriacult.roma.it\/wp-content\/uploads\/2024\/06\/Locandina-1536x1536.jpg 1536w, https:\/\/www.austriacult.roma.it\/wp-content\/uploads\/2024\/06\/Locandina-2048x2048.jpg 2048w, https:\/\/www.austriacult.roma.it\/wp-content\/uploads\/2024\/06\/Locandina-350x350.jpg 350w\" sizes=\"auto, (max-width: 150px) 100vw, 150px\" \/><\/a><\/p>\n<p><\/p>","protected":false},"excerpt":{"rendered":"<\/p>\n<p style=\"text-align: justify;\">Das \u00f6sterreichische K\u00fcnstlerinnenkollektiv PIKT wurde eingeladen, an der Biennale di Arteterapia in Perugia teilzunehmen. Sie findet <a style=\"color: #0000ff;\" href=\"https:\/\/www.austriacult.roma.it\/de\/veranstaltung\/healing-nature-mit-pikt\/\">von 30. August bis 15. September 2024<\/a> unter dem Motto \u201cHEALING NATURE. The art of Artistic Expression and Relationships\u201d statt.<br \/>\nUschi Bast, Ursula Tscherne, Theresa Gschwandtner, Johanna Tatzgern und Romana Weilguni besch\u00e4ftigen sich in dem Ausstellungsprojekt, dem sie den Titel Grasnarben \/ Heilung \/ Verwurzelt \/ Staub \/ Waldgespr\u00e4che geben, mit Themen wie W\u00fcrde und Scham, Heilung, den Ressourcen [&#8230;]<\/p>\n","protected":false},"author":2,"featured_media":20022,"comment_status":"closed","ping_status":"closed","template":"","meta":{"footnotes":""},"tags":[],"tribe_events_cat":[32,290],"class_list":["post-21454","tribe_events","type-tribe_events","status-publish","has-post-thumbnail","hentry","tribe_events_cat-programm","tribe_events_cat-inaugurazione","cat_programm","cat_inaugurazione"],"_links":{"self":[{"href":"https:\/\/www.austriacult.roma.it\/de\/wp-json\/wp\/v2\/tribe_events\/21454","targetHints":{"allow":["GET"]}}],"collection":[{"href":"https:\/\/www.austriacult.roma.it\/de\/wp-json\/wp\/v2\/tribe_events"}],"about":[{"href":"https:\/\/www.austriacult.roma.it\/de\/wp-json\/wp\/v2\/types\/tribe_events"}],"author":[{"embeddable":true,"href":"https:\/\/www.austriacult.roma.it\/de\/wp-json\/wp\/v2\/users\/2"}],"replies":[{"embeddable":true,"href":"https:\/\/www.austriacult.roma.it\/de\/wp-json\/wp\/v2\/comments?post=21454"}],"version-history":[{"count":8,"href":"https:\/\/www.austriacult.roma.it\/de\/wp-json\/wp\/v2\/tribe_events\/21454\/revisions"}],"predecessor-version":[{"id":21527,"href":"https:\/\/www.austriacult.roma.it\/de\/wp-json\/wp\/v2\/tribe_events\/21454\/revisions\/21527"}],"wp:featuredmedia":[{"embeddable":true,"href":"https:\/\/www.austriacult.roma.it\/de\/wp-json\/wp\/v2\/media\/20022"}],"wp:attachment":[{"href":"https:\/\/www.austriacult.roma.it\/de\/wp-json\/wp\/v2\/media?parent=21454"}],"wp:term":[{"taxonomy":"post_tag","embeddable":true,"href":"https:\/\/www.austriacult.roma.it\/de\/wp-json\/wp\/v2\/tags?post=21454"},{"taxonomy":"tribe_events_cat","embeddable":true,"href":"https:\/\/www.austriacult.roma.it\/de\/wp-json\/wp\/v2\/tribe_events_cat?post=21454"}],"curies":[{"name":"wp","href":"https:\/\/api.w.org\/{rel}","templated":true}]}}

<p></p>
<p style="text-align: justify;">Das österreichische Künstlerinnenkollektiv PIKT wurde eingeladen, an der Biennale di Arteterapia in Perugia teilzunehmen. Sie findet <span style="color: #0000ff;"><a style="color: #0000ff;" href="https://www.austriacult.roma.it/de/veranstaltung/healing-nature-mit-pikt/">von 30. August bis 15. September 2024</a> </span>unter dem Motto “HEALING NATURE. The art of Artistic Expression and Relationships” statt. <br />
<strong>Uschi Bast, Ursula Tscherne, Theresa Gschwandtner, Johanna Tatzgern </strong>und<strong> Romana Weilguni </strong>beschäftigen sich in dem Ausstellungsprojekt, dem sie den Titel <em>Grasnarben / Heilung / Verwurzelt / Staub / Waldgespräche</em> geben, mit Themen wie Würde und Scham, Heilung, den Ressourcen der Erinnerung und Bewusstwerdung, Zuflucht und Sicherheit. Dabei überschneiden sich die unterschiedlichen Prozesse und entwickeln so vielschichtige Bezüge.<br />
Die künstlerischen Arbeiten entstanden 2023 im Rahmen des Kunstprojektes „(K)EIN ORT“ in Niederösterreich.</p>
<p style="text-align: justify;">Seit der Gründung 1994 bewegt sich der Verein <strong>PIKT </strong>im Spannungsfeld von Kunst und Kunsttherapie, wobei sich die Gruppe, bestehend aus sieben Frauen, ab 2021 als Künstlerinnenkollektiv versteht und als solches in der Öffentlichkeit auftritt. An der Ausstellung in Perugia nehmen teil: <br />
<strong>Ursula Bast</strong><strong>, </strong>geb. in Linz, Studium Bildnerische Erziehung und Textiles Gestalten in Linz und Wien, Integrative Gestalt- und Kunsttherapeutin (FPI),  <span style="color: #0000ff;"><a style="color: #0000ff;" href="http://www.ursulabast.at"><em>www.ursulabast.at</em></a>.</span> <strong>Theresa Gschwandtner</strong>, geb.in Innsbruck, Diplom Kunsterziehung und Textiles Werken Universität für Angewandte Kunst Wien, Kunsttherapeutin (MGT Graz), <span style="color: #0000ff;"><a style="color: #0000ff;" href="http://www.gschwandtnertheresa.blogspot.com"><em>www.gschwandtnertheresa.blogspot.com</em></a></span><em>.</em> <strong>J</strong><strong>ohanna Tatzgern, </strong>geb. Wr. Neustadt, Studium an der Universität für Angewandte Kunst, Bildende Künstlerin, DanceAbility-Trainerin. <span style="color: #0000ff;"><a style="color: #0000ff;" href="http://www.goldfussunlimited.com"><em>www.goldfussunlimited.com</em></a></span>. <strong>Ursula Tscherne</strong>, geb. Wien, Studium an der Universität für Angewandte Kunst Wien, Kunstpädagogin und Körpertherapeutin, <span style="color: #0000ff;"><a style="color: #0000ff;" href="http://www.utscherne.at"><em>www.utscherne.at</em></a></span><em>. </em><strong>Romana Weilguni, </strong>Studium Germanistik, Englisch und Bildnerische Erziehung in Salzburg und Wien, Kunsttherapeutin (DGKT) und Supervisorin, <span style="color: #0000ff;"><a style="color: #0000ff;" href="http://www.romanaweilguni.com"><em>www.romanaweilguni.com</em></a></span><em>.</em></p>
<p style="text-align: justify;">Mehr zu PIKT: <span style="text-decoration: underline; color: #0000ff;"><a style="color: #0000ff; text-decoration: underline;" href="http://www.pikt.at">www.pikt.at</a></span></p>
<p><a href="https://www.austriacult.roma.it/wp-content/uploads/2024/06/Locandina.jpg"><img loading="lazy" decoding="async" class="wpa-warning wpa-image-missing-alt alignnone size-thumbnail wp-image-21463" src="https://www.austriacult.roma.it/wp-content/uploads/2024/06/Locandina-150x150.jpg" alt="" width="150" height="150" data-warning="Missing alt text" srcset="https://www.austriacult.roma.it/wp-content/uploads/2024/06/Locandina-150x150.jpg 150w, https://www.austriacult.roma.it/wp-content/uploads/2024/06/Locandina-1536x1536.jpg 1536w, https://www.austriacult.roma.it/wp-content/uploads/2024/06/Locandina-2048x2048.jpg 2048w, https://www.austriacult.roma.it/wp-content/uploads/2024/06/Locandina-350x350.jpg 350w" sizes="auto, (max-width: 150px) 100vw, 150px" /></a></p>
<p></p>

</p>
<p style="text-align: justify;">Das österreichische Künstlerinnenkollektiv PIKT wurde eingeladen, an der Biennale di Arteterapia in Perugia teilzunehmen. Sie findet <a style="color: #0000ff;" href="https://www.austriacult.roma.it/de/veranstaltung/healing-nature-mit-pikt/">von 30. August bis 15. September 2024</a> unter dem Motto “HEALING NATURE. The art of Artistic Expression and Relationships” statt.<br />
Uschi Bast, Ursula Tscherne, Theresa Gschwandtner, Johanna Tatzgern und Romana Weilguni beschäftigen sich in dem Ausstellungsprojekt, dem sie den Titel Grasnarben / Heilung / Verwurzelt / Staub / Waldgespräche geben, mit Themen wie Würde und Scham, Heilung, den Ressourcen [&#8230;]</p>
