{"id":19917,"date":"2024-06-27T13:25:12","date_gmt":"2024-06-27T11:25:12","guid":{"rendered":"https:\/\/www.austriacult.roma.it\/?post_type=tribe_events&#038;p=19917"},"modified":"2024-06-27T13:26:28","modified_gmt":"2024-06-27T11:26:28","slug":"la-guarimba-international-film-festival-4","status":"publish","type":"tribe_events","link":"https:\/\/www.austriacult.roma.it\/de\/veranstaltung\/la-guarimba-international-film-festival-4\/","title":{"rendered":"LA GUARIMBA INTERNATIONAL FILM FESTIVAL"},"content":{"rendered":"<p class=\"qtranxs-available-languages-message qtranxs-available-languages-message-de\">Leider ist der Eintrag nur auf <a href=\"https:\/\/www.austriacult.roma.it\/it\/wp-json\/wp\/v2\/tribe_events\/19917\" class=\"qtranxs-available-language-link qtranxs-available-language-link-it\" title=\"Italiano\">Italiano<\/a> verf\u00fcgbar. Der Inhalt wird unten in einer verf\u00fcgbaren Sprache angezeigt. Klicken Sie auf den Link, um die aktuelle Sprache zu \u00e4ndern.<\/p><p><\/p>\n<p style=\"text-align: justify;\"><strong>La Guarimba International Film Festival<\/strong> \u00e8 a livello mondiale uno dei festival pi\u00f9 importanti a per quanto riguarda i cortometraggi. Giunto alla sua 12\u00b0 edizione, presenta anche quest\u2019anno i lavori di registi austriaci che partecipano al concorso nelle rispettive sezioni:<\/p>\n<p>&nbsp;<\/p>\n<p style=\"text-align: justify;\">(Music Videos)<\/p>\n<p style=\"text-align: justify;\"><strong>MY GRANDMA SAYS WE HAVE NO FUTURE<\/strong>, di Rupert H\u00f6ller (2023 | 3\u2032)<\/p>\n<p style=\"text-align: justify;\">Musica di CARI CARI<\/p>\n<p>&nbsp;<\/p>\n<p style=\"text-align: justify;\">(Dance!)<\/p>\n<p style=\"text-align: justify;\"><strong>SHAKE STEW<\/strong>, di Rupert H\u00f6ller (2023 | 4\u2032)<\/p>\n<p style=\"text-align: justify;\">Un video di danza surreale in cui una ballerina si fonde con un paesaggio di palme e cactus.<\/p>\n<p>&nbsp;<\/p>\n<p style=\"text-align: justify;\">(La Grotta dei Piccoli)<\/p>\n<p style=\"text-align: justify;\"><strong>THE MISSING SPOTS<\/strong>, di Astrid Rothaug (2023 | 3\u2032)<\/p>\n<p>&nbsp;<\/p>\n<p style=\"text-align: justify;\">Per maggiori info: <span style=\"color: #0000ff;\"><a style=\"color: #0000ff;\" href=\"http:\/\/www.laguarimba.com\">www.laguarimba.com<\/a><\/span><\/p>\n<p style=\"text-align: justify;\">\u00a0<\/p>\n<p><\/p>","protected":false},"excerpt":{"rendered":"<p class=\"qtranxs-available-languages-message qtranxs-available-languages-message-de\">Leider ist der Eintrag nur auf <a href=\"https:\/\/www.austriacult.roma.it\/it\/wp-json\/wp\/v2\/tribe_events\/19917\" class=\"qtranxs-available-language-link qtranxs-available-language-link-it\" title=\"Italiano\">Italiano<\/a> verf\u00fcgbar. Der Inhalt wird unten in einer verf\u00fcgbaren Sprache angezeigt. Klicken Sie auf den Link, um die aktuelle Sprache zu \u00e4ndern.<\/p>\n<\/p>\n<p style=\"text-align: justify;\">La Guarimba International Film Festival \u00e8 a livello mondiale uno dei festival pi\u00f9 importanti a per quanto riguarda i cortometraggi. Giunto alla sua 12\u00b0 edizione, presenta anche quest\u2019anno i lavori di registi austriaci che partecipano al concorso nelle rispettive sezioni:<\/p>\n<p>&nbsp;<\/p>\n<p style=\"text-align: justify;\">(Music Videos)<\/p>\n<p style=\"text-align: justify;\">MY [&#8230;]<\/p>\n","protected":false},"author":2,"featured_media":19918,"comment_status":"closed","ping_status":"closed","template":"","meta":{"footnotes":""},"tags":[],"tribe_events_cat":[32,8],"class_list":["post-19917","tribe_events","type-tribe_events","status-publish","has-post-thumbnail","hentry","tribe_events_cat-programm","tribe_events_cat-kino","cat_programm","cat_kino"],"_links":{"self":[{"href":"https:\/\/www.austriacult.roma.it\/de\/wp-json\/wp\/v2\/tribe_events\/19917","targetHints":{"allow":["GET"]}}],"collection":[{"href":"https:\/\/www.austriacult.roma.it\/de\/wp-json\/wp\/v2\/tribe_events"}],"about":[{"href":"https:\/\/www.austriacult.roma.it\/de\/wp-json\/wp\/v2\/types\/tribe_events"}],"author":[{"embeddable":true,"href":"https:\/\/www.austriacult.roma.it\/de\/wp-json\/wp\/v2\/users\/2"}],"replies":[{"embeddable":true,"href":"https:\/\/www.austriacult.roma.it\/de\/wp-json\/wp\/v2\/comments?post=19917"}],"version-history":[{"count":3,"href":"https:\/\/www.austriacult.roma.it\/de\/wp-json\/wp\/v2\/tribe_events\/19917\/revisions"}],"predecessor-version":[{"id":19922,"href":"https:\/\/www.austriacult.roma.it\/de\/wp-json\/wp\/v2\/tribe_events\/19917\/revisions\/19922"}],"wp:featuredmedia":[{"embeddable":true,"href":"https:\/\/www.austriacult.roma.it\/de\/wp-json\/wp\/v2\/media\/19918"}],"wp:attachment":[{"href":"https:\/\/www.austriacult.roma.it\/de\/wp-json\/wp\/v2\/media?parent=19917"}],"wp:term":[{"taxonomy":"post_tag","embeddable":true,"href":"https:\/\/www.austriacult.roma.it\/de\/wp-json\/wp\/v2\/tags?post=19917"},{"taxonomy":"tribe_events_cat","embeddable":true,"href":"https:\/\/www.austriacult.roma.it\/de\/wp-json\/wp\/v2\/tribe_events_cat?post=19917"}],"curies":[{"name":"wp","href":"https:\/\/api.w.org\/{rel}","templated":true}]}}

<p class="qtranxs-available-languages-message qtranxs-available-languages-message-de">Leider ist der Eintrag nur auf <a href="https://www.austriacult.roma.it/it/wp-json/wp/v2/tribe_events/19917" class="qtranxs-available-language-link qtranxs-available-language-link-it" title="Italiano">Italiano</a> verfügbar. Der Inhalt wird unten in einer verfügbaren Sprache angezeigt. Klicken Sie auf den Link, um die aktuelle Sprache zu ändern.</p><p></p>
<p style="text-align: justify;"><strong>La Guarimba International Film Festival</strong> è a livello mondiale uno dei festival più importanti a per quanto riguarda i cortometraggi. Giunto alla sua 12° edizione, presenta anche quest’anno i lavori di registi austriaci che partecipano al concorso nelle rispettive sezioni:</p>
<p>&nbsp;</p>
<p style="text-align: justify;">(Music Videos)</p>
<p style="text-align: justify;"><strong>MY GRANDMA SAYS WE HAVE NO FUTURE</strong>, di Rupert Höller (2023 | 3′)</p>
<p style="text-align: justify;">Musica di CARI CARI</p>
<p>&nbsp;</p>
<p style="text-align: justify;">(Dance!)</p>
<p style="text-align: justify;"><strong>SHAKE STEW</strong>, di Rupert Höller (2023 | 4′)</p>
<p style="text-align: justify;">Un video di danza surreale in cui una ballerina si fonde con un paesaggio di palme e cactus.</p>
<p>&nbsp;</p>
<p style="text-align: justify;">(La Grotta dei Piccoli)</p>
<p style="text-align: justify;"><strong>THE MISSING SPOTS</strong>, di Astrid Rothaug (2023 | 3′)</p>
<p>&nbsp;</p>
<p style="text-align: justify;">Per maggiori info: <span style="color: #0000ff;"><a style="color: #0000ff;" href="http://www.laguarimba.com">www.laguarimba.com</a></span></p>
<p style="text-align: justify;"> </p>
<p></p>

<p class="qtranxs-available-languages-message qtranxs-available-languages-message-de">Leider ist der Eintrag nur auf <a href="https://www.austriacult.roma.it/it/wp-json/wp/v2/tribe_events/19917" class="qtranxs-available-language-link qtranxs-available-language-link-it" title="Italiano">Italiano</a> verfügbar. Der Inhalt wird unten in einer verfügbaren Sprache angezeigt. Klicken Sie auf den Link, um die aktuelle Sprache zu ändern.</p>
</p>
<p style="text-align: justify;">La Guarimba International Film Festival è a livello mondiale uno dei festival più importanti a per quanto riguarda i cortometraggi. Giunto alla sua 12° edizione, presenta anche quest’anno i lavori di registi austriaci che partecipano al concorso nelle rispettive sezioni:</p>
<p>&nbsp;</p>
<p style="text-align: justify;">(Music Videos)</p>
<p style="text-align: justify;">MY [&#8230;]</p>
