{"id":19887,"date":"2024-06-27T12:03:16","date_gmt":"2024-06-27T10:03:16","guid":{"rendered":"https:\/\/www.austriacult.roma.it\/?post_type=tribe_events&#038;p=19887"},"modified":"2024-06-27T12:04:16","modified_gmt":"2024-06-27T10:04:16","slug":"brown-1-tanz-company-gervasi","status":"publish","type":"tribe_events","link":"https:\/\/www.austriacult.roma.it\/de\/veranstaltung\/brown-1-tanz-company-gervasi\/","title":{"rendered":"BROWN-1 | Tanz Company Gervasi"},"content":{"rendered":"<p><\/p>\n<p style=\"text-align: justify;\">Elio Gervasi erforscht in diesem Tanzmanifest \u2013 ganz im Geiste Trisha Browns und unterst\u00fctzt von einem internationalen Ensemble &#8211; auf geniale Weise den Raum. Seine Choreografie folgt der Bewegung des K\u00f6rpers in seiner Quintessenz, bricht dabei lineare Strukturen auf und entwickelt ein \u00a0\u00a0eigenes Vokabular. Brown-1 ist ein von Trisha Browns &#8222;unstable molecular structure&#8220; inspirierter sozialer Mikrokosmos. Die T\u00e4nzer kreieren fl\u00fcchtige Systeme, verweilen in ihren Bewegungen und finden sich in Augenblicken vor\u00fcbergehender Harmonie wieder. Ihre K\u00f6rper, von der Poesie der Unerwarteten inspiriert, sprechen f\u00f6rmlich mit dem Raum und simplen geometrischen Objekten.<\/p>\n<p style=\"text-align: justify;\">Mit Brown-1 schuf die Tanz Company Gervasi eine Performance, die mit den traditionellen Erz\u00e4hlstrukturen bricht und einen ganz eigenen Stil f\u00fcr K\u00f6rperausdruck schafft. Die Performance kombiniert Abstraktion und Emotion und erlaubt dem K\u00f6rper die Erforschung seiner Sehns\u00fcchte, in gekonntem Gleichgewicht zwischen Innovation und Perfektion.<\/p>\n<p style=\"text-align: justify;\">Idee und Choreografie: Elio Gervasi<\/p>\n<p style=\"text-align: justify;\">Musik: Alessandro Vicard<\/p>\n<p style=\"text-align: justify;\">B\u00fchnenbild und Kost\u00fcme: Elio Gervasi<\/p>\n<p style=\"text-align: justify;\">Dramaturgie: Karl Baratta<\/p>\n<p style=\"text-align: justify;\">Assistenz: Julia Lundberg<\/p>\n<p style=\"text-align: justify;\">mit: Mairi Giannoula, Julia Lundberg, Benedykt Kr\u00f3l, Francesca Russo, \u00cdris \u00c1smundard\u00f3ttir, Joe La Luzerne, Nicola Manzoni, Sophia Barr, Paula Dominici und Perle Cayron<\/p>\n<p style=\"text-align: justify;\">Rezension (Deutsch): <span style=\"color: #0000ff;\"><a style=\"color: #0000ff;\" href=\"https:\/\/www.tanz.at\/kritiken\/kritiken-2023\/2831-tanz-company-gervasi-mit-brown-1\">www.tanz.at\/kritiken\/kritiken-2023\/2831-tanz-company-gervasi-mit-brown-1<\/a><\/span><\/p>\n<p style=\"text-align: justify;\">\u00a0<\/p>\n<p style=\"text-align: justify;\"><strong>Elio Gervasi<\/strong><\/p>\n<p style=\"text-align: justify;\">geboren in Cosenza (Italien), studierte er Klassischen Tanz in Rom, Modern Dance bei Peter Goss, Merce Cunningham, Jos\u00e9 Limon, Louis Falco und Susanne Linke, sowie Contemporary Dance, Contact Improvisation und Release Technique. Eine langj\u00e4hrige Zusammenarbeit (1979\u20131986) verbindet ihn mit Bob Curtis. Mit Federico Fellini arbeitete Gervasi in den Filmen\u00a0<em>Ginger and Fred<\/em>\u00a0und\u00a0<em>La nave va<\/em>. 1987 gr\u00fcndete er die Tanzkompanie Gervasi in Wien, die seither mehr als 50 Produktionen im In- und Ausland gezeigt hat. Gervasi erhielt in den vergangenen mehr als 30 Jahren zahlreiche Auszeichnungen der Kunstsektion des Bundeskanzleramtes, u. a.\u00a0<em>den \u00d6sterreichischen Tanzproduktionspreis<\/em>. Er ist zudem international als Gastchoreograf t\u00e4tig. Die Tanz Company Gervasi bereist mit ihren Produktionen regelm\u00e4\u00dfig \u00d6sterreich, Europa und S\u00fcdamerika.<\/p>\n<p style=\"text-align: justify;\"><span style=\"color: #0000ff;\"><a style=\"color: #0000ff;\" href=\"http:\/\/www.gervasi.at\">www.gervasi.at<\/a><\/span><\/p>\n<p style=\"text-align: justify;\">Mehr zum Festival: <span style=\"color: #0000ff;\"><a style=\"color: #0000ff;\" href=\"http:\/\/www.salernodanzafestival.net\">www.salernodanzafestival.net<\/a><\/span><\/p>\n<p>&nbsp;<\/p>\n<p><\/p>","protected":false},"excerpt":{"rendered":"<\/p>\n<p style=\"text-align: justify;\">Elio Gervasi erforscht in diesem Tanzmanifest \u2013 ganz im Geiste Trisha Browns und unterst\u00fctzt von einem internationalen Ensemble &#8211; auf geniale Weise den Raum. Seine Choreografie folgt der Bewegung des K\u00f6rpers in seiner Quintessenz, bricht dabei lineare Strukturen auf und entwickelt ein \u00a0\u00a0eigenes Vokabular. Brown-1 ist ein von Trisha Browns &#8222;unstable molecular structure&#8220; inspirierter sozialer Mikrokosmos. Die T\u00e4nzer kreieren fl\u00fcchtige Systeme, verweilen in ihren Bewegungen und finden sich in Augenblicken vor\u00fcbergehender Harmonie wieder. Ihre K\u00f6rper, von der Poesie [&#8230;]<\/p>\n","protected":false},"author":2,"featured_media":19888,"comment_status":"closed","ping_status":"closed","template":"","meta":{"footnotes":""},"tags":[],"tribe_events_cat":[32,305],"class_list":["post-19887","tribe_events","type-tribe_events","status-publish","has-post-thumbnail","hentry","tribe_events_cat-programm","tribe_events_cat-danza","cat_programm","cat_danza"],"_links":{"self":[{"href":"https:\/\/www.austriacult.roma.it\/de\/wp-json\/wp\/v2\/tribe_events\/19887","targetHints":{"allow":["GET"]}}],"collection":[{"href":"https:\/\/www.austriacult.roma.it\/de\/wp-json\/wp\/v2\/tribe_events"}],"about":[{"href":"https:\/\/www.austriacult.roma.it\/de\/wp-json\/wp\/v2\/types\/tribe_events"}],"author":[{"embeddable":true,"href":"https:\/\/www.austriacult.roma.it\/de\/wp-json\/wp\/v2\/users\/2"}],"replies":[{"embeddable":true,"href":"https:\/\/www.austriacult.roma.it\/de\/wp-json\/wp\/v2\/comments?post=19887"}],"version-history":[{"count":2,"href":"https:\/\/www.austriacult.roma.it\/de\/wp-json\/wp\/v2\/tribe_events\/19887\/revisions"}],"predecessor-version":[{"id":19892,"href":"https:\/\/www.austriacult.roma.it\/de\/wp-json\/wp\/v2\/tribe_events\/19887\/revisions\/19892"}],"wp:featuredmedia":[{"embeddable":true,"href":"https:\/\/www.austriacult.roma.it\/de\/wp-json\/wp\/v2\/media\/19888"}],"wp:attachment":[{"href":"https:\/\/www.austriacult.roma.it\/de\/wp-json\/wp\/v2\/media?parent=19887"}],"wp:term":[{"taxonomy":"post_tag","embeddable":true,"href":"https:\/\/www.austriacult.roma.it\/de\/wp-json\/wp\/v2\/tags?post=19887"},{"taxonomy":"tribe_events_cat","embeddable":true,"href":"https:\/\/www.austriacult.roma.it\/de\/wp-json\/wp\/v2\/tribe_events_cat?post=19887"}],"curies":[{"name":"wp","href":"https:\/\/api.w.org\/{rel}","templated":true}]}}

<p></p>
<p style="text-align: justify;">Elio Gervasi erforscht in diesem Tanzmanifest – ganz im Geiste Trisha Browns und unterstützt von einem internationalen Ensemble &#8211; auf geniale Weise den Raum. Seine Choreografie folgt der Bewegung des Körpers in seiner Quintessenz, bricht dabei lineare Strukturen auf und entwickelt ein   eigenes Vokabular. Brown-1 ist ein von Trisha Browns &#8222;unstable molecular structure&#8220; inspirierter sozialer Mikrokosmos. Die Tänzer kreieren flüchtige Systeme, verweilen in ihren Bewegungen und finden sich in Augenblicken vorübergehender Harmonie wieder. Ihre Körper, von der Poesie der Unerwarteten inspiriert, sprechen förmlich mit dem Raum und simplen geometrischen Objekten.</p>
<p style="text-align: justify;">Mit Brown-1 schuf die Tanz Company Gervasi eine Performance, die mit den traditionellen Erzählstrukturen bricht und einen ganz eigenen Stil für Körperausdruck schafft. Die Performance kombiniert Abstraktion und Emotion und erlaubt dem Körper die Erforschung seiner Sehnsüchte, in gekonntem Gleichgewicht zwischen Innovation und Perfektion.</p>
<p style="text-align: justify;">Idee und Choreografie: Elio Gervasi</p>
<p style="text-align: justify;">Musik: Alessandro Vicard</p>
<p style="text-align: justify;">Bühnenbild und Kostüme: Elio Gervasi</p>
<p style="text-align: justify;">Dramaturgie: Karl Baratta</p>
<p style="text-align: justify;">Assistenz: Julia Lundberg</p>
<p style="text-align: justify;">mit: Mairi Giannoula, Julia Lundberg, Benedykt Król, Francesca Russo, Íris Ásmundardóttir, Joe La Luzerne, Nicola Manzoni, Sophia Barr, Paula Dominici und Perle Cayron</p>
<p style="text-align: justify;">Rezension (Deutsch): <span style="color: #0000ff;"><a style="color: #0000ff;" href="https://www.tanz.at/kritiken/kritiken-2023/2831-tanz-company-gervasi-mit-brown-1">www.tanz.at/kritiken/kritiken-2023/2831-tanz-company-gervasi-mit-brown-1</a></span></p>
<p style="text-align: justify;"> </p>
<p style="text-align: justify;"><strong>Elio Gervasi</strong></p>
<p style="text-align: justify;">geboren in Cosenza (Italien), studierte er Klassischen Tanz in Rom, Modern Dance bei Peter Goss, Merce Cunningham, José Limon, Louis Falco und Susanne Linke, sowie Contemporary Dance, Contact Improvisation und Release Technique. Eine langjährige Zusammenarbeit (1979–1986) verbindet ihn mit Bob Curtis. Mit Federico Fellini arbeitete Gervasi in den Filmen <em>Ginger and Fred</em> und <em>La nave va</em>. 1987 gründete er die Tanzkompanie Gervasi in Wien, die seither mehr als 50 Produktionen im In- und Ausland gezeigt hat. Gervasi erhielt in den vergangenen mehr als 30 Jahren zahlreiche Auszeichnungen der Kunstsektion des Bundeskanzleramtes, u. a. <em>den Österreichischen Tanzproduktionspreis</em>. Er ist zudem international als Gastchoreograf tätig. Die Tanz Company Gervasi bereist mit ihren Produktionen regelmäßig Österreich, Europa und Südamerika.</p>
<p style="text-align: justify;"><span style="color: #0000ff;"><a style="color: #0000ff;" href="http://www.gervasi.at">www.gervasi.at</a></span></p>
<p style="text-align: justify;">Mehr zum Festival: <span style="color: #0000ff;"><a style="color: #0000ff;" href="http://www.salernodanzafestival.net">www.salernodanzafestival.net</a></span></p>
<p>&nbsp;</p>
<p></p>

</p>
<p style="text-align: justify;">Elio Gervasi erforscht in diesem Tanzmanifest – ganz im Geiste Trisha Browns und unterstützt von einem internationalen Ensemble &#8211; auf geniale Weise den Raum. Seine Choreografie folgt der Bewegung des Körpers in seiner Quintessenz, bricht dabei lineare Strukturen auf und entwickelt ein   eigenes Vokabular. Brown-1 ist ein von Trisha Browns &#8222;unstable molecular structure&#8220; inspirierter sozialer Mikrokosmos. Die Tänzer kreieren flüchtige Systeme, verweilen in ihren Bewegungen und finden sich in Augenblicken vorübergehender Harmonie wieder. Ihre Körper, von der Poesie [&#8230;]</p>
