{"id":17868,"date":"2024-04-29T10:47:46","date_gmt":"2024-04-29T08:47:46","guid":{"rendered":"https:\/\/www.austriacult.roma.it\/?post_type=tribe_events&#038;p=17868"},"modified":"2024-05-14T11:24:04","modified_gmt":"2024-05-14T09:24:04","slug":"dieter-kleinpeter-interazioni-wechselwirkungen-esposizione-personale","status":"publish","type":"tribe_events","link":"https:\/\/www.austriacult.roma.it\/de\/veranstaltung\/dieter-kleinpeter-interazioni-wechselwirkungen-esposizione-personale\/","title":{"rendered":"Interazioni \/ Wechselwirkungen | Dieter Kleinpeter"},"content":{"rendered":"<p><\/p>\n<p><strong>Kuratiert von Valentina Piredda-Sardinia<\/strong><\/p>\n<p>Die Bildtitel dieser Ausstellung in Alghero wie beispielsweise \u201ckampfmodus\u201d weisen bereits darauf hin, dass es hier um eine direkte Auseinandersetzung zwischen Maler und Malerei auf der Leinwand geht. So \u00e4hnlich wie in Beziehungen zwischen Menschen, geht es um K\u00e4mpfe, Konflikte und Vers\u00f6hnungen. \u00a0<\/p>\n<p>Das jahrzehntelange Schaffen von Dieter Kleinpeter reicht von der Figuration \u00fcber die Abstraktion bis zum Informalismus. Diese Ausdrucksformen hat er in sich aufgenommen, aber nie ganz aufgegeben. Seine \u00d6lmalerei ist eine st\u00e4ndige Wiederholung der stilistischen Aufhebung des Bildes, Nachbilder, rastloses Fil-rouge. Die treppenf\u00f6rmigen Pinselstriche, die wie Stacheln wirken, sind Kreuzungen zwischen Farbbl\u00f6cken, welche Profile von menschlichen K\u00f6rpern und Tieren in figurativen \u00dcberblendungen andeuten. Im Gro\u00dfteil der Werke findet sich eine Spur der chromatischen Phase der Pop-Art, w\u00e4hrend in den Arbeiten mit Bleistift auf Papier der nerv\u00f6s und zugleich expressive Strich vorherrscht, welcher eher an die \u00f6sterreichische Tradition nach 1945 erinnert.<br \/>\nDer K\u00fcnstler Dieter Kleinpeter fasst seine Arbeit wie folgt zusammen: \u201eDenkfiguren. Assoziativ, prozesshaft, emotional. R\u00e4ume des Imagin\u00e4ren. Dramen, Kom\u00f6dien, Possen? Konflikt und Vers\u00f6hnung als Kulisse f\u00fcr \u00fcberwiegend abstrakte Bilder. Parallelwelten, in Farben verschmolzen. Utopien und Dystopien. Fragen. Malerei\u201c.*<\/p>\n<p>Hans H\u00f6ller verkn\u00fcpft in seinem Essay \u201eFragile Verh\u00e4ltnisse &#8211; Vor\u00fcbergehend fixiert\u201c (2021) das Werk des \u00f6sterreichischen Malers mit den Beispielen der Moderne und findet darin die Voraussetzungen f\u00fcr eine \u00a0Kunst, die sich dem Experimentieren verschrieben hat: das Arbeiten mit Skizzen, Entw\u00fcrfen. Korrigieren, ver\u00e4ndern, verwerfen. Sich die Wirklichkeit vorstellen und sie umgestalten, ausgehend vom Fragment, von der Zerbrechlichkeit und Verg\u00e4nglichkeit der Realit\u00e4t.<\/p>\n<p>&nbsp;<\/p>\n<p>\u00a0\u201c<em>Dieter Kleinpeter, Interazioni\/Wechselwirkungen<\/em>\u201d ist Teil des Projekts Austriamentis\/Kunstschaffende 2024, kuratiert von Valentina Piredda-Sardinia, in Zusammenarbeit mit:\u00a0 Land Salzburg, \u00d6sterreichisches Kulturforum Rom, Ass. VP-Sardinia Fund, Ass. Salpare-Rom.<\/p>\n<p>&nbsp;<\/p>\n<p><strong>DIETER KLEINPETER<\/strong> wurde 1955 in Mauterndorf \/ Salzburg geboren. Von 1973 bis 1974 studierte er Malerei an der Universit\u00e4t f\u00fcr Angewandte Kunst in Wien und von 1974 bis 1976 Philosophie und Politikwissenschaft in Wien und Salzburg. 1976-82 studierte er Malerei und Grafik an der Hochschule f\u00fcr Bildende K\u00fcnste Braunschweig. Seine Auslandsaufenthalte und Studienreisen inkludieren u.a. Italien, Japan, Mexiko, Frankreich, USA. 1983 Rom-Stipendium, 1986 Theodor-Koerner-Preis, 1986 Hommage \u00e0 Kokoschka-Preis, 1990 Europ\u00e4ische Kulturstadt Glasgow, Schottland. 1993-2020 Professor f\u00fcr Malerei an der Universit\u00e4t Mozarteum Salzburg. Neben zahlreichen Einzel- und Gruppenausstellungen nahm er u.a. teil an: Art Basel, 45. Biennale di Venezia, Art Cologne, Art Frankfurt, Kunstmesse Wien. Kleinpeter lebt in Wien und Salzburg. <span style=\"color: #0000ff;\"><a style=\"color: #0000ff;\" href=\"http:\/\/www.kleinpeter.com\">www.kleinpeter.com<\/a><\/span><\/p>\n<p>&nbsp;<\/p>\n<p>&nbsp;<\/p>\n<p><\/p>","protected":false},"excerpt":{"rendered":"<\/p>\n<p>Kuratiert von Valentina Piredda-Sardinia<\/p>\n<p>Die Bildtitel dieser Ausstellung in Alghero wie beispielsweise \u201ckampfmodus\u201d weisen bereits darauf hin, dass es hier um eine direkte Auseinandersetzung zwischen Maler und Malerei auf der Leinwand geht. So \u00e4hnlich wie in Beziehungen zwischen Menschen, geht es um K\u00e4mpfe, Konflikte und Vers\u00f6hnungen. \u00a0<\/p>\n<p>Das jahrzehntelange Schaffen von Dieter Kleinpeter reicht von der Figuration \u00fcber die Abstraktion bis zum Informalismus. Diese Ausdrucksformen hat er in sich aufgenommen, aber nie ganz aufgegeben. Seine \u00d6lmalerei ist eine st\u00e4ndige Wiederholung der stilistischen [&#8230;]<\/p>\n","protected":false},"author":2,"featured_media":17869,"comment_status":"closed","ping_status":"closed","template":"","meta":{"footnotes":""},"tags":[],"tribe_events_cat":[32,20],"class_list":["post-17868","tribe_events","type-tribe_events","status-publish","has-post-thumbnail","hentry","tribe_events_cat-programm","tribe_events_cat-mostre","cat_programm","cat_mostre"],"_links":{"self":[{"href":"https:\/\/www.austriacult.roma.it\/de\/wp-json\/wp\/v2\/tribe_events\/17868","targetHints":{"allow":["GET"]}}],"collection":[{"href":"https:\/\/www.austriacult.roma.it\/de\/wp-json\/wp\/v2\/tribe_events"}],"about":[{"href":"https:\/\/www.austriacult.roma.it\/de\/wp-json\/wp\/v2\/types\/tribe_events"}],"author":[{"embeddable":true,"href":"https:\/\/www.austriacult.roma.it\/de\/wp-json\/wp\/v2\/users\/2"}],"replies":[{"embeddable":true,"href":"https:\/\/www.austriacult.roma.it\/de\/wp-json\/wp\/v2\/comments?post=17868"}],"version-history":[{"count":14,"href":"https:\/\/www.austriacult.roma.it\/de\/wp-json\/wp\/v2\/tribe_events\/17868\/revisions"}],"predecessor-version":[{"id":18070,"href":"https:\/\/www.austriacult.roma.it\/de\/wp-json\/wp\/v2\/tribe_events\/17868\/revisions\/18070"}],"wp:featuredmedia":[{"embeddable":true,"href":"https:\/\/www.austriacult.roma.it\/de\/wp-json\/wp\/v2\/media\/17869"}],"wp:attachment":[{"href":"https:\/\/www.austriacult.roma.it\/de\/wp-json\/wp\/v2\/media?parent=17868"}],"wp:term":[{"taxonomy":"post_tag","embeddable":true,"href":"https:\/\/www.austriacult.roma.it\/de\/wp-json\/wp\/v2\/tags?post=17868"},{"taxonomy":"tribe_events_cat","embeddable":true,"href":"https:\/\/www.austriacult.roma.it\/de\/wp-json\/wp\/v2\/tribe_events_cat?post=17868"}],"curies":[{"name":"wp","href":"https:\/\/api.w.org\/{rel}","templated":true}]}}

<p></p>
<p><strong>Kuratiert von Valentina Piredda-Sardinia</strong></p>
<p>Die Bildtitel dieser Ausstellung in Alghero wie beispielsweise “kampfmodus” weisen bereits darauf hin, dass es hier um eine direkte Auseinandersetzung zwischen Maler und Malerei auf der Leinwand geht. So ähnlich wie in Beziehungen zwischen Menschen, geht es um Kämpfe, Konflikte und Versöhnungen.  </p>
<p>Das jahrzehntelange Schaffen von Dieter Kleinpeter reicht von der Figuration über die Abstraktion bis zum Informalismus. Diese Ausdrucksformen hat er in sich aufgenommen, aber nie ganz aufgegeben. Seine Ölmalerei ist eine ständige Wiederholung der stilistischen Aufhebung des Bildes, Nachbilder, rastloses Fil-rouge. Die treppenförmigen Pinselstriche, die wie Stacheln wirken, sind Kreuzungen zwischen Farbblöcken, welche Profile von menschlichen Körpern und Tieren in figurativen Überblendungen andeuten. Im Großteil der Werke findet sich eine Spur der chromatischen Phase der Pop-Art, während in den Arbeiten mit Bleistift auf Papier der nervös und zugleich expressive Strich vorherrscht, welcher eher an die österreichische Tradition nach 1945 erinnert.<br />
Der Künstler Dieter Kleinpeter fasst seine Arbeit wie folgt zusammen: „Denkfiguren. Assoziativ, prozesshaft, emotional. Räume des Imaginären. Dramen, Komödien, Possen? Konflikt und Versöhnung als Kulisse für überwiegend abstrakte Bilder. Parallelwelten, in Farben verschmolzen. Utopien und Dystopien. Fragen. Malerei“.*</p>
<p>Hans Höller verknüpft in seinem Essay „Fragile Verhältnisse &#8211; Vorübergehend fixiert“ (2021) das Werk des österreichischen Malers mit den Beispielen der Moderne und findet darin die Voraussetzungen für eine  Kunst, die sich dem Experimentieren verschrieben hat: das Arbeiten mit Skizzen, Entwürfen. Korrigieren, verändern, verwerfen. Sich die Wirklichkeit vorstellen und sie umgestalten, ausgehend vom Fragment, von der Zerbrechlichkeit und Vergänglichkeit der Realität.</p>
<p>&nbsp;</p>
<p> “<em>Dieter Kleinpeter, Interazioni/Wechselwirkungen</em>” ist Teil des Projekts Austriamentis/Kunstschaffende 2024, kuratiert von Valentina Piredda-Sardinia, in Zusammenarbeit mit:  Land Salzburg, Österreichisches Kulturforum Rom, Ass. VP-Sardinia Fund, Ass. Salpare-Rom.</p>
<p>&nbsp;</p>
<p><strong>DIETER KLEINPETER</strong> wurde 1955 in Mauterndorf / Salzburg geboren. Von 1973 bis 1974 studierte er Malerei an der Universität für Angewandte Kunst in Wien und von 1974 bis 1976 Philosophie und Politikwissenschaft in Wien und Salzburg. 1976-82 studierte er Malerei und Grafik an der Hochschule für Bildende Künste Braunschweig. Seine Auslandsaufenthalte und Studienreisen inkludieren u.a. Italien, Japan, Mexiko, Frankreich, USA. 1983 Rom-Stipendium, 1986 Theodor-Koerner-Preis, 1986 Hommage à Kokoschka-Preis, 1990 Europäische Kulturstadt Glasgow, Schottland. 1993-2020 Professor für Malerei an der Universität Mozarteum Salzburg. Neben zahlreichen Einzel- und Gruppenausstellungen nahm er u.a. teil an: Art Basel, 45. Biennale di Venezia, Art Cologne, Art Frankfurt, Kunstmesse Wien. Kleinpeter lebt in Wien und Salzburg. <span style="color: #0000ff;"><a style="color: #0000ff;" href="http://www.kleinpeter.com">www.kleinpeter.com</a></span></p>
<p>&nbsp;</p>
<p>&nbsp;</p>
<p></p>

</p>
<p>Kuratiert von Valentina Piredda-Sardinia</p>
<p>Die Bildtitel dieser Ausstellung in Alghero wie beispielsweise “kampfmodus” weisen bereits darauf hin, dass es hier um eine direkte Auseinandersetzung zwischen Maler und Malerei auf der Leinwand geht. So ähnlich wie in Beziehungen zwischen Menschen, geht es um Kämpfe, Konflikte und Versöhnungen.  </p>
<p>Das jahrzehntelange Schaffen von Dieter Kleinpeter reicht von der Figuration über die Abstraktion bis zum Informalismus. Diese Ausdrucksformen hat er in sich aufgenommen, aber nie ganz aufgegeben. Seine Ölmalerei ist eine ständige Wiederholung der stilistischen [&#8230;]</p>
