{"id":17767,"date":"2024-04-23T16:08:33","date_gmt":"2024-04-23T14:08:33","guid":{"rendered":"https:\/\/www.austriacult.roma.it\/?post_type=tribe_events&#038;p=17767"},"modified":"2024-05-14T11:14:16","modified_gmt":"2024-05-14T09:14:16","slug":"expodemic-hans-schabus","status":"publish","type":"tribe_events","link":"https:\/\/www.austriacult.roma.it\/de\/veranstaltung\/expodemic-hans-schabus\/","title":{"rendered":"EXPODEMIC | Hans Schabus"},"content":{"rendered":"<p><\/p>\n<p><strong>Hans Schabus<\/strong> vertritt \u00d6sterreich bei EXPODEMIC, dem Festival der Akademien und ausl\u00e4ndischen Kulturinstitute in Rom, kuratiert von Lorenzo Benedetti mit Francesca Campana. Zu diesem Anlass hat der \u00f6sterreichische K\u00fcnstler ein Plakat entworfen, das, dem Konzept von Expodemic folgend, bis Ende August im Palazzo delle Esposizioni ausgestellt und in mehreren hundert Exemplaren <strong>kostenlos an alle Besucher des Kulturforums in der Viale Bruno Buozzi 113<\/strong> verteilt wird.<\/p>\n<p>EXPODEMIC ist ein Festival, das nun in seiner zweiten Ausgabe die enge Verbindung zwischen der Entstehung und Entwicklung von Ausstellungen und der Geschichte der Akademien durch die Einbeziehung ausl\u00e4ndischer K\u00fcnstler und historischer Dokumente in einer Reise erz\u00e4hlt, die die Bedeutung der Beziehung zwischen dem Palazzo Esposizioni Roma und dem kulturellen Netzwerk der Akademien und ausl\u00e4ndischen Kulturinstitute verdeutlicht und deren Reichtum und Vielfalt hervorhebt.<\/p>\n<p>Ausgehend von der Ausstellung im Palazzo Esposizioni breitet sich EXPODEMIC mit einer Reihe von Sammelplakaten, die zu diesem Anlass erstellt und kostenlos an den verschiedenen Standorten der Kulturpartner verteilt werden, im gesamten Stadtgebiet aus.<\/p>\n<p>Die Ausstellung wird au\u00dferdem durch ein \u00f6ffentliches Programm mit Begegnungen, Auff\u00fchrungen und Vorf\u00fchrungen im Palazzo Esposizioni sowie durch zahlreiche Ausstellungen, Veranstaltungen und offene Ateliers in den Akademien und Kulturinstituten bereichert.<\/p>\n<p>Informationen unter: <a href=\"https:\/\/www.palazzoesposizioniroma.it\/mostra\/expodemic-festival-delle-accademie-e-degli-istituti-di-cultura-stranieri\">https:\/\/www.palazzoesposizioniroma.it\/mostra\/expodemic-festival-delle-accademie-e-degli-istituti-di-cultura-stranieri<\/a><\/p>\n<p>&nbsp;<\/p>\n<p><strong>Hans Schabus<\/strong> wurde 1970 in Watsching, K\u00e4rnten, geboren. Er studierte an der Akademie der bildenden K\u00fcnste in Wien. Sein Werk besch\u00e4ftigt sich mit der Beziehung des Menschen zum Raum. Mit der Gestaltung von \u201eDas letzte Land\u201c f\u00fcr den \u00f6sterreichischen Pavillon im Rahmen der 40. Biennale in Venedig 2005 wurde er international bekannt. Seit 2014 unterrichtet er Bildhauerei und Raum an der Universit\u00e4t f\u00fcr angewandte Kunst in Wien. Er kann auf mehrere internationale Einzelausstellungen in Wien, Bonn, Kassel, London, Mailand, Lissabon und New York verweisen. Er lebt und arbeitet in Wien.<\/p>\n<p><\/p>","protected":false},"excerpt":{"rendered":"<\/p>\n<p>Hans Schabus vertritt \u00d6sterreich bei EXPODEMIC, dem Festival der Akademien und ausl\u00e4ndischen Kulturinstitute in Rom, kuratiert von Lorenzo Benedetti mit Francesca Campana. Zu diesem Anlass hat der \u00f6sterreichische K\u00fcnstler ein Plakat entworfen, das, dem Konzept von Expodemic folgend, bis Ende August im Palazzo delle Esposizioni ausgestellt und in mehreren hundert Exemplaren kostenlos an alle Besucher des Kulturforums in der Viale Bruno Buozzi 113 verteilt wird.<\/p>\n<p>EXPODEMIC ist ein Festival, das nun in seiner zweiten Ausgabe die enge Verbindung zwischen der Entstehung [&#8230;]<\/p>\n","protected":false},"author":2,"featured_media":17768,"comment_status":"closed","ping_status":"closed","template":"","meta":{"footnotes":""},"tags":[],"tribe_events_cat":[312,32,20],"class_list":["post-17767","tribe_events","type-tribe_events","status-publish","has-post-thumbnail","hentry","tribe_events_cat-arte-contemporanea","tribe_events_cat-programm","tribe_events_cat-mostre","cat_arte-contemporanea","cat_programm","cat_mostre"],"_links":{"self":[{"href":"https:\/\/www.austriacult.roma.it\/de\/wp-json\/wp\/v2\/tribe_events\/17767","targetHints":{"allow":["GET"]}}],"collection":[{"href":"https:\/\/www.austriacult.roma.it\/de\/wp-json\/wp\/v2\/tribe_events"}],"about":[{"href":"https:\/\/www.austriacult.roma.it\/de\/wp-json\/wp\/v2\/types\/tribe_events"}],"author":[{"embeddable":true,"href":"https:\/\/www.austriacult.roma.it\/de\/wp-json\/wp\/v2\/users\/2"}],"replies":[{"embeddable":true,"href":"https:\/\/www.austriacult.roma.it\/de\/wp-json\/wp\/v2\/comments?post=17767"}],"version-history":[{"count":7,"href":"https:\/\/www.austriacult.roma.it\/de\/wp-json\/wp\/v2\/tribe_events\/17767\/revisions"}],"predecessor-version":[{"id":18065,"href":"https:\/\/www.austriacult.roma.it\/de\/wp-json\/wp\/v2\/tribe_events\/17767\/revisions\/18065"}],"wp:featuredmedia":[{"embeddable":true,"href":"https:\/\/www.austriacult.roma.it\/de\/wp-json\/wp\/v2\/media\/17768"}],"wp:attachment":[{"href":"https:\/\/www.austriacult.roma.it\/de\/wp-json\/wp\/v2\/media?parent=17767"}],"wp:term":[{"taxonomy":"post_tag","embeddable":true,"href":"https:\/\/www.austriacult.roma.it\/de\/wp-json\/wp\/v2\/tags?post=17767"},{"taxonomy":"tribe_events_cat","embeddable":true,"href":"https:\/\/www.austriacult.roma.it\/de\/wp-json\/wp\/v2\/tribe_events_cat?post=17767"}],"curies":[{"name":"wp","href":"https:\/\/api.w.org\/{rel}","templated":true}]}}

<p></p>
<p><strong>Hans Schabus</strong> vertritt Österreich bei EXPODEMIC, dem Festival der Akademien und ausländischen Kulturinstitute in Rom, kuratiert von Lorenzo Benedetti mit Francesca Campana. Zu diesem Anlass hat der österreichische Künstler ein Plakat entworfen, das, dem Konzept von Expodemic folgend, bis Ende August im Palazzo delle Esposizioni ausgestellt und in mehreren hundert Exemplaren <strong>kostenlos an alle Besucher des Kulturforums in der Viale Bruno Buozzi 113</strong> verteilt wird.</p>
<p>EXPODEMIC ist ein Festival, das nun in seiner zweiten Ausgabe die enge Verbindung zwischen der Entstehung und Entwicklung von Ausstellungen und der Geschichte der Akademien durch die Einbeziehung ausländischer Künstler und historischer Dokumente in einer Reise erzählt, die die Bedeutung der Beziehung zwischen dem Palazzo Esposizioni Roma und dem kulturellen Netzwerk der Akademien und ausländischen Kulturinstitute verdeutlicht und deren Reichtum und Vielfalt hervorhebt.</p>
<p>Ausgehend von der Ausstellung im Palazzo Esposizioni breitet sich EXPODEMIC mit einer Reihe von Sammelplakaten, die zu diesem Anlass erstellt und kostenlos an den verschiedenen Standorten der Kulturpartner verteilt werden, im gesamten Stadtgebiet aus.</p>
<p>Die Ausstellung wird außerdem durch ein öffentliches Programm mit Begegnungen, Aufführungen und Vorführungen im Palazzo Esposizioni sowie durch zahlreiche Ausstellungen, Veranstaltungen und offene Ateliers in den Akademien und Kulturinstituten bereichert.</p>
<p>Informationen unter: <a href="https://www.palazzoesposizioniroma.it/mostra/expodemic-festival-delle-accademie-e-degli-istituti-di-cultura-stranieri">https://www.palazzoesposizioniroma.it/mostra/expodemic-festival-delle-accademie-e-degli-istituti-di-cultura-stranieri</a></p>
<p>&nbsp;</p>
<p><strong>Hans Schabus</strong> wurde 1970 in Watsching, Kärnten, geboren. Er studierte an der Akademie der bildenden Künste in Wien. Sein Werk beschäftigt sich mit der Beziehung des Menschen zum Raum. Mit der Gestaltung von „Das letzte Land“ für den österreichischen Pavillon im Rahmen der 40. Biennale in Venedig 2005 wurde er international bekannt. Seit 2014 unterrichtet er Bildhauerei und Raum an der Universität für angewandte Kunst in Wien. Er kann auf mehrere internationale Einzelausstellungen in Wien, Bonn, Kassel, London, Mailand, Lissabon und New York verweisen. Er lebt und arbeitet in Wien.</p>
<p></p>

</p>
<p>Hans Schabus vertritt Österreich bei EXPODEMIC, dem Festival der Akademien und ausländischen Kulturinstitute in Rom, kuratiert von Lorenzo Benedetti mit Francesca Campana. Zu diesem Anlass hat der österreichische Künstler ein Plakat entworfen, das, dem Konzept von Expodemic folgend, bis Ende August im Palazzo delle Esposizioni ausgestellt und in mehreren hundert Exemplaren kostenlos an alle Besucher des Kulturforums in der Viale Bruno Buozzi 113 verteilt wird.</p>
<p>EXPODEMIC ist ein Festival, das nun in seiner zweiten Ausgabe die enge Verbindung zwischen der Entstehung [&#8230;]</p>
