{"id":17755,"date":"2024-04-23T15:35:12","date_gmt":"2024-04-23T13:35:12","guid":{"rendered":"https:\/\/www.austriacult.roma.it\/?post_type=tribe_events&#038;p=17755"},"modified":"2024-05-02T16:29:59","modified_gmt":"2024-05-02T14:29:59","slug":"literatur-parade-tedesco-lingua-ospite-a-salto24","status":"publish","type":"tribe_events","link":"https:\/\/www.austriacult.roma.it\/de\/veranstaltung\/literatur-parade-tedesco-lingua-ospite-a-salto24\/","title":{"rendered":"Literatur Parade \u2013 TEDESCO LINGUA OSPITE A #SalTo24"},"content":{"rendered":"<p><\/p>\n<p style=\"text-align: justify;\">Auf der Internationalen Buchmesse in Turin (Salone Internazionale del Libro di Torino, 9.-13. Mai 2024) pr\u00e4sentiert sich die deutsche Sprache als Ehrengast. F\u00fcnfundzwanzig deutschsprachige AutorInnen sind Teil des Programms der \u201e<strong>Literatur Parade. Gastsprache Deutsch #SalTo24\u201c<\/strong>, einer von \u00d6sterreich, Deutschland und der Schweiz gef\u00f6rderten Stand- und Programmpr\u00e4senz auf der Messe und in der Stadt.<\/p>\n<p style=\"text-align: justify;\">Das Programm der deutschen Gastsprache zeigt die Vielfalt der deutschsprachigen Literatur in \u00dcbersetzung. Die Themen der vor Ort pr\u00e4sentierten B\u00fccher reichen von Fragen zu Herkunft und Familie, Erinnerung und Vergessen, Flucht und Migration bis hin zu Nachhaltigkeit. Daneben wird es vor Ort noch neben Buchpr\u00e4sentationen viele andere Highlights geben wie beispielsweise die \u201eRead Parade\u201c, bei welcher sich AutorInnen auf die Stra\u00dfe Turins begeben, um das Erz\u00e4hlen-wie es oftmals in fr\u00fcheren Zeiten praktiziert wurde zu zelebrieren: n\u00e4mlich in der Gemeinschaft. Deutschland, die Schweiz und \u00d6sterreich sind Teil einer bedeutenden Sprach- und Literaturgemeinschaft, und die Entscheidung f\u00fcr Deutsch als Gastsprache auf der Buchmesse spiegelt und best\u00e4tigt ihre internationale Bedeutung und bietet eine einzigartige Gelegenheit, den Reichtum der deutschen Sprache zu w\u00fcrdigen und zu f\u00f6rdern.<\/p>\n<p style=\"text-align: justify;\">Die TeilnehmerInnen f\u00fcr \u00d6sterreich sind: Angela Lehner (Buch: \u201cVater Unser\u201d), Julya Rabinowich (B\u00fccher: \u201cDer Geruch von Ru\u00df und Rosen\u201d, \u201cDazwischen: Ich\u201d, \u201cDazwischen: Wir\u201d), Jimi Lend e Nicolas Mahler (Buch: \u201cKomplett Kafka\u201d).<\/p>\n<p><strong>Angela Lehner<\/strong> 09.05.2024, 18.15 Uhr, Sala Internazionale<br \/>\n<strong>Nicolas Mahler<\/strong> 10.5.2024, 16 Uhr, Sala Lingua Ospite<br \/>\n<strong>Julya Rabinowich<\/strong> 12.5.2024, 15 Uhr, Sala Lingua Ospite, und 13.5.2024, 10.30 Uhr, Sala Internazionale<\/p>\n<p style=\"text-align: justify;\"><span style=\"color: #0000ff;\"><a style=\"color: #0000ff;\" href=\"https:\/\/www.salonelibro.it\/press-room\/comunicati-stampa.html\">Pressemeldung<\/a><\/span><\/p>\n<p style=\"text-align: justify;\">F\u00fcr weitere Infos: <a href=\"https:\/\/www.bmeia.gv.at\/kf-mailand\"><span style=\"color: #0000ff;\">www.bmeia.gv.at\/kf-mailand<\/span><\/a><\/p>\n<p style=\"text-align: justify;\">Tickets: <span style=\"color: #0000ff;\"><a style=\"color: #0000ff;\" href=\"https:\/\/www.salonelibro.it\/visita\/biglietti.html\">www.salonelibro.it\/visita\/biglietti.html<\/a>\u00a0<\/span><\/p>\n<p style=\"text-align: justify;\">\u00a0<\/p>\n<p>&nbsp;<\/p>\n<p><\/p>","protected":false},"excerpt":{"rendered":"<\/p>\n<p style=\"text-align: justify;\">Auf der Internationalen Buchmesse in Turin (Salone Internazionale del Libro di Torino, 9.-13. Mai 2024) pr\u00e4sentiert sich die deutsche Sprache als Ehrengast. F\u00fcnfundzwanzig deutschsprachige AutorInnen sind Teil des Programms der \u201eLiteratur Parade. Gastsprache Deutsch #SalTo24\u201c, einer von \u00d6sterreich, Deutschland und der Schweiz gef\u00f6rderten Stand- und Programmpr\u00e4senz auf der Messe und in der Stadt.<\/p>\n<p style=\"text-align: justify;\">Das Programm der deutschen Gastsprache zeigt die Vielfalt der deutschsprachigen Literatur in \u00dcbersetzung. Die Themen der vor Ort pr\u00e4sentierten B\u00fccher reichen von Fragen zu [&#8230;]<\/p>\n","protected":false},"author":2,"featured_media":17756,"comment_status":"closed","ping_status":"closed","template":"","meta":{"footnotes":""},"tags":[],"tribe_events_cat":[32,4],"class_list":["post-17755","tribe_events","type-tribe_events","status-publish","has-post-thumbnail","hentry","tribe_events_cat-programm","tribe_events_cat-literatur","cat_programm","cat_literatur"],"_links":{"self":[{"href":"https:\/\/www.austriacult.roma.it\/de\/wp-json\/wp\/v2\/tribe_events\/17755","targetHints":{"allow":["GET"]}}],"collection":[{"href":"https:\/\/www.austriacult.roma.it\/de\/wp-json\/wp\/v2\/tribe_events"}],"about":[{"href":"https:\/\/www.austriacult.roma.it\/de\/wp-json\/wp\/v2\/types\/tribe_events"}],"author":[{"embeddable":true,"href":"https:\/\/www.austriacult.roma.it\/de\/wp-json\/wp\/v2\/users\/2"}],"replies":[{"embeddable":true,"href":"https:\/\/www.austriacult.roma.it\/de\/wp-json\/wp\/v2\/comments?post=17755"}],"version-history":[{"count":8,"href":"https:\/\/www.austriacult.roma.it\/de\/wp-json\/wp\/v2\/tribe_events\/17755\/revisions"}],"predecessor-version":[{"id":17935,"href":"https:\/\/www.austriacult.roma.it\/de\/wp-json\/wp\/v2\/tribe_events\/17755\/revisions\/17935"}],"wp:featuredmedia":[{"embeddable":true,"href":"https:\/\/www.austriacult.roma.it\/de\/wp-json\/wp\/v2\/media\/17756"}],"wp:attachment":[{"href":"https:\/\/www.austriacult.roma.it\/de\/wp-json\/wp\/v2\/media?parent=17755"}],"wp:term":[{"taxonomy":"post_tag","embeddable":true,"href":"https:\/\/www.austriacult.roma.it\/de\/wp-json\/wp\/v2\/tags?post=17755"},{"taxonomy":"tribe_events_cat","embeddable":true,"href":"https:\/\/www.austriacult.roma.it\/de\/wp-json\/wp\/v2\/tribe_events_cat?post=17755"}],"curies":[{"name":"wp","href":"https:\/\/api.w.org\/{rel}","templated":true}]}}

<p></p>
<p style="text-align: justify;">Auf der Internationalen Buchmesse in Turin (Salone Internazionale del Libro di Torino, 9.-13. Mai 2024) präsentiert sich die deutsche Sprache als Ehrengast. Fünfundzwanzig deutschsprachige AutorInnen sind Teil des Programms der „<strong>Literatur Parade. Gastsprache Deutsch #SalTo24“</strong>, einer von Österreich, Deutschland und der Schweiz geförderten Stand- und Programmpräsenz auf der Messe und in der Stadt.</p>
<p style="text-align: justify;">Das Programm der deutschen Gastsprache zeigt die Vielfalt der deutschsprachigen Literatur in Übersetzung. Die Themen der vor Ort präsentierten Bücher reichen von Fragen zu Herkunft und Familie, Erinnerung und Vergessen, Flucht und Migration bis hin zu Nachhaltigkeit. Daneben wird es vor Ort noch neben Buchpräsentationen viele andere Highlights geben wie beispielsweise die „Read Parade“, bei welcher sich AutorInnen auf die Straße Turins begeben, um das Erzählen-wie es oftmals in früheren Zeiten praktiziert wurde zu zelebrieren: nämlich in der Gemeinschaft. Deutschland, die Schweiz und Österreich sind Teil einer bedeutenden Sprach- und Literaturgemeinschaft, und die Entscheidung für Deutsch als Gastsprache auf der Buchmesse spiegelt und bestätigt ihre internationale Bedeutung und bietet eine einzigartige Gelegenheit, den Reichtum der deutschen Sprache zu würdigen und zu fördern.</p>
<p style="text-align: justify;">Die TeilnehmerInnen für Österreich sind: Angela Lehner (Buch: “Vater Unser”), Julya Rabinowich (Bücher: “Der Geruch von Ruß und Rosen”, “Dazwischen: Ich”, “Dazwischen: Wir”), Jimi Lend e Nicolas Mahler (Buch: “Komplett Kafka”).</p>
<p><strong>Angela Lehner</strong> 09.05.2024, 18.15 Uhr, Sala Internazionale<br />
<strong>Nicolas Mahler</strong> 10.5.2024, 16 Uhr, Sala Lingua Ospite<br />
<strong>Julya Rabinowich</strong> 12.5.2024, 15 Uhr, Sala Lingua Ospite, und 13.5.2024, 10.30 Uhr, Sala Internazionale</p>
<p style="text-align: justify;"><span style="color: #0000ff;"><a style="color: #0000ff;" href="https://www.salonelibro.it/press-room/comunicati-stampa.html">Pressemeldung</a></span></p>
<p style="text-align: justify;">Für weitere Infos: <a href="https://www.bmeia.gv.at/kf-mailand"><span style="color: #0000ff;">www.bmeia.gv.at/kf-mailand</span></a></p>
<p style="text-align: justify;">Tickets: <span style="color: #0000ff;"><a style="color: #0000ff;" href="https://www.salonelibro.it/visita/biglietti.html">www.salonelibro.it/visita/biglietti.html</a> </span></p>
<p style="text-align: justify;"> </p>
<p>&nbsp;</p>
<p></p>

</p>
<p style="text-align: justify;">Auf der Internationalen Buchmesse in Turin (Salone Internazionale del Libro di Torino, 9.-13. Mai 2024) präsentiert sich die deutsche Sprache als Ehrengast. Fünfundzwanzig deutschsprachige AutorInnen sind Teil des Programms der „Literatur Parade. Gastsprache Deutsch #SalTo24“, einer von Österreich, Deutschland und der Schweiz geförderten Stand- und Programmpräsenz auf der Messe und in der Stadt.</p>
<p style="text-align: justify;">Das Programm der deutschen Gastsprache zeigt die Vielfalt der deutschsprachigen Literatur in Übersetzung. Die Themen der vor Ort präsentierten Bücher reichen von Fragen zu [&#8230;]</p>
