{"id":17499,"date":"2024-03-22T12:46:03","date_gmt":"2024-03-22T11:46:03","guid":{"rendered":"https:\/\/www.austriacult.roma.it\/?post_type=tribe_events&#038;p=17499"},"modified":"2024-04-18T12:28:54","modified_gmt":"2024-04-18T10:28:54","slug":"they-say-leave-me-the-birds-and-the-bees-anna-anderluh-voce-autoharp-pianoforte","status":"publish","type":"tribe_events","link":"https:\/\/www.austriacult.roma.it\/de\/veranstaltung\/they-say-leave-me-the-birds-and-the-bees-anna-anderluh-stimme-harfe-klavier\/","title":{"rendered":"THEY SAY LEAVE ME THE BIRDS AND THE BEES\u2026 | Anna Anderluh (Stimme, Harfe, Klavier)"},"content":{"rendered":"<p><\/p>\n<p><strong>\u2026 AND I SAY YES, BUT LEAVE ME THE TV AND SOME FAT CHEESE TO&#8230;<img loading=\"lazy\" decoding=\"async\" class=\"wpa-warning wpa-image-missing-alt alignright wp-image-16888 size-thumbnail\" src=\"https:\/\/www.austriacult.roma.it\/wp-content\/uploads\/2024\/02\/VITA-GIARDINO-HP-150x150.jpg\" alt=\"Logo VITA GIARDINO\" width=\"150\" height=\"150\" data-warning=\"Missing alt text\" srcset=\"https:\/\/www.austriacult.roma.it\/wp-content\/uploads\/2024\/02\/VITA-GIARDINO-HP-150x150.jpg 150w, https:\/\/www.austriacult.roma.it\/wp-content\/uploads\/2024\/02\/VITA-GIARDINO-HP-1536x1536.jpg 1536w, https:\/\/www.austriacult.roma.it\/wp-content\/uploads\/2024\/02\/VITA-GIARDINO-HP-2048x2048.jpg 2048w, https:\/\/www.austriacult.roma.it\/wp-content\/uploads\/2024\/02\/VITA-GIARDINO-HP-350x350.jpg 350w\" sizes=\"auto, (max-width: 150px) 100vw, 150px\" \/><\/strong><\/p>\n<p>&nbsp;<\/p>\n<p>\u201eThey say leave me the birds and the bees, and I say Yes, but leave me the TV and some fat cheese to\u201c, so lautet der Titel des Solokonzerts von Anna Anderluh.<\/p>\n<p>&nbsp;<\/p>\n<p>Anna Anderluhs Musik, welche sie selbst als \u201ePop mit Riss\u201c bezeichnet, schl\u00e4gt eine Br\u00fccke zwischen zarter Poesie und harter Sozialkritik; zwischen zerbrechlichen, simplen Liedern und experimenteller Vokalimprovisation.<\/p>\n<p>Mit Humor und Einf\u00fchlsamkeit sp\u00fcrt sie der Magie scheinbar unbedeutender Kleinigkeiten nach, welche sie gl\u00e4nzen l\u00e4sst, ohne ihnen zus\u00e4tzliche Politur aufzuzwingen.<\/p>\n<p>Daraus entstehen unkonventionelle Kl\u00e4nge ber\u00fchrender Ehrlichkeit, die sich \u00fcber Eile und Effekthascherei hinwegsetzen, sich jedesmal anders zeigen und nie den Anschein erwecken wollen fertig zu sein.<\/p>\n<p>Denn fertig ist fad.<\/p>\n<p>F\u00fcr das Leitthema VITA GIARDINO w\u00e4hlt Anna Anderluh St\u00fccke aus ihrem Programm, die sich textlich mit ihrer Beziehung zur Natur besch\u00e4ftigen. Es geht um starre Strukturen, die sich in flexible Algengebilde verwandeln, oder um den Apfelbaum, der obwohl er keine Fr\u00fcchte tr\u00e4gt, trotzdem einer ist, sowie um das Entkommen aus der Kleingartenh\u00f6lle.<\/p>\n<p>Auch setzt sie sich mit der Ver\u00e4nderung unseres Klimas auseinander, und stellt letztlich die Frage, was mit den Menschen passiert, die sich in virtuelle Welten fl\u00fcchten, weil ihnen der Bezug zur Natur abhanden gekommen ist.<\/p>\n<p>&nbsp;<\/p>\n<p>&#8222;Anna Anderluh nimmt sich buchst\u00e4blich kein Blatt vor den Mund &#8211; daf\u00fcr schon lieber ein Plastiksackerl zwischendurch.&#8220; (Agnes Heginger)<\/p>\n<p>&nbsp;<\/p>\n<p>\u201eAufrichtig bis an die Schmerzgrenze\u201c (Verena G\u00f6ltl)<\/p>\n<p>&nbsp;<\/p>\n<p><u>Programm<\/u><\/p>\n<p><em>Leave me Something Stupid<\/em><\/p>\n<p><em>Bye Bye Bench <\/em><\/p>\n<p><em>Loreley <\/em><\/p>\n<p><em>Die karge Landschaft <\/em><\/p>\n<p><em>Staudamm <\/em><\/p>\n<p><em>Der Apfelbaum <\/em><\/p>\n<p><em>My own Private black whole <\/em><\/p>\n<p><em>Feriendorf<\/em><\/p>\n<p><em>\u00d6de an den freien Willen <\/em><\/p>\n<p><em>Lobau <\/em><\/p>\n<p>&nbsp;<\/p>\n<p>Alle St\u00fccke (Musik und Texte) sind von Anna Anderluh (\u201eLoreley\u201c Text von Heinrich Heine)<\/p>\n<p>&nbsp;<\/p>\n<p><strong>ANNA ANDERLUH<\/strong> S\u00e4ngerin, Komponistin, Performerin und Musikerin, geboren in Klagenfurt, bewegt sich zwischen Jazz und Literatur, Musiktheater und Performance, experimenteller und zeitgen\u00f6ssischer Musik. Ein wesentlicher Teil ihres Schaffens besteht dabei aus Improvisation und Unvollendetem. Momentan ist sie Mitglied des 13-k\u00f6pfigen Kollektives &#8218;Little Rosies Kindergarten&#8216; (Porgy &amp; Bess Stage Band 2021\/22); spielt zusammen mit dem Gitarristen und Songwriter Alex Miksch, im Trio &#8218;Enfeurage&#8216; gemeinsam mit David Gratzer und Lukas Aichinger; sie ist Gr\u00fcnderin des Ensembles &#8218;Hals &#8211; freefall a-capella&#8216;, singt im Jazz-Orchester Christoph Cech und schreibt und performt Musik zu Theaterst\u00fccken, u.a. zu denen von Franz von Strolchen. Im Jahr 2021 wurde ihr erstes Soloalbum &#8222;Leave me Something Stupid&#8220; ver\u00f6ffentlicht, das performative und poetische Momente mit gesellschaftskritischen Inhalten verbindet.<\/p>\n<p><span style=\"color: #0000ff;\"><a style=\"color: #0000ff;\" href=\"http:\/\/www.annaanderluh.com\">www.annaanderluh.com<\/a><\/span><\/p>\n<p><iframe loading=\"lazy\" title=\"Anna Anderluh - Let Go\" width=\"1170\" height=\"658\" src=\"https:\/\/www.youtube.com\/embed\/qDFU3UbxNk4?feature=oembed\" frameborder=\"0\" allow=\"accelerometer; autoplay; clipboard-write; encrypted-media; gyroscope; picture-in-picture; web-share\" referrerpolicy=\"strict-origin-when-cross-origin\" allowfullscreen><\/iframe><\/p>\n<p><iframe loading=\"lazy\" title=\"Anna Anderluh - Lobau [official video]\" width=\"1170\" height=\"658\" src=\"https:\/\/www.youtube.com\/embed\/8WYInhnBVTw?feature=oembed\" frameborder=\"0\" allow=\"accelerometer; autoplay; clipboard-write; encrypted-media; gyroscope; picture-in-picture; web-share\" referrerpolicy=\"strict-origin-when-cross-origin\" allowfullscreen><\/iframe><\/p>\n<p><iframe loading=\"lazy\" title=\"Anna Anderluh - Leave me Something Stupid\" width=\"1170\" height=\"658\" src=\"https:\/\/www.youtube.com\/embed\/hFY52abTZUo?feature=oembed\" frameborder=\"0\" allow=\"accelerometer; autoplay; clipboard-write; encrypted-media; gyroscope; picture-in-picture; web-share\" referrerpolicy=\"strict-origin-when-cross-origin\" allowfullscreen><\/iframe><\/p>\n<p>&nbsp;<\/p>\n<p>&nbsp;<\/p>\n<p><\/p>","protected":false},"excerpt":{"rendered":"<\/p>\n<p>\u2026 AND I SAY YES, BUT LEAVE ME THE TV AND SOME FAT CHEESE TO&#8230;<\/p>\n<p>&nbsp;<\/p>\n<p>\u201eThey say leave me the birds and the bees, and I say Yes, but leave me the TV and some fat cheese to\u201c, so lautet der Titel des Solokonzerts von Anna Anderluh.<\/p>\n<p>&nbsp;<\/p>\n<p>Anna Anderluhs Musik, welche sie selbst als \u201ePop mit Riss\u201c bezeichnet, schl\u00e4gt eine Br\u00fccke zwischen zarter Poesie und harter Sozialkritik; zwischen zerbrechlichen, simplen Liedern und experimenteller Vokalimprovisation.<\/p>\n<p>Mit Humor und Einf\u00fchlsamkeit sp\u00fcrt sie der Magie scheinbar [&#8230;]<\/p>\n","protected":false},"author":2,"featured_media":17500,"comment_status":"closed","ping_status":"closed","template":"","meta":{"footnotes":""},"tags":[],"tribe_events_cat":[313,32,3],"class_list":["post-17499","tribe_events","type-tribe_events","status-publish","has-post-thumbnail","hentry","tribe_events_cat-concerto","tribe_events_cat-programm","tribe_events_cat-musik","cat_concerto","cat_programm","cat_musik"],"_links":{"self":[{"href":"https:\/\/www.austriacult.roma.it\/de\/wp-json\/wp\/v2\/tribe_events\/17499","targetHints":{"allow":["GET"]}}],"collection":[{"href":"https:\/\/www.austriacult.roma.it\/de\/wp-json\/wp\/v2\/tribe_events"}],"about":[{"href":"https:\/\/www.austriacult.roma.it\/de\/wp-json\/wp\/v2\/types\/tribe_events"}],"author":[{"embeddable":true,"href":"https:\/\/www.austriacult.roma.it\/de\/wp-json\/wp\/v2\/users\/2"}],"replies":[{"embeddable":true,"href":"https:\/\/www.austriacult.roma.it\/de\/wp-json\/wp\/v2\/comments?post=17499"}],"version-history":[{"count":11,"href":"https:\/\/www.austriacult.roma.it\/de\/wp-json\/wp\/v2\/tribe_events\/17499\/revisions"}],"predecessor-version":[{"id":17715,"href":"https:\/\/www.austriacult.roma.it\/de\/wp-json\/wp\/v2\/tribe_events\/17499\/revisions\/17715"}],"wp:featuredmedia":[{"embeddable":true,"href":"https:\/\/www.austriacult.roma.it\/de\/wp-json\/wp\/v2\/media\/17500"}],"wp:attachment":[{"href":"https:\/\/www.austriacult.roma.it\/de\/wp-json\/wp\/v2\/media?parent=17499"}],"wp:term":[{"taxonomy":"post_tag","embeddable":true,"href":"https:\/\/www.austriacult.roma.it\/de\/wp-json\/wp\/v2\/tags?post=17499"},{"taxonomy":"tribe_events_cat","embeddable":true,"href":"https:\/\/www.austriacult.roma.it\/de\/wp-json\/wp\/v2\/tribe_events_cat?post=17499"}],"curies":[{"name":"wp","href":"https:\/\/api.w.org\/{rel}","templated":true}]}}

<p></p>
<p><strong>… AND I SAY YES, BUT LEAVE ME THE TV AND SOME FAT CHEESE TO&#8230;<img loading="lazy" decoding="async" class="wpa-warning wpa-image-missing-alt alignright wp-image-16888 size-thumbnail" src="https://www.austriacult.roma.it/wp-content/uploads/2024/02/VITA-GIARDINO-HP-150x150.jpg" alt="Logo VITA GIARDINO" width="150" height="150" data-warning="Missing alt text" srcset="https://www.austriacult.roma.it/wp-content/uploads/2024/02/VITA-GIARDINO-HP-150x150.jpg 150w, https://www.austriacult.roma.it/wp-content/uploads/2024/02/VITA-GIARDINO-HP-1536x1536.jpg 1536w, https://www.austriacult.roma.it/wp-content/uploads/2024/02/VITA-GIARDINO-HP-2048x2048.jpg 2048w, https://www.austriacult.roma.it/wp-content/uploads/2024/02/VITA-GIARDINO-HP-350x350.jpg 350w" sizes="auto, (max-width: 150px) 100vw, 150px" /></strong></p>
<p>&nbsp;</p>
<p>„They say leave me the birds and the bees, and I say Yes, but leave me the TV and some fat cheese to“, so lautet der Titel des Solokonzerts von Anna Anderluh.</p>
<p>&nbsp;</p>
<p>Anna Anderluhs Musik, welche sie selbst als „Pop mit Riss“ bezeichnet, schlägt eine Brücke zwischen zarter Poesie und harter Sozialkritik; zwischen zerbrechlichen, simplen Liedern und experimenteller Vokalimprovisation.</p>
<p>Mit Humor und Einfühlsamkeit spürt sie der Magie scheinbar unbedeutender Kleinigkeiten nach, welche sie glänzen lässt, ohne ihnen zusätzliche Politur aufzuzwingen.</p>
<p>Daraus entstehen unkonventionelle Klänge berührender Ehrlichkeit, die sich über Eile und Effekthascherei hinwegsetzen, sich jedesmal anders zeigen und nie den Anschein erwecken wollen fertig zu sein.</p>
<p>Denn fertig ist fad.</p>
<p>Für das Leitthema VITA GIARDINO wählt Anna Anderluh Stücke aus ihrem Programm, die sich textlich mit ihrer Beziehung zur Natur beschäftigen. Es geht um starre Strukturen, die sich in flexible Algengebilde verwandeln, oder um den Apfelbaum, der obwohl er keine Früchte trägt, trotzdem einer ist, sowie um das Entkommen aus der Kleingartenhölle.</p>
<p>Auch setzt sie sich mit der Veränderung unseres Klimas auseinander, und stellt letztlich die Frage, was mit den Menschen passiert, die sich in virtuelle Welten flüchten, weil ihnen der Bezug zur Natur abhanden gekommen ist.</p>
<p>&nbsp;</p>
<p>&#8222;Anna Anderluh nimmt sich buchstäblich kein Blatt vor den Mund &#8211; dafür schon lieber ein Plastiksackerl zwischendurch.&#8220; (Agnes Heginger)</p>
<p>&nbsp;</p>
<p>„Aufrichtig bis an die Schmerzgrenze“ (Verena Göltl)</p>
<p>&nbsp;</p>
<p><u>Programm</u></p>
<p><em>Leave me Something Stupid</em></p>
<p><em>Bye Bye Bench </em></p>
<p><em>Loreley </em></p>
<p><em>Die karge Landschaft </em></p>
<p><em>Staudamm </em></p>
<p><em>Der Apfelbaum </em></p>
<p><em>My own Private black whole </em></p>
<p><em>Feriendorf</em></p>
<p><em>Öde an den freien Willen </em></p>
<p><em>Lobau </em></p>
<p>&nbsp;</p>
<p>Alle Stücke (Musik und Texte) sind von Anna Anderluh („Loreley“ Text von Heinrich Heine)</p>
<p>&nbsp;</p>
<p><strong>ANNA ANDERLUH</strong> Sängerin, Komponistin, Performerin und Musikerin, geboren in Klagenfurt, bewegt sich zwischen Jazz und Literatur, Musiktheater und Performance, experimenteller und zeitgenössischer Musik. Ein wesentlicher Teil ihres Schaffens besteht dabei aus Improvisation und Unvollendetem. Momentan ist sie Mitglied des 13-köpfigen Kollektives &#8218;Little Rosies Kindergarten&#8216; (Porgy &amp; Bess Stage Band 2021/22); spielt zusammen mit dem Gitarristen und Songwriter Alex Miksch, im Trio &#8218;Enfeurage&#8216; gemeinsam mit David Gratzer und Lukas Aichinger; sie ist Gründerin des Ensembles &#8218;Hals &#8211; freefall a-capella&#8216;, singt im Jazz-Orchester Christoph Cech und schreibt und performt Musik zu Theaterstücken, u.a. zu denen von Franz von Strolchen. Im Jahr 2021 wurde ihr erstes Soloalbum &#8222;Leave me Something Stupid&#8220; veröffentlicht, das performative und poetische Momente mit gesellschaftskritischen Inhalten verbindet.</p>
<p><span style="color: #0000ff;"><a style="color: #0000ff;" href="http://www.annaanderluh.com">www.annaanderluh.com</a></span></p>
<p><iframe loading="lazy" title="Anna Anderluh - Let Go" width="1170" height="658" src="https://www.youtube.com/embed/qDFU3UbxNk4?feature=oembed" frameborder="0" allow="accelerometer; autoplay; clipboard-write; encrypted-media; gyroscope; picture-in-picture; web-share" referrerpolicy="strict-origin-when-cross-origin" allowfullscreen></iframe></p>
<p><iframe loading="lazy" title="Anna Anderluh - Lobau [official video]" width="1170" height="658" src="https://www.youtube.com/embed/8WYInhnBVTw?feature=oembed" frameborder="0" allow="accelerometer; autoplay; clipboard-write; encrypted-media; gyroscope; picture-in-picture; web-share" referrerpolicy="strict-origin-when-cross-origin" allowfullscreen></iframe></p>
<p><iframe loading="lazy" title="Anna Anderluh - Leave me Something Stupid" width="1170" height="658" src="https://www.youtube.com/embed/hFY52abTZUo?feature=oembed" frameborder="0" allow="accelerometer; autoplay; clipboard-write; encrypted-media; gyroscope; picture-in-picture; web-share" referrerpolicy="strict-origin-when-cross-origin" allowfullscreen></iframe></p>
<p>&nbsp;</p>
<p>&nbsp;</p>
<p></p>

</p>
<p>… AND I SAY YES, BUT LEAVE ME THE TV AND SOME FAT CHEESE TO&#8230;</p>
<p>&nbsp;</p>
<p>„They say leave me the birds and the bees, and I say Yes, but leave me the TV and some fat cheese to“, so lautet der Titel des Solokonzerts von Anna Anderluh.</p>
<p>&nbsp;</p>
<p>Anna Anderluhs Musik, welche sie selbst als „Pop mit Riss“ bezeichnet, schlägt eine Brücke zwischen zarter Poesie und harter Sozialkritik; zwischen zerbrechlichen, simplen Liedern und experimenteller Vokalimprovisation.</p>
<p>Mit Humor und Einfühlsamkeit spürt sie der Magie scheinbar [&#8230;]</p>
