{"id":13948,"date":"2023-10-20T12:16:21","date_gmt":"2023-10-20T10:16:21","guid":{"rendered":"https:\/\/www.austriacult.roma.it\/?post_type=tribe_events&#038;p=13948"},"modified":"2023-11-27T15:01:11","modified_gmt":"2023-11-27T14:01:11","slug":"generazione-beta-la-grande-opera-franzi-kreis","status":"publish","type":"tribe_events","link":"https:\/\/www.austriacult.roma.it\/de\/veranstaltung\/generazione-beta-la-grande-opera-franzi-kreis\/","title":{"rendered":"GENERAZIONE BETA \u2013 LA GRANDE OPERA | Franzi Kreis"},"content":{"rendered":"<p><\/p>\n<p style=\"text-align: justify;\"><span style=\"color: #ff0000;\">DIE AUSSTELLUNG IST AM 30. NOVEMBER UND 4. DEZEMBER 2023 GESCHLOSSEN.<\/span><\/p>\n<p style=\"text-align: justify;\">\u00abEs ist unglaublich bewegend, wie soziale und politische Themen unserer Zeit sich in privaten Biografien wiederfinden und wie nacherz\u00e4hlte Lebenslinien Antworten auf gro\u00dfe Fragen der Menschheit beinhalten.\u00bb (Franzi Kreis)<\/p>\n<p style=\"text-align: justify;\">Die Wiener Fotok\u00fcnstlerin Franzi Kreis pr\u00e4sentiert in ihrer Ausstellung die Lebensgeschichten von 16 Menschen aus Rom und Wien. <strong>DIE GROSSE OPER<\/strong> erz\u00e4hlt von allen H\u00f6hen und Tiefen des Lebens. Frauen erz\u00e4hlen \u00fcber die Leben ihrer M\u00fctter, M\u00e4nner \u00fcber die Leben ihrer V\u00e4ter. Die Ausstellung besteht aus Fotografien und Kopfh\u00f6rern, \u00fcber die man binnen Sekunden in die Tiefe einer Lebensgeschichte taucht.<\/p>\n<p style=\"text-align: justify;\">Eine Dame schwelgt in den Erinnerungen an ihren Mann, der ein ber\u00fchmter Operns\u00e4nger aus Sizilien war und den sie als 17-J\u00e4hrige in der Mail\u00e4nder Scala kennengelernt hat. Vor den Kl\u00e4ngen der Opernmusik erz\u00e4hlt sie von der Flucht ihrer Mutter aus Wien in den Wirren des 2. Weltkriegs. Unter anderem durch eine Scheinehe in Prag und einen Aufenthalt in Frankreich \u00fcberlebten ihre Eltern, aus einer j\u00fcdischen Familie stammend und Aktivisten der kommunistischen Bewegung, den Holocaust. Eine Familiengeschichte, die aus dem pers\u00f6nlichsten Winkel europ\u00e4ische Zeitgeschichte beleuchtet.<\/p>\n<p style=\"text-align: justify;\">Veronica hingegen ist Investigativjournalistin und nahm Franzi Kreis auf ihrem Roller mit ins Verkehrsget\u00fcmmel Roms: \u201eIch bin in einem Matriachat aufgewachsen\u201c, erz\u00e4hlt sie in die Sonne blinzelnd. Im Puls der sp\u00e4tsommerlichen Stadt spannen sich Erz\u00e4hlb\u00f6gen von Wien nach Rom.<\/p>\n<p style=\"text-align: justify;\">Die Ausstellung kann bis zum 26. Januar 2024 von Montag bis Freitag zwischen 9 und 17 Uhr besucht werden (ausgenommen Feiertage).<\/p>\n<p style=\"text-align: justify;\">\u00a0<\/p>\n<p style=\"text-align: justify;\"><strong>Biografie<\/strong><\/p>\n<p style=\"text-align: justify;\"><strong>Franzi Kreis <\/strong>machte mit den Ausstellungen \u201eFinding Motherland\u201d und \u201eFather Earth\u201d von Wien bis Sarajevo auf sich aufmerksam. Die K\u00fcnstlerin arbeitet mit dem Medium Fotografie, Audio und Film und lebt in Wien. Seit 2015 zeigt Franzi Kreis ihre narrative, k\u00fcnstlerische Produktion in zahlreichen Pr\u00e4sentationen. Projekte u.a. f\u00fcr die Wiener Festwochen, Brut, Landestheater Nieder\u00f6sterreich und f\u00fcr das Volkstheater Wien erg\u00e4nzen ihre T\u00e4tigkeit. Im Herbst 2020 erschien ihr erster Bildband \u201eLimelight\u201c. Aktuell ist sie in \u201eDie Scham\u201c von Annie Ernaux live auf der B\u00fchne der Dunkelkammer im Wiener Volkstheater zu sehen. Die gepinselten Dunkelkammer-Arbeiten werden in der Galerie Lukas Feichtner gezeigt.<\/p>\n<p><span style=\"color: #993366;\"><a style=\"color: #993366;\" href=\"http:\/\/www.franzikreis.com\" target=\"_blank\" rel=\"noopener\">www.franzikreis.com<\/a><\/span><\/p>\n<p>&nbsp;<\/p>\n<p>&nbsp;<\/p>\n<p><\/p>","protected":false},"excerpt":{"rendered":"<\/p>\n<p style=\"text-align: justify;\">DIE AUSSTELLUNG IST AM 30. NOVEMBER UND 4. DEZEMBER 2023 GESCHLOSSEN.<\/p>\n<p style=\"text-align: justify;\">\u00abEs ist unglaublich bewegend, wie soziale und politische Themen unserer Zeit sich in privaten Biografien wiederfinden und wie nacherz\u00e4hlte Lebenslinien Antworten auf gro\u00dfe Fragen der Menschheit beinhalten.\u00bb (Franzi Kreis)<\/p>\n<p style=\"text-align: justify;\">Die Wiener Fotok\u00fcnstlerin Franzi Kreis pr\u00e4sentiert in ihrer Ausstellung die Lebensgeschichten von 16 Menschen aus Rom und Wien. DIE GROSSE OPER erz\u00e4hlt von allen H\u00f6hen und Tiefen des Lebens. Frauen erz\u00e4hlen \u00fcber die Leben ihrer M\u00fctter, [&#8230;]<\/p>\n","protected":false},"author":2,"featured_media":13999,"comment_status":"closed","ping_status":"closed","template":"","meta":{"footnotes":""},"tags":[],"tribe_events_cat":[290],"class_list":["post-13948","tribe_events","type-tribe_events","status-publish","has-post-thumbnail","hentry","tribe_events_cat-inaugurazione","cat_inaugurazione"],"_links":{"self":[{"href":"https:\/\/www.austriacult.roma.it\/de\/wp-json\/wp\/v2\/tribe_events\/13948","targetHints":{"allow":["GET"]}}],"collection":[{"href":"https:\/\/www.austriacult.roma.it\/de\/wp-json\/wp\/v2\/tribe_events"}],"about":[{"href":"https:\/\/www.austriacult.roma.it\/de\/wp-json\/wp\/v2\/types\/tribe_events"}],"author":[{"embeddable":true,"href":"https:\/\/www.austriacult.roma.it\/de\/wp-json\/wp\/v2\/users\/2"}],"replies":[{"embeddable":true,"href":"https:\/\/www.austriacult.roma.it\/de\/wp-json\/wp\/v2\/comments?post=13948"}],"version-history":[{"count":7,"href":"https:\/\/www.austriacult.roma.it\/de\/wp-json\/wp\/v2\/tribe_events\/13948\/revisions"}],"predecessor-version":[{"id":14138,"href":"https:\/\/www.austriacult.roma.it\/de\/wp-json\/wp\/v2\/tribe_events\/13948\/revisions\/14138"}],"wp:featuredmedia":[{"embeddable":true,"href":"https:\/\/www.austriacult.roma.it\/de\/wp-json\/wp\/v2\/media\/13999"}],"wp:attachment":[{"href":"https:\/\/www.austriacult.roma.it\/de\/wp-json\/wp\/v2\/media?parent=13948"}],"wp:term":[{"taxonomy":"post_tag","embeddable":true,"href":"https:\/\/www.austriacult.roma.it\/de\/wp-json\/wp\/v2\/tags?post=13948"},{"taxonomy":"tribe_events_cat","embeddable":true,"href":"https:\/\/www.austriacult.roma.it\/de\/wp-json\/wp\/v2\/tribe_events_cat?post=13948"}],"curies":[{"name":"wp","href":"https:\/\/api.w.org\/{rel}","templated":true}]}}

<p></p>
<p style="text-align: justify;"><span style="color: #ff0000;">DIE AUSSTELLUNG IST AM 30. NOVEMBER UND 4. DEZEMBER 2023 GESCHLOSSEN.</span></p>
<p style="text-align: justify;">«Es ist unglaublich bewegend, wie soziale und politische Themen unserer Zeit sich in privaten Biografien wiederfinden und wie nacherzählte Lebenslinien Antworten auf große Fragen der Menschheit beinhalten.» (Franzi Kreis)</p>
<p style="text-align: justify;">Die Wiener Fotokünstlerin Franzi Kreis präsentiert in ihrer Ausstellung die Lebensgeschichten von 16 Menschen aus Rom und Wien. <strong>DIE GROSSE OPER</strong> erzählt von allen Höhen und Tiefen des Lebens. Frauen erzählen über die Leben ihrer Mütter, Männer über die Leben ihrer Väter. Die Ausstellung besteht aus Fotografien und Kopfhörern, über die man binnen Sekunden in die Tiefe einer Lebensgeschichte taucht.</p>
<p style="text-align: justify;">Eine Dame schwelgt in den Erinnerungen an ihren Mann, der ein berühmter Opernsänger aus Sizilien war und den sie als 17-Jährige in der Mailänder Scala kennengelernt hat. Vor den Klängen der Opernmusik erzählt sie von der Flucht ihrer Mutter aus Wien in den Wirren des 2. Weltkriegs. Unter anderem durch eine Scheinehe in Prag und einen Aufenthalt in Frankreich überlebten ihre Eltern, aus einer jüdischen Familie stammend und Aktivisten der kommunistischen Bewegung, den Holocaust. Eine Familiengeschichte, die aus dem persönlichsten Winkel europäische Zeitgeschichte beleuchtet.</p>
<p style="text-align: justify;">Veronica hingegen ist Investigativjournalistin und nahm Franzi Kreis auf ihrem Roller mit ins Verkehrsgetümmel Roms: „Ich bin in einem Matriachat aufgewachsen“, erzählt sie in die Sonne blinzelnd. Im Puls der spätsommerlichen Stadt spannen sich Erzählbögen von Wien nach Rom.</p>
<p style="text-align: justify;">Die Ausstellung kann bis zum 26. Januar 2024 von Montag bis Freitag zwischen 9 und 17 Uhr besucht werden (ausgenommen Feiertage).</p>
<p style="text-align: justify;"> </p>
<p style="text-align: justify;"><strong>Biografie</strong></p>
<p style="text-align: justify;"><strong>Franzi Kreis </strong>machte mit den Ausstellungen „Finding Motherland” und „Father Earth” von Wien bis Sarajevo auf sich aufmerksam. Die Künstlerin arbeitet mit dem Medium Fotografie, Audio und Film und lebt in Wien. Seit 2015 zeigt Franzi Kreis ihre narrative, künstlerische Produktion in zahlreichen Präsentationen. Projekte u.a. für die Wiener Festwochen, Brut, Landestheater Niederösterreich und für das Volkstheater Wien ergänzen ihre Tätigkeit. Im Herbst 2020 erschien ihr erster Bildband „Limelight“. Aktuell ist sie in „Die Scham“ von Annie Ernaux live auf der Bühne der Dunkelkammer im Wiener Volkstheater zu sehen. Die gepinselten Dunkelkammer-Arbeiten werden in der Galerie Lukas Feichtner gezeigt.</p>
<p><span style="color: #993366;"><a style="color: #993366;" href="http://www.franzikreis.com" target="_blank" rel="noopener">www.franzikreis.com</a></span></p>
<p>&nbsp;</p>
<p>&nbsp;</p>
<p></p>

</p>
<p style="text-align: justify;">DIE AUSSTELLUNG IST AM 30. NOVEMBER UND 4. DEZEMBER 2023 GESCHLOSSEN.</p>
<p style="text-align: justify;">«Es ist unglaublich bewegend, wie soziale und politische Themen unserer Zeit sich in privaten Biografien wiederfinden und wie nacherzählte Lebenslinien Antworten auf große Fragen der Menschheit beinhalten.» (Franzi Kreis)</p>
<p style="text-align: justify;">Die Wiener Fotokünstlerin Franzi Kreis präsentiert in ihrer Ausstellung die Lebensgeschichten von 16 Menschen aus Rom und Wien. DIE GROSSE OPER erzählt von allen Höhen und Tiefen des Lebens. Frauen erzählen über die Leben ihrer Mütter, [&#8230;]</p>
