{"id":13745,"date":"2023-09-18T11:13:56","date_gmt":"2023-09-18T09:13:56","guid":{"rendered":"https:\/\/www.austriacult.roma.it\/?post_type=tribe_events&#038;p=13745"},"modified":"2023-10-02T14:21:00","modified_gmt":"2023-10-02T12:21:00","slug":"la-roma-di-ingeborg-bachmann","status":"publish","type":"tribe_events","link":"https:\/\/www.austriacult.roma.it\/de\/veranstaltung\/das-rom-von-ingeborg-bachmann\/","title":{"rendered":"Das Rom von Ingeborg Bachmann"},"content":{"rendered":"<p><\/p>\n<p style=\"text-align: justify;\"><strong>Mit Ilaria Gaspari auf den Spuren der Dichterin<\/strong><\/p>\n<p style=\"text-align: justify;\">Die \u00f6sterreichische Dichterin Ingeborg Bachmann reiste Anfang der 50er Jahre auf Einladung ihres guten Freundes, dem Komponisten Hans Werner Henze, nach Italien.<\/p>\n<p style=\"text-align: justify;\">So entdeckte sie Rom, eine Stadt, in der sie nur ein paar Wochen weilen wollte, die aber f\u00fcr sie zu einer zweiten Heimat wurde. Au\u00dfer ein paar Reisen ins Ausland und zur\u00fcck nach \u00d6sterreich, wurde Ingeborg Bachmann im Laufe der folgenden zwanzig Jahre eine \u201ehalbe R\u00f6merin\u201c: Und in Rom, in ihrer Wohnung im pr\u00e4chtigen Palazzo Sacchetti in der Via Giulia, ereignete sich eines Nachts Ende September 1973 auch der t\u00f6dliche Unfall, an dem sie vor genau f\u00fcnfzig Jahren starb. Vor dieser tragischen Nacht lebte die Dichterin jedoch an verschiedenen Orten des historischen Zentrums. Sie berichtete dar\u00fcber in den Texten und Reportagen aus dieser Zeit, die Rom gewidmet waren und die den Geist und die Faszination der Stadt mit viel Witz einfingen.<\/p>\n<p style=\"text-align: justify;\">Ihren Worten folgend werden wir uns bei unserem Spaziergang auf ihre Spuren begeben, von Adresse zu Adresse gehen und die wichtigsten Etappen ihres Lebens in Bezug auf die Orte, in denen sie in Rom gelebt hat, rekonstruieren (Piazza della Quercia, Via Vecchiarelli, Via Giulia, Via Bocca di Leone). \u00a0<\/p>\n<p style=\"text-align: justify;\">Teilnahme gratis nach Anmeldung:<span style=\"color: #993366;\"> <a style=\"color: #993366;\" href=\"https:\/\/www.goethe.de\/ins\/it\/de\/sta\/rom\/ver\/iba.html\" target=\"_blank\" rel=\"noopener\">https:\/\/www.goethe.de\/ins\/it\/de\/sta\/rom\/ver\/iba.html<\/a>\u00a0<\/span><\/p>\n<p style=\"text-align: justify;\">+39 06 84400541<\/p>\n<p style=\"text-align: justify;\"><span style=\"color: #993366;\"><a style=\"color: #993366;\" href=\"mailto:info-roma@goethe.de\" target=\"_blank\" rel=\"noopener\">info-roma@goethe.de<\/a><\/span><\/p>\n<p>&nbsp;<\/p>\n<p>&nbsp;<\/p>\n<p><\/p>","protected":false},"excerpt":{"rendered":"<\/p>\n<p style=\"text-align: justify;\">Mit Ilaria Gaspari auf den Spuren der Dichterin<\/p>\n<p style=\"text-align: justify;\">Die \u00f6sterreichische Dichterin Ingeborg Bachmann reiste Anfang der 50er Jahre auf Einladung ihres guten Freundes, dem Komponisten Hans Werner Henze, nach Italien.<\/p>\n<p style=\"text-align: justify;\">So entdeckte sie Rom, eine Stadt, in der sie nur ein paar Wochen weilen wollte, die aber f\u00fcr sie zu einer zweiten Heimat wurde. Au\u00dfer ein paar Reisen ins Ausland und zur\u00fcck nach \u00d6sterreich, wurde Ingeborg Bachmann im Laufe der folgenden zwanzig Jahre eine \u201ehalbe R\u00f6merin\u201c: [&#8230;]<\/p>\n","protected":false},"author":2,"featured_media":13746,"comment_status":"closed","ping_status":"closed","template":"","meta":{"footnotes":""},"tags":[],"tribe_events_cat":[318,4],"class_list":["post-13745","tribe_events","type-tribe_events","status-publish","has-post-thumbnail","hentry","tribe_events_cat-passegiata","tribe_events_cat-literatur","cat_passegiata","cat_literatur"],"_links":{"self":[{"href":"https:\/\/www.austriacult.roma.it\/de\/wp-json\/wp\/v2\/tribe_events\/13745","targetHints":{"allow":["GET"]}}],"collection":[{"href":"https:\/\/www.austriacult.roma.it\/de\/wp-json\/wp\/v2\/tribe_events"}],"about":[{"href":"https:\/\/www.austriacult.roma.it\/de\/wp-json\/wp\/v2\/types\/tribe_events"}],"author":[{"embeddable":true,"href":"https:\/\/www.austriacult.roma.it\/de\/wp-json\/wp\/v2\/users\/2"}],"replies":[{"embeddable":true,"href":"https:\/\/www.austriacult.roma.it\/de\/wp-json\/wp\/v2\/comments?post=13745"}],"version-history":[{"count":0,"href":"https:\/\/www.austriacult.roma.it\/de\/wp-json\/wp\/v2\/tribe_events\/13745\/revisions"}],"wp:featuredmedia":[{"embeddable":true,"href":"https:\/\/www.austriacult.roma.it\/de\/wp-json\/wp\/v2\/media\/13746"}],"wp:attachment":[{"href":"https:\/\/www.austriacult.roma.it\/de\/wp-json\/wp\/v2\/media?parent=13745"}],"wp:term":[{"taxonomy":"post_tag","embeddable":true,"href":"https:\/\/www.austriacult.roma.it\/de\/wp-json\/wp\/v2\/tags?post=13745"},{"taxonomy":"tribe_events_cat","embeddable":true,"href":"https:\/\/www.austriacult.roma.it\/de\/wp-json\/wp\/v2\/tribe_events_cat?post=13745"}],"curies":[{"name":"wp","href":"https:\/\/api.w.org\/{rel}","templated":true}]}}

<p></p>
<p style="text-align: justify;"><strong>Mit Ilaria Gaspari auf den Spuren der Dichterin</strong></p>
<p style="text-align: justify;">Die österreichische Dichterin Ingeborg Bachmann reiste Anfang der 50er Jahre auf Einladung ihres guten Freundes, dem Komponisten Hans Werner Henze, nach Italien.</p>
<p style="text-align: justify;">So entdeckte sie Rom, eine Stadt, in der sie nur ein paar Wochen weilen wollte, die aber für sie zu einer zweiten Heimat wurde. Außer ein paar Reisen ins Ausland und zurück nach Österreich, wurde Ingeborg Bachmann im Laufe der folgenden zwanzig Jahre eine „halbe Römerin“: Und in Rom, in ihrer Wohnung im prächtigen Palazzo Sacchetti in der Via Giulia, ereignete sich eines Nachts Ende September 1973 auch der tödliche Unfall, an dem sie vor genau fünfzig Jahren starb. Vor dieser tragischen Nacht lebte die Dichterin jedoch an verschiedenen Orten des historischen Zentrums. Sie berichtete darüber in den Texten und Reportagen aus dieser Zeit, die Rom gewidmet waren und die den Geist und die Faszination der Stadt mit viel Witz einfingen.</p>
<p style="text-align: justify;">Ihren Worten folgend werden wir uns bei unserem Spaziergang auf ihre Spuren begeben, von Adresse zu Adresse gehen und die wichtigsten Etappen ihres Lebens in Bezug auf die Orte, in denen sie in Rom gelebt hat, rekonstruieren (Piazza della Quercia, Via Vecchiarelli, Via Giulia, Via Bocca di Leone).  </p>
<p style="text-align: justify;">Teilnahme gratis nach Anmeldung:<span style="color: #993366;"> <a style="color: #993366;" href="https://www.goethe.de/ins/it/de/sta/rom/ver/iba.html" target="_blank" rel="noopener">https://www.goethe.de/ins/it/de/sta/rom/ver/iba.html</a> </span></p>
<p style="text-align: justify;">+39 06 84400541</p>
<p style="text-align: justify;"><span style="color: #993366;"><a style="color: #993366;" href="mailto:info-roma@goethe.de" target="_blank" rel="noopener">info-roma@goethe.de</a></span></p>
<p>&nbsp;</p>
<p>&nbsp;</p>
<p></p>

</p>
<p style="text-align: justify;">Mit Ilaria Gaspari auf den Spuren der Dichterin</p>
<p style="text-align: justify;">Die österreichische Dichterin Ingeborg Bachmann reiste Anfang der 50er Jahre auf Einladung ihres guten Freundes, dem Komponisten Hans Werner Henze, nach Italien.</p>
<p style="text-align: justify;">So entdeckte sie Rom, eine Stadt, in der sie nur ein paar Wochen weilen wollte, die aber für sie zu einer zweiten Heimat wurde. Außer ein paar Reisen ins Ausland und zurück nach Österreich, wurde Ingeborg Bachmann im Laufe der folgenden zwanzig Jahre eine „halbe Römerin“: [&#8230;]</p>
