{"id":13268,"date":"2023-05-30T11:11:52","date_gmt":"2023-05-30T09:11:52","guid":{"rendered":"https:\/\/www.austriacult.roma.it\/?post_type=tribe_events&#038;p=13268"},"modified":"2023-06-06T15:22:48","modified_gmt":"2023-06-06T13:22:48","slug":"13268","status":"publish","type":"tribe_events","link":"https:\/\/www.austriacult.roma.it\/de\/veranstaltung\/13268\/","title":{"rendered":"SERVIAM &#8211; ICH WILL DIENEN"},"content":{"rendered":"<p><\/p>\n<p>Regie: Ruth Mader (2022, Dauer: 106\u2018)\u00a0<br \/>\nMit Maria Dragus, Leona Lindinger, Anna Elisabeth Berger<\/p>\n<p>Ein katholisches M\u00e4dcheninternat, Teil einer abgeschiedenen Institution am Rande von Wien, die wohlhabende \u00f6sterreichische Elite und ihre Kinder. Die Schule floriert, der Glaube ist jedoch im Niedergang begriffen, die oberen Stockwerke des Internats stehen bereits leer.<br \/>\nDie Internatsleiterin, eine junge energetische Klosterschwester, k\u00e4mpft mit Hingabe gegen den Niedergang des Glaubens. Die zw\u00f6lfj\u00e4hrige Martha, ein Liebling der Schwester, ist ein tief gl\u00e4ubiges M\u00e4dchen, das die S\u00fcnden der Welt s\u00fchnen m\u00f6chte. Die Schwester ermutigt Martha, indem sie ihr einen Bu\u00dfg\u00fcrtel leiht. Das M\u00e4dchen f\u00fcgt sich damit aber schwere Wunden zu \u2013 und wird in einem leerstehenden Stock versteckt.<br \/>\n<strong><span style=\"text-decoration: underline;\"><span style=\"color: #0000ff;\"><a style=\"color: #0000ff; text-decoration: underline;\" href=\"https:\/\/www.youtube.com\/watch?v=cWX7Vhj8KtY\">TRAILER<\/a><\/span><\/span><\/strong><\/p>\n<p>Dem Film geht ein Talk mit <strong>Waltraud Grausgruber<\/strong>, Leiterin des Festivals TRICKY WOMEN, TRICKY REALITIES und Kurator <strong>Stefano Finesi<\/strong> voraus.\u00a0<\/p>\n<p>Vor dem Spielfilm wird der Animationsfilm <strong>FRIDA UND SISI PARTNER IN CRIME<\/strong> von <strong>Regine Kafeder<\/strong> (A 2022, 6\u201835\u2018\u2018) gezeigt. Bei ihrem imagin\u00e4ren Treffen best\u00e4rken sich Kaiserin Sisi und die Malerin Frida Kahlo, beide Rebellinnen auf ihre Art, in ihren Versuchen, s\u00e4mtlich Regeln zu brechen.<br \/>\nDer Kurzfilm wurde vom \u00f6sterreichischen Festival TRICKY WOMEN, TRICKY REALITIES ausgew\u00e4hlt.\u00a0<\/p>\n<p><em>Freier Eintritt mit Voranmeldung unter <u><a href=\"mailto:prenotazione.forumaustriaco@gmail.com\">prenotazione.forumaustriaco@gmail.com<\/a><\/u><\/em><em> mit Angabe von Vor- und Nachnamen, Datum und Filmtitel bis 12 Uhr des Vorf\u00fchrungstages. Die Anmeldung ist erst mit Best\u00e4tigungsmail g\u00fcltig.\u00a0<br \/>\nAlle Filme sind in Originalsprache mit italienischen Untertiteln zu sehen. Bei Regen finden die Filmvorf\u00fchrungen im Bibliothekssaal statt.<\/em><\/p>\n<p>&nbsp;<\/p>\n<p><\/p>","protected":false},"excerpt":{"rendered":"<\/p>\n<p>Regie: Ruth Mader (2022, Dauer: 106\u2018)\u00a0<br \/>\nMit Maria Dragus, Leona Lindinger, Anna Elisabeth Berger<\/p>\n<p>Ein katholisches M\u00e4dcheninternat, Teil einer abgeschiedenen Institution am Rande von Wien, die wohlhabende \u00f6sterreichische Elite und ihre Kinder. Die Schule floriert, der Glaube ist jedoch im Niedergang begriffen, die oberen Stockwerke des Internats stehen bereits leer.<br \/>\nDie Internatsleiterin, eine junge energetische Klosterschwester, k\u00e4mpft mit Hingabe gegen den Niedergang des Glaubens. Die zw\u00f6lfj\u00e4hrige Martha, ein Liebling der Schwester, ist ein tief gl\u00e4ubiges M\u00e4dchen, das die S\u00fcnden der Welt [&#8230;]<\/p>\n","protected":false},"author":2,"featured_media":13269,"comment_status":"closed","ping_status":"closed","template":"","meta":{"footnotes":""},"tags":[],"tribe_events_cat":[8],"class_list":["post-13268","tribe_events","type-tribe_events","status-publish","has-post-thumbnail","hentry","tribe_events_cat-kino","cat_kino"],"_links":{"self":[{"href":"https:\/\/www.austriacult.roma.it\/de\/wp-json\/wp\/v2\/tribe_events\/13268","targetHints":{"allow":["GET"]}}],"collection":[{"href":"https:\/\/www.austriacult.roma.it\/de\/wp-json\/wp\/v2\/tribe_events"}],"about":[{"href":"https:\/\/www.austriacult.roma.it\/de\/wp-json\/wp\/v2\/types\/tribe_events"}],"author":[{"embeddable":true,"href":"https:\/\/www.austriacult.roma.it\/de\/wp-json\/wp\/v2\/users\/2"}],"replies":[{"embeddable":true,"href":"https:\/\/www.austriacult.roma.it\/de\/wp-json\/wp\/v2\/comments?post=13268"}],"version-history":[{"count":0,"href":"https:\/\/www.austriacult.roma.it\/de\/wp-json\/wp\/v2\/tribe_events\/13268\/revisions"}],"wp:featuredmedia":[{"embeddable":true,"href":"https:\/\/www.austriacult.roma.it\/de\/wp-json\/wp\/v2\/media\/13269"}],"wp:attachment":[{"href":"https:\/\/www.austriacult.roma.it\/de\/wp-json\/wp\/v2\/media?parent=13268"}],"wp:term":[{"taxonomy":"post_tag","embeddable":true,"href":"https:\/\/www.austriacult.roma.it\/de\/wp-json\/wp\/v2\/tags?post=13268"},{"taxonomy":"tribe_events_cat","embeddable":true,"href":"https:\/\/www.austriacult.roma.it\/de\/wp-json\/wp\/v2\/tribe_events_cat?post=13268"}],"curies":[{"name":"wp","href":"https:\/\/api.w.org\/{rel}","templated":true}]}}

<p></p>
<p>Regie: Ruth Mader (2022, Dauer: 106‘) <br />
Mit Maria Dragus, Leona Lindinger, Anna Elisabeth Berger</p>
<p>Ein katholisches Mädcheninternat, Teil einer abgeschiedenen Institution am Rande von Wien, die wohlhabende österreichische Elite und ihre Kinder. Die Schule floriert, der Glaube ist jedoch im Niedergang begriffen, die oberen Stockwerke des Internats stehen bereits leer.<br />
Die Internatsleiterin, eine junge energetische Klosterschwester, kämpft mit Hingabe gegen den Niedergang des Glaubens. Die zwölfjährige Martha, ein Liebling der Schwester, ist ein tief gläubiges Mädchen, das die Sünden der Welt sühnen möchte. Die Schwester ermutigt Martha, indem sie ihr einen Bußgürtel leiht. Das Mädchen fügt sich damit aber schwere Wunden zu – und wird in einem leerstehenden Stock versteckt.<br />
<strong><span style="text-decoration: underline;"><span style="color: #0000ff;"><a style="color: #0000ff; text-decoration: underline;" href="https://www.youtube.com/watch?v=cWX7Vhj8KtY">TRAILER</a></span></span></strong></p>
<p>Dem Film geht ein Talk mit <strong>Waltraud Grausgruber</strong>, Leiterin des Festivals TRICKY WOMEN, TRICKY REALITIES und Kurator <strong>Stefano Finesi</strong> voraus. </p>
<p>Vor dem Spielfilm wird der Animationsfilm <strong>FRIDA UND SISI PARTNER IN CRIME</strong> von <strong>Regine Kafeder</strong> (A 2022, 6‘35‘‘) gezeigt. Bei ihrem imaginären Treffen bestärken sich Kaiserin Sisi und die Malerin Frida Kahlo, beide Rebellinnen auf ihre Art, in ihren Versuchen, sämtlich Regeln zu brechen.<br />
Der Kurzfilm wurde vom österreichischen Festival TRICKY WOMEN, TRICKY REALITIES ausgewählt. </p>
<p><em>Freier Eintritt mit Voranmeldung unter <u><a href="mailto:prenotazione.forumaustriaco@gmail.com">prenotazione.forumaustriaco@gmail.com</a></u></em><em> mit Angabe von Vor- und Nachnamen, Datum und Filmtitel bis 12 Uhr des Vorführungstages. Die Anmeldung ist erst mit Bestätigungsmail gültig. <br />
Alle Filme sind in Originalsprache mit italienischen Untertiteln zu sehen. Bei Regen finden die Filmvorführungen im Bibliothekssaal statt.</em></p>
<p>&nbsp;</p>
<p></p>

</p>
<p>Regie: Ruth Mader (2022, Dauer: 106‘) <br />
Mit Maria Dragus, Leona Lindinger, Anna Elisabeth Berger</p>
<p>Ein katholisches Mädcheninternat, Teil einer abgeschiedenen Institution am Rande von Wien, die wohlhabende österreichische Elite und ihre Kinder. Die Schule floriert, der Glaube ist jedoch im Niedergang begriffen, die oberen Stockwerke des Internats stehen bereits leer.<br />
Die Internatsleiterin, eine junge energetische Klosterschwester, kämpft mit Hingabe gegen den Niedergang des Glaubens. Die zwölfjährige Martha, ein Liebling der Schwester, ist ein tief gläubiges Mädchen, das die Sünden der Welt [&#8230;]</p>
