{"id":13263,"date":"2023-05-30T10:58:49","date_gmt":"2023-05-30T08:58:49","guid":{"rendered":"https:\/\/www.austriacult.roma.it\/?post_type=tribe_events&#038;p=13263"},"modified":"2023-06-06T15:20:49","modified_gmt":"2023-06-06T13:20:49","slug":"13263","status":"publish","type":"tribe_events","link":"https:\/\/www.austriacult.roma.it\/de\/veranstaltung\/13263\/","title":{"rendered":"SONNE"},"content":{"rendered":"<p><\/p>\n<p>Regie: Kurdwin Ayub<br \/>\nMit Meldinda Benli, Law Wallner, Maya Wopienka<\/p>\n<p>Drei Wiener Teenagerinnen twerken im Hijab und singen einen Popsong. Ein YouTube-Video davon macht sie vor allem unter kurdischen Muslimen \u00fcber Nacht ber\u00fchmt. Yesmin, die als einzige der Freundinnen selbst Kurdin ist, beginnt sich immer weiter von ihrer Kultur zu distanzieren. Nati und Bella scheinen hingegen fasziniert von der ihnen fremden Welt. Als die M\u00e4dchen zwei junge kurdische Patrioten kennenlernen, droht die Situation zu eskalieren. Ein Film \u00fcber Jugendliche zwischen Social Media und Selbstfindung, eine Geschichte von Rebellinnen.<br \/>\n<strong><a href=\"https:\/\/www.youtube.com\/watch?v=acrO23HDMEk\"><span style=\"text-decoration: underline;\"><span style=\"color: #0000ff; text-decoration: underline;\">TRAILER<\/span><\/span><\/a><\/strong><\/p>\n<p>Vor dem Spielfilm wird der Animationsfilm <strong>ISSUES WITH MY OTHER HALF<\/strong> von <strong>Anna Vasof<\/strong> (A 2022, 5\u201830\u2018\u2018) gezeigt. Er mischt auf verbl\u00fcffende Weise den Kontrollverlust des eigenen K\u00f6rpers mit der imagin\u00e4ren Transformation von Alltagsobjekten und macht so die Illusionsmaschine Film deutlich.<br \/>\nDer Kurzfilm wurde vom \u00f6sterreichischen Festival TRICKY WOMEN, TRICKY REALITIES ausgew\u00e4hlt.\u00a0<\/p>\n<p><em>Freier Eintritt mit Voranmeldung unter <u><a href=\"mailto:prenotazione.forumaustriaco@gmail.com\">prenotazione.forumaustriaco@gmail.com<\/a><\/u><\/em><em> mit Angabe von Vor- und Nachnamen, Datum und Filmtitel bis 12 Uhr des Vorf\u00fchrungstages. Die Anmeldung ist erst mit Best\u00e4tigungsmail g\u00fcltig.\u00a0<br \/>\nAlle Filme sind in Originalsprache mit italienischen Untertiteln zu sehen. Bei Regen finden die Filmvorf\u00fchrungen im Bibliothekssaal statt.<\/em><\/p>\n<p>&nbsp;<\/p>\n<p><\/p>","protected":false},"excerpt":{"rendered":"<\/p>\n<p>Regie: Kurdwin Ayub<br \/>\nMit Meldinda Benli, Law Wallner, Maya Wopienka<\/p>\n<p>Drei Wiener Teenagerinnen twerken im Hijab und singen einen Popsong. Ein YouTube-Video davon macht sie vor allem unter kurdischen Muslimen \u00fcber Nacht ber\u00fchmt. Yesmin, die als einzige der Freundinnen selbst Kurdin ist, beginnt sich immer weiter von ihrer Kultur zu distanzieren. Nati und Bella scheinen hingegen fasziniert von der ihnen fremden Welt. Als die M\u00e4dchen zwei junge kurdische Patrioten kennenlernen, droht die Situation zu eskalieren. Ein Film \u00fcber Jugendliche zwischen Social [&#8230;]<\/p>\n","protected":false},"author":2,"featured_media":13264,"comment_status":"closed","ping_status":"closed","template":"","meta":{"footnotes":""},"tags":[],"tribe_events_cat":[8],"class_list":["post-13263","tribe_events","type-tribe_events","status-publish","has-post-thumbnail","hentry","tribe_events_cat-kino","cat_kino"],"_links":{"self":[{"href":"https:\/\/www.austriacult.roma.it\/de\/wp-json\/wp\/v2\/tribe_events\/13263","targetHints":{"allow":["GET"]}}],"collection":[{"href":"https:\/\/www.austriacult.roma.it\/de\/wp-json\/wp\/v2\/tribe_events"}],"about":[{"href":"https:\/\/www.austriacult.roma.it\/de\/wp-json\/wp\/v2\/types\/tribe_events"}],"author":[{"embeddable":true,"href":"https:\/\/www.austriacult.roma.it\/de\/wp-json\/wp\/v2\/users\/2"}],"replies":[{"embeddable":true,"href":"https:\/\/www.austriacult.roma.it\/de\/wp-json\/wp\/v2\/comments?post=13263"}],"version-history":[{"count":0,"href":"https:\/\/www.austriacult.roma.it\/de\/wp-json\/wp\/v2\/tribe_events\/13263\/revisions"}],"wp:featuredmedia":[{"embeddable":true,"href":"https:\/\/www.austriacult.roma.it\/de\/wp-json\/wp\/v2\/media\/13264"}],"wp:attachment":[{"href":"https:\/\/www.austriacult.roma.it\/de\/wp-json\/wp\/v2\/media?parent=13263"}],"wp:term":[{"taxonomy":"post_tag","embeddable":true,"href":"https:\/\/www.austriacult.roma.it\/de\/wp-json\/wp\/v2\/tags?post=13263"},{"taxonomy":"tribe_events_cat","embeddable":true,"href":"https:\/\/www.austriacult.roma.it\/de\/wp-json\/wp\/v2\/tribe_events_cat?post=13263"}],"curies":[{"name":"wp","href":"https:\/\/api.w.org\/{rel}","templated":true}]}}

<p></p>
<p>Regie: Kurdwin Ayub<br />
Mit Meldinda Benli, Law Wallner, Maya Wopienka</p>
<p>Drei Wiener Teenagerinnen twerken im Hijab und singen einen Popsong. Ein YouTube-Video davon macht sie vor allem unter kurdischen Muslimen über Nacht berühmt. Yesmin, die als einzige der Freundinnen selbst Kurdin ist, beginnt sich immer weiter von ihrer Kultur zu distanzieren. Nati und Bella scheinen hingegen fasziniert von der ihnen fremden Welt. Als die Mädchen zwei junge kurdische Patrioten kennenlernen, droht die Situation zu eskalieren. Ein Film über Jugendliche zwischen Social Media und Selbstfindung, eine Geschichte von Rebellinnen.<br />
<strong><a href="https://www.youtube.com/watch?v=acrO23HDMEk"><span style="text-decoration: underline;"><span style="color: #0000ff; text-decoration: underline;">TRAILER</span></span></a></strong></p>
<p>Vor dem Spielfilm wird der Animationsfilm <strong>ISSUES WITH MY OTHER HALF</strong> von <strong>Anna Vasof</strong> (A 2022, 5‘30‘‘) gezeigt. Er mischt auf verblüffende Weise den Kontrollverlust des eigenen Körpers mit der imaginären Transformation von Alltagsobjekten und macht so die Illusionsmaschine Film deutlich.<br />
Der Kurzfilm wurde vom österreichischen Festival TRICKY WOMEN, TRICKY REALITIES ausgewählt. </p>
<p><em>Freier Eintritt mit Voranmeldung unter <u><a href="mailto:prenotazione.forumaustriaco@gmail.com">prenotazione.forumaustriaco@gmail.com</a></u></em><em> mit Angabe von Vor- und Nachnamen, Datum und Filmtitel bis 12 Uhr des Vorführungstages. Die Anmeldung ist erst mit Bestätigungsmail gültig. <br />
Alle Filme sind in Originalsprache mit italienischen Untertiteln zu sehen. Bei Regen finden die Filmvorführungen im Bibliothekssaal statt.</em></p>
<p>&nbsp;</p>
<p></p>

</p>
<p>Regie: Kurdwin Ayub<br />
Mit Meldinda Benli, Law Wallner, Maya Wopienka</p>
<p>Drei Wiener Teenagerinnen twerken im Hijab und singen einen Popsong. Ein YouTube-Video davon macht sie vor allem unter kurdischen Muslimen über Nacht berühmt. Yesmin, die als einzige der Freundinnen selbst Kurdin ist, beginnt sich immer weiter von ihrer Kultur zu distanzieren. Nati und Bella scheinen hingegen fasziniert von der ihnen fremden Welt. Als die Mädchen zwei junge kurdische Patrioten kennenlernen, droht die Situation zu eskalieren. Ein Film über Jugendliche zwischen Social [&#8230;]</p>
