{"id":13200,"date":"2023-05-25T14:35:19","date_gmt":"2023-05-25T12:35:19","guid":{"rendered":"https:\/\/www.austriacult.roma.it\/?post_type=tribe_events&#038;p=13200"},"modified":"2023-06-06T15:12:57","modified_gmt":"2023-06-06T13:12:57","slug":"chaos-string-quartett","status":"publish","type":"tribe_events","link":"https:\/\/www.austriacult.roma.it\/de\/veranstaltung\/chaos-string-quartett\/","title":{"rendered":"CHAOS STRING QUARTET"},"content":{"rendered":"<p><\/p>\n<p>Susanne Sch\u00e4ffer &#8211; Violine<br \/>\nEszter Kruchi\u00f3 &#8211; Violine<br \/>\nSara Marzadori &#8211; Viola<br \/>\nBas Jongen &#8211; Cello<\/p>\n<p>&nbsp;<\/p>\n<p><span style=\"text-decoration: underline;\">Programm:<br \/>\n<\/span><\/p>\n<p><strong>Ludwig van Beethoven<\/strong> (1770-1827)\u00a0 \u00a0 \u00a0 \u00a0Streichquartett in D-Dur Op. 18\/3\u00a0<br \/>\n<strong>Fanny Mendelssohn<\/strong> (18059-1847)\u00a0 \u00a0 \u00a0 \u00a0 \u00a0 Streichquartett in Es-Dur<br \/>\n<strong>Diego Conti<\/strong> (*1958)\u00a0 \u00a0 \u00a0 \u00a0 \u00a0 \u00a0 \u00a0 \u00a0 \u00a0 \u00a0 \u00a0 \u00a0 \u00a0 \u00a0 \u00a0 \u00a0 \u00a0Une \u00e9toile dansante<br \/>\n<strong>Werner Thomas-Mifune<\/strong> (*1941)\u00a0 \u00a0 \u00a0 \u00a0 \u00a0 \u00a0 \u00a0Haydns S\u00fcdamerikanische Saitensp\u00fcnge<\/p>\n<p>&nbsp;<\/p>\n<p>Das Konzertprogramm des <strong>Chaos String Quartet<\/strong> bietet eine bunte Vielfalt an Streichquartett-Werken durch drei Jahrhunderte: \u00a0<br \/>\nBeethovens Streichquartett op. 18\/3 geh\u00f6rt zu seinen ersten Versuchen, f\u00fcr diese Besetzung zu schreiben und ist stark von den Streichquartetten von Mozart und Haydn beeinflusst.\u00a0<br \/>\nDas 10-min\u00fctige St\u00fcck \u201eUne \u00e9toile dansante\u201c des italienischen Violinisten und Komponisten Diego Conti ist das erste Auftragswerk des Chaos String Quartets. Es basiert auf Nietzsches Zitat aus \u201eAlso sprach Zarathustra\u201c:\u00a0<em>Man muss noch Chaos in sich haben,\u00a0um einen tanzenden Stern geb\u00e4ren zu k\u00f6nnen.\u00a0<br \/>\n<\/em>Fanny Mendelssohns einziges Streichquartett ist harmonisch stark von Beethovens sp\u00e4ten Quartetten gepr\u00e4gt, jedoch findet man sich immer wieder in die leichtf\u00fc\u00dfige Klangwelt ihres Bruders Felix Mendelssohn versetzt. Es ist ein hochromantisches St\u00fcck, welches ihr gro\u00dfes Talent als Komponistin hervorbringt.<br \/>\nZum Abschluss gibt es ein humorvolles St\u00fcck des Cellisten und Komponisten Werner Thomas-Mifune zu h\u00f6ren, welches kunstvoll Fragmente aus Haydns Quintenquartett mit s\u00fcdamerikanischen Rhythmen und Melodien vereint.\u00a0<\/p>\n<p><strong>Chaos String Quartet<\/strong><br \/>\n&#8222;Einen ureigenen und von Grund auf aufrichtigen Weg zu gehen&#8220; &#8211; das ist das Motto des jungen Wiener Ensembles Chaos String Quartet. Die vier Mitglieder Susanne Sch\u00e4ffer, Eszter Kruchi\u00f3, Sara Marzadori und Bas Jongen sehen das Chaos als die &#8222;Urform alles Kreativen&#8220;, wodurch Kunst, Wissenschaft und Philosophie zu einem Gesamtkunstwerk verbunden werden k\u00f6nnen.<br \/>\nErst k\u00fcrzlich wurde das Quartett beim ARD-Musikwettbewerb, dem Streichquartett-Wettbewerb in Bordeaux und dem Joseph Haydn Wettbewerb mit diversen Preisen ausgezeichnet. Mentoriert von Prof. Johannes Meissl in Wien und Oliver Wille in Hannover, absolviert das Ensemble derzeit ein postgraduales Studium an der Scuola di Musica di Fiesole bei dem Cuarteto Casals.<br \/>\n<span style=\"text-decoration: underline;\"><span style=\"color: #0000ff;\"><a style=\"color: #0000ff; text-decoration: underline;\" href=\"http:\/\/www.chaosstringquartet.com\">www.chaosstringquartet.com<\/a><\/span><\/span><\/p>\n<p><span style=\"text-decoration: underline;\"><span style=\"color: #0000ff;\"><a style=\"color: #0000ff; text-decoration: underline;\" href=\"https:\/\/www.filarmonicaromana.org\/Concerto\/113\">Accademia Filarmonica Romana<\/a><\/span><\/span><\/p>\n<p><\/p>","protected":false},"excerpt":{"rendered":"<\/p>\n<p>Susanne Sch\u00e4ffer &#8211; Violine<br \/>\nEszter Kruchi\u00f3 &#8211; Violine<br \/>\nSara Marzadori &#8211; Viola<br \/>\nBas Jongen &#8211; Cello<\/p>\n<p>&nbsp;<\/p>\n<p>Programm:\n<\/p>\n<p>Ludwig van Beethoven (1770-1827)\u00a0 \u00a0 \u00a0 \u00a0Streichquartett in D-Dur Op. 18\/3\u00a0<br \/>\nFanny Mendelssohn (18059-1847)\u00a0 \u00a0 \u00a0 \u00a0 \u00a0 Streichquartett in Es-Dur<br \/>\nDiego Conti (*1958)\u00a0 \u00a0 \u00a0 \u00a0 \u00a0 \u00a0 \u00a0 \u00a0 \u00a0 \u00a0 \u00a0 \u00a0 \u00a0 \u00a0 \u00a0 \u00a0 \u00a0Une \u00e9toile dansante<br \/>\nWerner Thomas-Mifune (*1941)\u00a0 \u00a0 \u00a0 \u00a0 \u00a0 \u00a0 \u00a0Haydns S\u00fcdamerikanische Saitensp\u00fcnge<\/p>\n<p>&nbsp;<\/p>\n<p>Das Konzertprogramm des Chaos String Quartet bietet eine bunte Vielfalt an Streichquartett-Werken durch [&#8230;]<\/p>\n","protected":false},"author":2,"featured_media":13203,"comment_status":"closed","ping_status":"closed","template":"","meta":{"footnotes":""},"tags":[],"tribe_events_cat":[],"class_list":["post-13200","tribe_events","type-tribe_events","status-publish","has-post-thumbnail","hentry"],"_links":{"self":[{"href":"https:\/\/www.austriacult.roma.it\/de\/wp-json\/wp\/v2\/tribe_events\/13200","targetHints":{"allow":["GET"]}}],"collection":[{"href":"https:\/\/www.austriacult.roma.it\/de\/wp-json\/wp\/v2\/tribe_events"}],"about":[{"href":"https:\/\/www.austriacult.roma.it\/de\/wp-json\/wp\/v2\/types\/tribe_events"}],"author":[{"embeddable":true,"href":"https:\/\/www.austriacult.roma.it\/de\/wp-json\/wp\/v2\/users\/2"}],"replies":[{"embeddable":true,"href":"https:\/\/www.austriacult.roma.it\/de\/wp-json\/wp\/v2\/comments?post=13200"}],"version-history":[{"count":0,"href":"https:\/\/www.austriacult.roma.it\/de\/wp-json\/wp\/v2\/tribe_events\/13200\/revisions"}],"wp:featuredmedia":[{"embeddable":true,"href":"https:\/\/www.austriacult.roma.it\/de\/wp-json\/wp\/v2\/media\/13203"}],"wp:attachment":[{"href":"https:\/\/www.austriacult.roma.it\/de\/wp-json\/wp\/v2\/media?parent=13200"}],"wp:term":[{"taxonomy":"post_tag","embeddable":true,"href":"https:\/\/www.austriacult.roma.it\/de\/wp-json\/wp\/v2\/tags?post=13200"},{"taxonomy":"tribe_events_cat","embeddable":true,"href":"https:\/\/www.austriacult.roma.it\/de\/wp-json\/wp\/v2\/tribe_events_cat?post=13200"}],"curies":[{"name":"wp","href":"https:\/\/api.w.org\/{rel}","templated":true}]}}

<p></p>
<p>Susanne Schäffer &#8211; Violine<br />
Eszter Kruchió &#8211; Violine<br />
Sara Marzadori &#8211; Viola<br />
Bas Jongen &#8211; Cello</p>
<p>&nbsp;</p>
<p><span style="text-decoration: underline;">Programm:<br />
</span></p>
<p><strong>Ludwig van Beethoven</strong> (1770-1827)       Streichquartett in D-Dur Op. 18/3 <br />
<strong>Fanny Mendelssohn</strong> (18059-1847)          Streichquartett in Es-Dur<br />
<strong>Diego Conti</strong> (*1958)                                 Une étoile dansante<br />
<strong>Werner Thomas-Mifune</strong> (*1941)             Haydns Südamerikanische Saitenspünge</p>
<p>&nbsp;</p>
<p>Das Konzertprogramm des <strong>Chaos String Quartet</strong> bietet eine bunte Vielfalt an Streichquartett-Werken durch drei Jahrhunderte:  <br />
Beethovens Streichquartett op. 18/3 gehört zu seinen ersten Versuchen, für diese Besetzung zu schreiben und ist stark von den Streichquartetten von Mozart und Haydn beeinflusst. <br />
Das 10-minütige Stück „Une étoile dansante“ des italienischen Violinisten und Komponisten Diego Conti ist das erste Auftragswerk des Chaos String Quartets. Es basiert auf Nietzsches Zitat aus „Also sprach Zarathustra“: <em>Man muss noch Chaos in sich haben, um einen tanzenden Stern gebären zu können. <br />
</em>Fanny Mendelssohns einziges Streichquartett ist harmonisch stark von Beethovens späten Quartetten geprägt, jedoch findet man sich immer wieder in die leichtfüßige Klangwelt ihres Bruders Felix Mendelssohn versetzt. Es ist ein hochromantisches Stück, welches ihr großes Talent als Komponistin hervorbringt.<br />
Zum Abschluss gibt es ein humorvolles Stück des Cellisten und Komponisten Werner Thomas-Mifune zu hören, welches kunstvoll Fragmente aus Haydns Quintenquartett mit südamerikanischen Rhythmen und Melodien vereint. </p>
<p><strong>Chaos String Quartet</strong><br />
&#8222;Einen ureigenen und von Grund auf aufrichtigen Weg zu gehen&#8220; &#8211; das ist das Motto des jungen Wiener Ensembles Chaos String Quartet. Die vier Mitglieder Susanne Schäffer, Eszter Kruchió, Sara Marzadori und Bas Jongen sehen das Chaos als die &#8222;Urform alles Kreativen&#8220;, wodurch Kunst, Wissenschaft und Philosophie zu einem Gesamtkunstwerk verbunden werden können.<br />
Erst kürzlich wurde das Quartett beim ARD-Musikwettbewerb, dem Streichquartett-Wettbewerb in Bordeaux und dem Joseph Haydn Wettbewerb mit diversen Preisen ausgezeichnet. Mentoriert von Prof. Johannes Meissl in Wien und Oliver Wille in Hannover, absolviert das Ensemble derzeit ein postgraduales Studium an der Scuola di Musica di Fiesole bei dem Cuarteto Casals.<br />
<span style="text-decoration: underline;"><span style="color: #0000ff;"><a style="color: #0000ff; text-decoration: underline;" href="http://www.chaosstringquartet.com">www.chaosstringquartet.com</a></span></span></p>
<p><span style="text-decoration: underline;"><span style="color: #0000ff;"><a style="color: #0000ff; text-decoration: underline;" href="https://www.filarmonicaromana.org/Concerto/113">Accademia Filarmonica Romana</a></span></span></p>
<p></p>

</p>
<p>Susanne Schäffer &#8211; Violine<br />
Eszter Kruchió &#8211; Violine<br />
Sara Marzadori &#8211; Viola<br />
Bas Jongen &#8211; Cello</p>
<p>&nbsp;</p>
<p>Programm:
</p>
<p>Ludwig van Beethoven (1770-1827)       Streichquartett in D-Dur Op. 18/3 <br />
Fanny Mendelssohn (18059-1847)          Streichquartett in Es-Dur<br />
Diego Conti (*1958)                                 Une étoile dansante<br />
Werner Thomas-Mifune (*1941)             Haydns Südamerikanische Saitenspünge</p>
<p>&nbsp;</p>
<p>Das Konzertprogramm des Chaos String Quartet bietet eine bunte Vielfalt an Streichquartett-Werken durch [&#8230;]</p>
