{"id":12345,"date":"2022-09-29T15:34:37","date_gmt":"2022-09-29T13:34:37","guid":{"rendered":"https:\/\/www.austriacult.roma.it\/?post_type=tribe_events&#038;p=12345"},"modified":"2022-10-04T14:53:00","modified_gmt":"2022-10-04T12:53:00","slug":"il-teatro-di-franz-grillparzer","status":"publish","type":"tribe_events","link":"https:\/\/www.austriacult.roma.it\/de\/veranstaltung\/franz-grillparzer-und-das-theater\/","title":{"rendered":"FRANZ GRILLPARZER UND DAS THEATER"},"content":{"rendered":"<p><\/p>\n<p>Anl\u00e4sslich des 150. Todestages veranstaltet die Universit\u00e4t Perugia in Zusammenarbeit mit renommierten GermanistInnen eine Tagung zum \u00f6sterreichischen Schriftsteller <strong>Franz Grillparzer <\/strong>(siehe Programm).<\/p>\n<p>Am <strong>7. Oktober, 17 Uhr<\/strong>, wird das Theaterst\u00fcck <strong>&#8222;Libussa. Trag\u00f6die in f\u00fcnf Akten&#8220; <\/strong>in der Aula Magna des Dipartimento di Filosofia, Scienze umane e della Formazione, Piazza Ermini, 1, aufgef\u00fchrt.<\/p>\n<p><strong><a href=\"https:\/\/www.austriacult.roma.it\/wp-content\/uploads\/2022\/09\/A3_Convegno.pdf\">Programm<\/a><\/strong><\/p>\n<p><strong><a href=\"https:\/\/www.austriacult.roma.it\/wp-content\/uploads\/2022\/09\/A3_Teatro_.pdf\">Theater<\/a><\/strong><\/p>\n<p>&nbsp;<\/p>\n<p>&nbsp;<\/p>\n<p>&nbsp;<\/p>\n<p>&nbsp;<\/p>\n<p>&nbsp;<\/p>\n<p>&nbsp;<\/p>\n<p>&nbsp;<\/p>\n<p>&nbsp;<\/p>\n<p>&nbsp;<\/p>\n<p>&nbsp;<\/p>\n<p>&nbsp;<\/p>\n<p>&nbsp;<\/p>\n<p>&nbsp;<\/p>\n<p>&nbsp;<\/p>\n<p>&nbsp;<\/p>\n<p>&nbsp;<\/p>\n<p>&nbsp;<\/p>\n<p>&nbsp;<\/p>\n<p>&nbsp;<\/p>\n<p>&nbsp;<\/p>\n<p>&nbsp;<\/p>\n<p>&nbsp;<\/p>\n<p>&nbsp;<\/p>\n<p>&nbsp;<\/p>\n<p>&nbsp;<\/p>\n<p>&nbsp;<\/p>\n<p>&nbsp;<\/p>\n<p>&nbsp;<\/p>\n<p>&nbsp;<\/p>\n<p>&nbsp;<\/p>\n<p>&nbsp;<\/p>\n<p>&nbsp;<\/p>\n<p>&nbsp;<\/p>\n<p>&nbsp;<\/p>\n<p><\/p>","protected":false},"excerpt":{"rendered":"<\/p>\n<p>Anl\u00e4sslich des 150. Todestages veranstaltet die Universit\u00e4t Perugia in Zusammenarbeit mit renommierten GermanistInnen eine Tagung zum \u00f6sterreichischen Schriftsteller Franz Grillparzer (siehe Programm).<\/p>\n<p>Am 7. Oktober, 17 Uhr, wird das Theaterst\u00fcck &#8222;Libussa. Trag\u00f6die in f\u00fcnf Akten&#8220; in der Aula Magna des Dipartimento di Filosofia, Scienze umane e della Formazione, Piazza Ermini, 1, aufgef\u00fchrt.<\/p>\n<p><a href=\"https:\/\/www.austriacult.roma.it\/wp-content\/uploads\/2022\/09\/A3_Convegno.pdf\">Programm<\/a><\/p>\n<p><a href=\"https:\/\/www.austriacult.roma.it\/wp-content\/uploads\/2022\/09\/A3_Teatro_.pdf\">Theater<\/a><\/p>\n<p>&nbsp;<\/p>\n<p>&nbsp;<\/p>\n<p>&nbsp;<\/p>\n<p>&nbsp;<\/p>\n<p>&nbsp;<\/p>\n<p>&nbsp;<\/p>\n<p>&nbsp;<\/p>\n<p>&nbsp;<\/p>\n<p>&nbsp;<\/p>\n<p>&nbsp;<\/p>\n<p>&nbsp;<\/p>\n<p>&nbsp;<\/p>\n<p>&nbsp;<\/p>\n<p>&nbsp;<\/p>\n<p>&nbsp;<\/p>\n<p>&nbsp;<\/p>\n<p>&nbsp;<\/p>\n<p>&nbsp;<\/p>\n<p>&nbsp;<\/p>\n<p>&nbsp;<\/p>\n<p>&nbsp;<\/p>\n<p>&nbsp;<\/p>\n<p>&nbsp;<\/p>\n<p>&nbsp;<\/p>\n<p>&nbsp;<\/p>\n<p>&nbsp;<\/p>\n<p>&nbsp;<\/p>\n<p>&nbsp;<\/p>\n<p>&nbsp;<\/p>\n<p>&nbsp;<\/p>\n<p>&nbsp;<\/p>\n<p>&nbsp;<\/p>\n<p>&nbsp;<\/p>\n<p>&nbsp;<\/p><\/p>\n","protected":false},"author":2,"featured_media":12346,"comment_status":"closed","ping_status":"closed","template":"","meta":{"footnotes":""},"tags":[],"tribe_events_cat":[306],"class_list":["post-12345","tribe_events","type-tribe_events","status-publish","has-post-thumbnail","hentry","tribe_events_cat-teatro","cat_teatro"],"_links":{"self":[{"href":"https:\/\/www.austriacult.roma.it\/de\/wp-json\/wp\/v2\/tribe_events\/12345","targetHints":{"allow":["GET"]}}],"collection":[{"href":"https:\/\/www.austriacult.roma.it\/de\/wp-json\/wp\/v2\/tribe_events"}],"about":[{"href":"https:\/\/www.austriacult.roma.it\/de\/wp-json\/wp\/v2\/types\/tribe_events"}],"author":[{"embeddable":true,"href":"https:\/\/www.austriacult.roma.it\/de\/wp-json\/wp\/v2\/users\/2"}],"replies":[{"embeddable":true,"href":"https:\/\/www.austriacult.roma.it\/de\/wp-json\/wp\/v2\/comments?post=12345"}],"version-history":[{"count":0,"href":"https:\/\/www.austriacult.roma.it\/de\/wp-json\/wp\/v2\/tribe_events\/12345\/revisions"}],"wp:featuredmedia":[{"embeddable":true,"href":"https:\/\/www.austriacult.roma.it\/de\/wp-json\/wp\/v2\/media\/12346"}],"wp:attachment":[{"href":"https:\/\/www.austriacult.roma.it\/de\/wp-json\/wp\/v2\/media?parent=12345"}],"wp:term":[{"taxonomy":"post_tag","embeddable":true,"href":"https:\/\/www.austriacult.roma.it\/de\/wp-json\/wp\/v2\/tags?post=12345"},{"taxonomy":"tribe_events_cat","embeddable":true,"href":"https:\/\/www.austriacult.roma.it\/de\/wp-json\/wp\/v2\/tribe_events_cat?post=12345"}],"curies":[{"name":"wp","href":"https:\/\/api.w.org\/{rel}","templated":true}]}}

<p></p>
<p>Anlässlich des 150. Todestages veranstaltet die Universität Perugia in Zusammenarbeit mit renommierten GermanistInnen eine Tagung zum österreichischen Schriftsteller <strong>Franz Grillparzer </strong>(siehe Programm).</p>
<p>Am <strong>7. Oktober, 17 Uhr</strong>, wird das Theaterstück <strong>&#8222;Libussa. Tragödie in fünf Akten&#8220; </strong>in der Aula Magna des Dipartimento di Filosofia, Scienze umane e della Formazione, Piazza Ermini, 1, aufgeführt.</p>
<p><strong><a href="https://www.austriacult.roma.it/wp-content/uploads/2022/09/A3_Convegno.pdf">Programm</a></strong></p>
<p><strong><a href="https://www.austriacult.roma.it/wp-content/uploads/2022/09/A3_Teatro_.pdf">Theater</a></strong></p>
<p>&nbsp;</p>
<p>&nbsp;</p>
<p>&nbsp;</p>
<p>&nbsp;</p>
<p>&nbsp;</p>
<p>&nbsp;</p>
<p>&nbsp;</p>
<p>&nbsp;</p>
<p>&nbsp;</p>
<p>&nbsp;</p>
<p>&nbsp;</p>
<p>&nbsp;</p>
<p>&nbsp;</p>
<p>&nbsp;</p>
<p>&nbsp;</p>
<p>&nbsp;</p>
<p>&nbsp;</p>
<p>&nbsp;</p>
<p>&nbsp;</p>
<p>&nbsp;</p>
<p>&nbsp;</p>
<p>&nbsp;</p>
<p>&nbsp;</p>
<p>&nbsp;</p>
<p>&nbsp;</p>
<p>&nbsp;</p>
<p>&nbsp;</p>
<p>&nbsp;</p>
<p>&nbsp;</p>
<p>&nbsp;</p>
<p>&nbsp;</p>
<p>&nbsp;</p>
<p>&nbsp;</p>
<p>&nbsp;</p>
<p></p>

</p>
<p>Anlässlich des 150. Todestages veranstaltet die Universität Perugia in Zusammenarbeit mit renommierten GermanistInnen eine Tagung zum österreichischen Schriftsteller Franz Grillparzer (siehe Programm).</p>
<p>Am 7. Oktober, 17 Uhr, wird das Theaterstück &#8222;Libussa. Tragödie in fünf Akten&#8220; in der Aula Magna des Dipartimento di Filosofia, Scienze umane e della Formazione, Piazza Ermini, 1, aufgeführt.</p>
<p><a href="https://www.austriacult.roma.it/wp-content/uploads/2022/09/A3_Convegno.pdf">Programm</a></p>
<p><a href="https://www.austriacult.roma.it/wp-content/uploads/2022/09/A3_Teatro_.pdf">Theater</a></p>
<p>&nbsp;</p>
<p>&nbsp;</p>
<p>&nbsp;</p>
<p>&nbsp;</p>
<p>&nbsp;</p>
<p>&nbsp;</p>
<p>&nbsp;</p>
<p>&nbsp;</p>
<p>&nbsp;</p>
<p>&nbsp;</p>
<p>&nbsp;</p>
<p>&nbsp;</p>
<p>&nbsp;</p>
<p>&nbsp;</p>
<p>&nbsp;</p>
<p>&nbsp;</p>
<p>&nbsp;</p>
<p>&nbsp;</p>
<p>&nbsp;</p>
<p>&nbsp;</p>
<p>&nbsp;</p>
<p>&nbsp;</p>
<p>&nbsp;</p>
<p>&nbsp;</p>
<p>&nbsp;</p>
<p>&nbsp;</p>
<p>&nbsp;</p>
<p>&nbsp;</p>
<p>&nbsp;</p>
<p>&nbsp;</p>
<p>&nbsp;</p>
<p>&nbsp;</p>
<p>&nbsp;</p>
<p>&nbsp;</p></p>
