{"id":12219,"date":"2022-08-31T16:05:27","date_gmt":"2022-08-31T14:05:27","guid":{"rendered":"https:\/\/www.austriacult.roma.it\/?post_type=tribe_events&#038;p=12219"},"modified":"2022-08-31T16:08:23","modified_gmt":"2022-08-31T14:08:23","slug":"austriamentis-2022-iv-loggetto-dellarte-2","status":"publish","type":"tribe_events","link":"https:\/\/www.austriacult.roma.it\/de\/veranstaltung\/austriamentis-2022-iv-loggetto-dellarte-2\/","title":{"rendered":"AUSTRIAMENTIS 2022\/IV: L\u2019oggetto dell\u2019arte"},"content":{"rendered":"<p><\/p>\n<p>Das Museo Casa Manno setzt im Herbst die Ausstellungsreihe AUSTRIAMENTIS mit der Gruppenausstellung \u201c<strong>AUSTRIAMENTIS 2022\/IV: L\u2019oggetto dell\u2019arte<\/strong>\u201d fort. Das Projekt wird von Valentina Piredda-Sardinia und Mauro Porcu kuratiert.<\/p>\n<p><strong>Robert Gschwantner, Amina Handke, Anita Natmessnig, Herman Seidl, Johannes Ziegler <\/strong>und <strong>Valentina Piredda-Sardinia <\/strong>sind die K\u00fcnstlerInnen, die dabei ihre unterschiedlichen Positionen zum Thema \u201eKunstobjekt: sozial, menschlich, abstrakt\u201d zeigen und das Publikum zur Auseinandersetzung einladen. Zur Diskussion gestellt wird die Wirkung und Wirksamkeit von Kunst und die dem Kunstwerk zugeschriebene Aufgabe, dem Zeitgeschehen auf den Grund zu gehen.<\/p>\n<p>Vertreten sind sowohl audio-visuelle, malerisch-bildhauerische und filmische Beispiele \u00fcber die vielf\u00e4ltigen Spuren, die die Existenz und der Eingriff des Menschen in den Lebensraum, die Landschaft und den Alltag hinterlassen. Alles in allem kritische Auseinandersetzungen mit paradoxen sozio-\u00f6konomischen Ph\u00e4nomenen. Eine Videoarbeit \u00fcber nonkonformistische \u00a0Mobilit\u00e4t in Metropolen, eine Malerei auf Leinwand \u00fcber eine in Aufl\u00f6sung begriffene Landschaft, eine detaillierte Zeichnung auf Papier. Eine Filmmontage stellt zwischenmenschliche Beziehungen, die Macht des Kollektivs und den Wert der Empathie zwischen Lebewesen zur Diskussion, w\u00e4hrend die Fotografie nur ein- und dieselbe Umwelt und ihre Ver\u00e4nderung durch die verschiedensten K\u00fcnstlerpers\u00f6nlichkeiten, die in ihr leben, dokumentieren kann. (Valentina Piredda-Sardinia)<\/p>\n<p>Teilnehmende \u00f6sterreichische K\u00fcnstlerInnen:<\/p>\n<p><strong>Robert Gschwantner<\/strong> <a href=\"http:\/\/robertgschwantner.com\">http:\/\/robertgschwantner.com<\/a><\/p>\n<p><strong>Amina Handke<\/strong> <a href=\"http:\/\/www.amina.at\">www.amina.at<\/a><\/p>\n<p><strong>Anita Natmessnig<\/strong> http:\/\/www.anitanatmessnig.at<\/p>\n<p><strong>Herman Seidl<\/strong> <a href=\"http:\/\/www.hermanseidl.com\">www.hermanseidl.com<\/a>\u00a0<\/p>\n<p><strong>Johannes Ziegler <\/strong><a href=\"https:\/\/www.johannesziegler.info\">https:\/\/www.johannesziegler.info<\/a><\/p>\n<p>AUSTRIAMENTIS ist eine Zusammenarbeit zwischen Comune di Bosa und Musei Civici di Bosa (TACS), Comune di Alghero, Fondazione Alghero, Museo Casa Manno, Ass. Fondo VP-Sardinia, Nemapress Edizioni\/Salpare, Roma- Alghero, Land Salzburg, Forum Austriaco di Cultura\u00a0 Roma und BMEIA.<\/p>\n<p><span style=\"text-decoration: underline;\"><strong>4.- 30.September 2022 | FR- SO | 16:00-20:00<\/strong><\/span><\/p>\n<p>&nbsp;<\/p>\n<p><\/p>","protected":false},"excerpt":{"rendered":"<\/p>\n<p>Das Museo Casa Manno setzt im Herbst die Ausstellungsreihe AUSTRIAMENTIS mit der Gruppenausstellung \u201cAUSTRIAMENTIS 2022\/IV: L\u2019oggetto dell\u2019arte\u201d fort. Das Projekt wird von Valentina Piredda-Sardinia und Mauro Porcu kuratiert.<\/p>\n<p>Robert Gschwantner, Amina Handke, Anita Natmessnig, Herman Seidl, Johannes Ziegler und Valentina Piredda-Sardinia sind die K\u00fcnstlerInnen, die dabei ihre unterschiedlichen Positionen zum Thema \u201eKunstobjekt: sozial, menschlich, abstrakt\u201d zeigen und das Publikum zur Auseinandersetzung einladen. Zur Diskussion gestellt wird die Wirkung und Wirksamkeit von Kunst und die dem Kunstwerk zugeschriebene Aufgabe, dem Zeitgeschehen auf [&#8230;]<\/p>\n","protected":false},"author":2,"featured_media":12216,"comment_status":"closed","ping_status":"closed","template":"","meta":{"footnotes":""},"tags":[],"tribe_events_cat":[20],"class_list":["post-12219","tribe_events","type-tribe_events","status-publish","has-post-thumbnail","hentry","tribe_events_cat-mostre","cat_mostre"],"_links":{"self":[{"href":"https:\/\/www.austriacult.roma.it\/de\/wp-json\/wp\/v2\/tribe_events\/12219","targetHints":{"allow":["GET"]}}],"collection":[{"href":"https:\/\/www.austriacult.roma.it\/de\/wp-json\/wp\/v2\/tribe_events"}],"about":[{"href":"https:\/\/www.austriacult.roma.it\/de\/wp-json\/wp\/v2\/types\/tribe_events"}],"author":[{"embeddable":true,"href":"https:\/\/www.austriacult.roma.it\/de\/wp-json\/wp\/v2\/users\/2"}],"replies":[{"embeddable":true,"href":"https:\/\/www.austriacult.roma.it\/de\/wp-json\/wp\/v2\/comments?post=12219"}],"version-history":[{"count":0,"href":"https:\/\/www.austriacult.roma.it\/de\/wp-json\/wp\/v2\/tribe_events\/12219\/revisions"}],"wp:featuredmedia":[{"embeddable":true,"href":"https:\/\/www.austriacult.roma.it\/de\/wp-json\/wp\/v2\/media\/12216"}],"wp:attachment":[{"href":"https:\/\/www.austriacult.roma.it\/de\/wp-json\/wp\/v2\/media?parent=12219"}],"wp:term":[{"taxonomy":"post_tag","embeddable":true,"href":"https:\/\/www.austriacult.roma.it\/de\/wp-json\/wp\/v2\/tags?post=12219"},{"taxonomy":"tribe_events_cat","embeddable":true,"href":"https:\/\/www.austriacult.roma.it\/de\/wp-json\/wp\/v2\/tribe_events_cat?post=12219"}],"curies":[{"name":"wp","href":"https:\/\/api.w.org\/{rel}","templated":true}]}}

<p></p>
<p>Das Museo Casa Manno setzt im Herbst die Ausstellungsreihe AUSTRIAMENTIS mit der Gruppenausstellung “<strong>AUSTRIAMENTIS 2022/IV: L’oggetto dell’arte</strong>” fort. Das Projekt wird von Valentina Piredda-Sardinia und Mauro Porcu kuratiert.</p>
<p><strong>Robert Gschwantner, Amina Handke, Anita Natmessnig, Herman Seidl, Johannes Ziegler </strong>und <strong>Valentina Piredda-Sardinia </strong>sind die KünstlerInnen, die dabei ihre unterschiedlichen Positionen zum Thema „Kunstobjekt: sozial, menschlich, abstrakt” zeigen und das Publikum zur Auseinandersetzung einladen. Zur Diskussion gestellt wird die Wirkung und Wirksamkeit von Kunst und die dem Kunstwerk zugeschriebene Aufgabe, dem Zeitgeschehen auf den Grund zu gehen.</p>
<p>Vertreten sind sowohl audio-visuelle, malerisch-bildhauerische und filmische Beispiele über die vielfältigen Spuren, die die Existenz und der Eingriff des Menschen in den Lebensraum, die Landschaft und den Alltag hinterlassen. Alles in allem kritische Auseinandersetzungen mit paradoxen sozio-ökonomischen Phänomenen. Eine Videoarbeit über nonkonformistische  Mobilität in Metropolen, eine Malerei auf Leinwand über eine in Auflösung begriffene Landschaft, eine detaillierte Zeichnung auf Papier. Eine Filmmontage stellt zwischenmenschliche Beziehungen, die Macht des Kollektivs und den Wert der Empathie zwischen Lebewesen zur Diskussion, während die Fotografie nur ein- und dieselbe Umwelt und ihre Veränderung durch die verschiedensten Künstlerpersönlichkeiten, die in ihr leben, dokumentieren kann. (Valentina Piredda-Sardinia)</p>
<p>Teilnehmende österreichische KünstlerInnen:</p>
<p><strong>Robert Gschwantner</strong> <a href="http://robertgschwantner.com">http://robertgschwantner.com</a></p>
<p><strong>Amina Handke</strong> <a href="http://www.amina.at">www.amina.at</a></p>
<p><strong>Anita Natmessnig</strong> http://www.anitanatmessnig.at</p>
<p><strong>Herman Seidl</strong> <a href="http://www.hermanseidl.com">www.hermanseidl.com</a> </p>
<p><strong>Johannes Ziegler </strong><a href="https://www.johannesziegler.info">https://www.johannesziegler.info</a></p>
<p>AUSTRIAMENTIS ist eine Zusammenarbeit zwischen Comune di Bosa und Musei Civici di Bosa (TACS), Comune di Alghero, Fondazione Alghero, Museo Casa Manno, Ass. Fondo VP-Sardinia, Nemapress Edizioni/Salpare, Roma- Alghero, Land Salzburg, Forum Austriaco di Cultura  Roma und BMEIA.</p>
<p><span style="text-decoration: underline;"><strong>4.- 30.September 2022 | FR- SO | 16:00-20:00</strong></span></p>
<p>&nbsp;</p>
<p></p>

</p>
<p>Das Museo Casa Manno setzt im Herbst die Ausstellungsreihe AUSTRIAMENTIS mit der Gruppenausstellung “AUSTRIAMENTIS 2022/IV: L’oggetto dell’arte” fort. Das Projekt wird von Valentina Piredda-Sardinia und Mauro Porcu kuratiert.</p>
<p>Robert Gschwantner, Amina Handke, Anita Natmessnig, Herman Seidl, Johannes Ziegler und Valentina Piredda-Sardinia sind die KünstlerInnen, die dabei ihre unterschiedlichen Positionen zum Thema „Kunstobjekt: sozial, menschlich, abstrakt” zeigen und das Publikum zur Auseinandersetzung einladen. Zur Diskussion gestellt wird die Wirkung und Wirksamkeit von Kunst und die dem Kunstwerk zugeschriebene Aufgabe, dem Zeitgeschehen auf [&#8230;]</p>
