{"id":12143,"date":"2022-08-25T13:17:16","date_gmt":"2022-08-25T11:17:16","guid":{"rendered":"https:\/\/www.austriacult.roma.it\/?post_type=tribe_events&#038;p=12143"},"modified":"2022-08-29T16:29:40","modified_gmt":"2022-08-29T14:29:40","slug":"bella-musica-mozarteum-i-giovani-ambasciatori-delle-vie-mozartiane-europee","status":"publish","type":"tribe_events","link":"https:\/\/www.austriacult.roma.it\/de\/veranstaltung\/bella-musica-mozarteum-i-giovani-ambasciatori-delle-vie-mozartiane-europee\/","title":{"rendered":"BELLA MUSICA MOZARTEUM | Junge Botschafter der Europ\u00e4ischen Mozart-Wege"},"content":{"rendered":"<p><\/p>\n<p style=\"text-align: justify;\">Das Musikprojekt <strong>BELLA MUSICA<\/strong>, eine Zusammenarbeit der <strong>Universit\u00e4t Mozarteum<\/strong> mit der <strong>Hochschule f\u00fcr Musik Wu\u0308rzburg<\/strong> und dem <strong>Conservatorio Santa Cecilia<\/strong> in Rom, vereint junge \u00f6sterreichische, italienische und deutsche Musiktalente zu einem jungen Ensemble, das \u00fcber die Musik Mozarts das Bewusstsein eines gemeinsamen europ\u00e4ischen kulturellen Erbes st\u00e4rken will. Unter der Leitung von Stefan David Hummel macht das Projekt von 24. August bis 4. September 2022 in den Mozartst\u00e4dten Terni, Rom, Neapel, Terracina, Caserta und Ala-Rovereto Station.<\/p>\n<p style=\"text-align: justify;\">Die diesj\u00e4hrige Reise steht zudem ganz im Zeichen der Solidarit\u00e4t mit der Ukraine: Von den rund 50 Studierenden, die die Universit\u00e4t Mozarteum in den letzten Monaten aufgenommen hat, werden einige auch Bella Musica auf den Mozart-Wegen begleiten. Damit soll ein weiteres Zeichen f\u00fcr ein friedliches Miteinander in Europa gesetzt werden. Eine Br\u00fccke dazu schl\u00e4gt Franz Xaver Mozart, Sohn von W. A. Mozart, der 1808 als Musiklehrer nach Lemberg, ins heutige Lwiw, zog. Er war dort lange Jahre als erfolgreicher Pianist und Musikp\u00e4dagoge t\u00e4tig.<\/p>\n<p style=\"text-align: justify;\">H\u00f6hepunkt der Konzertreise ist zweifelsohne der Auftritt in Neapel im Gro\u00dfen Saal des Conservatorio di Musica San Pietro a Majella. Dar\u00fcber hinaus freuen sich die jungen Musiker*innen \u00fcber ein Konzert im Kloster Certosa di San Giacomo auf der Insel Capri, das auch W. A. Mozart geplant hatte. Die Konzerte in Caserta, Neapel und Capri werden im Rahmen des \u201eFestival Barocco Napoletano\u201c gemeinsam mit der Siti Reali, einer Staatlichen Schl\u00f6sser- und Gartenverwaltung, veranstaltet, die alle Bourbonen-Pal\u00e4ste in Kampanien verwaltet und dem Bella Musica Ensembleprojekt seit 2019 bereits zahlreiche Auftritte erm\u00f6glichte.<\/p>\n<p>\n<a href=\"https:\/\/moz.ac.at\/de\/presse\/pressemeldung.php?nr=1265\"><u>Pressemitteilung<\/u><\/a><\/p>\n<p><a href=\"https:\/\/www.austriacult.roma.it\/wp-content\/uploads\/2022\/08\/Plakat-1-Locandina-SantEustachio-1.png\"><img loading=\"lazy\" decoding=\"async\" class=\"alignnone size-full wp-image-12146\" src=\"https:\/\/www.austriacult.roma.it\/wp-content\/uploads\/2022\/08\/Plakat-1-Locandina-SantEustachio-1.png\" alt=\"\" width=\"600\" height=\"849\" \/><\/a> <br \/>\n<a href=\"https:\/\/www.austriacult.roma.it\/wp-content\/uploads\/2022\/08\/Plakat-2-Ensemble-Giovanile.jpg\"><img loading=\"lazy\" decoding=\"async\" class=\"alignnone size-full wp-image-12148\" src=\"https:\/\/www.austriacult.roma.it\/wp-content\/uploads\/2022\/08\/Plakat-2-Ensemble-Giovanile.jpg\" alt=\"\" width=\"600\" height=\"848\" \/><\/a><br \/>\n<a href=\"https:\/\/www.austriacult.roma.it\/wp-content\/uploads\/2022\/08\/Plakat-3-Calendario.jpg\"><img loading=\"lazy\" decoding=\"async\" class=\"alignnone size-full wp-image-12149\" src=\"https:\/\/www.austriacult.roma.it\/wp-content\/uploads\/2022\/08\/Plakat-3-Calendario.jpg\" alt=\"\" width=\"600\" height=\"848\" \/><\/a><\/p>\n<p><strong>\u00a0<\/strong><strong>Alle Termine:<\/strong><\/p>\n<p><strong>\u00a0<\/strong><strong>28.8. 2022 \u2013 18.00<\/strong><\/p>\n<p>Teatro Comunale<\/p>\n<p>Avigliano Umbro \u2013 Terni<\/p>\n<p><strong>29.8. 2022 \u2013 21.00<\/strong><\/p>\n<p>Basilica di Sant`Eustacchio \u2013 Rom<\/p>\n<p><strong>30.08. 2022 \u2013 21.00<\/strong><\/p>\n<p>Palazzo Caetani<\/p>\n<p>Fondi \u2013 Terracina<\/p>\n<p><strong>31.08. 2022 \u2013 11.30<\/strong><\/p>\n<p>Reggia di Caserta<\/p>\n<p>Caserta<\/p>\n<p><strong>01.09. 2022 \u2013 12.00<\/strong><\/p>\n<p>Certosa di San Giacomo<\/p>\n<p>Capri<\/p>\n<p><strong>02.09. 2022 \u2013 18.00<\/strong><\/p>\n<p>Conservatorio di Musica San Pietro a Majella<\/p>\n<p>Neapel<\/p>\n<p><strong>04.09. 2022 \u2013 10.30<\/strong><\/p>\n<p>Palazzo Pizzini<\/p>\n<p>Ala &#8211; Rovereto<\/p>\n<p><\/p>","protected":false},"excerpt":{"rendered":"<\/p>\n<p style=\"text-align: justify;\">Das Musikprojekt BELLA MUSICA, eine Zusammenarbeit der Universit\u00e4t Mozarteum mit der Hochschule f\u00fcr Musik Wu\u0308rzburg und dem Conservatorio Santa Cecilia in Rom, vereint junge \u00f6sterreichische, italienische und deutsche Musiktalente zu einem jungen Ensemble, das \u00fcber die Musik Mozarts das Bewusstsein eines gemeinsamen europ\u00e4ischen kulturellen Erbes st\u00e4rken will. Unter der Leitung von Stefan David Hummel macht das Projekt von 24. August bis 4. September 2022 in den Mozartst\u00e4dten Terni, Rom, Neapel, Terracina, Caserta und Ala-Rovereto Station.<\/p>\n<p style=\"text-align: justify;\">Die diesj\u00e4hrige [&#8230;]<\/p>\n","protected":false},"author":2,"featured_media":12152,"comment_status":"closed","ping_status":"closed","template":"","meta":{"footnotes":""},"tags":[],"tribe_events_cat":[],"class_list":["post-12143","tribe_events","type-tribe_events","status-publish","has-post-thumbnail","hentry"],"_links":{"self":[{"href":"https:\/\/www.austriacult.roma.it\/de\/wp-json\/wp\/v2\/tribe_events\/12143","targetHints":{"allow":["GET"]}}],"collection":[{"href":"https:\/\/www.austriacult.roma.it\/de\/wp-json\/wp\/v2\/tribe_events"}],"about":[{"href":"https:\/\/www.austriacult.roma.it\/de\/wp-json\/wp\/v2\/types\/tribe_events"}],"author":[{"embeddable":true,"href":"https:\/\/www.austriacult.roma.it\/de\/wp-json\/wp\/v2\/users\/2"}],"replies":[{"embeddable":true,"href":"https:\/\/www.austriacult.roma.it\/de\/wp-json\/wp\/v2\/comments?post=12143"}],"version-history":[{"count":0,"href":"https:\/\/www.austriacult.roma.it\/de\/wp-json\/wp\/v2\/tribe_events\/12143\/revisions"}],"wp:featuredmedia":[{"embeddable":true,"href":"https:\/\/www.austriacult.roma.it\/de\/wp-json\/wp\/v2\/media\/12152"}],"wp:attachment":[{"href":"https:\/\/www.austriacult.roma.it\/de\/wp-json\/wp\/v2\/media?parent=12143"}],"wp:term":[{"taxonomy":"post_tag","embeddable":true,"href":"https:\/\/www.austriacult.roma.it\/de\/wp-json\/wp\/v2\/tags?post=12143"},{"taxonomy":"tribe_events_cat","embeddable":true,"href":"https:\/\/www.austriacult.roma.it\/de\/wp-json\/wp\/v2\/tribe_events_cat?post=12143"}],"curies":[{"name":"wp","href":"https:\/\/api.w.org\/{rel}","templated":true}]}}

BELLA MUSICA MOZARTEUM | Junge Botschafter der Europäischen Mozart-Wege

<p></p>
<p style="text-align: justify;">Das Musikprojekt <strong>BELLA MUSICA</strong>, eine Zusammenarbeit der <strong>Universität Mozarteum</strong> mit der <strong>Hochschule für Musik Würzburg</strong> und dem <strong>Conservatorio Santa Cecilia</strong> in Rom, vereint junge österreichische, italienische und deutsche Musiktalente zu einem jungen Ensemble, das über die Musik Mozarts das Bewusstsein eines gemeinsamen europäischen kulturellen Erbes stärken will. Unter der Leitung von Stefan David Hummel macht das Projekt von 24. August bis 4. September 2022 in den Mozartstädten Terni, Rom, Neapel, Terracina, Caserta und Ala-Rovereto Station.</p>
<p style="text-align: justify;">Die diesjährige Reise steht zudem ganz im Zeichen der Solidarität mit der Ukraine: Von den rund 50 Studierenden, die die Universität Mozarteum in den letzten Monaten aufgenommen hat, werden einige auch Bella Musica auf den Mozart-Wegen begleiten. Damit soll ein weiteres Zeichen für ein friedliches Miteinander in Europa gesetzt werden. Eine Brücke dazu schlägt Franz Xaver Mozart, Sohn von W. A. Mozart, der 1808 als Musiklehrer nach Lemberg, ins heutige Lwiw, zog. Er war dort lange Jahre als erfolgreicher Pianist und Musikpädagoge tätig.</p>
<p style="text-align: justify;">Höhepunkt der Konzertreise ist zweifelsohne der Auftritt in Neapel im Großen Saal des Conservatorio di Musica San Pietro a Majella. Darüber hinaus freuen sich die jungen Musiker*innen über ein Konzert im Kloster Certosa di San Giacomo auf der Insel Capri, das auch W. A. Mozart geplant hatte. Die Konzerte in Caserta, Neapel und Capri werden im Rahmen des „Festival Barocco Napoletano“ gemeinsam mit der Siti Reali, einer Staatlichen Schlösser- und Gartenverwaltung, veranstaltet, die alle Bourbonen-Paläste in Kampanien verwaltet und dem Bella Musica Ensembleprojekt seit 2019 bereits zahlreiche Auftritte ermöglichte.</p>
<p>
<a href="https://moz.ac.at/de/presse/pressemeldung.php?nr=1265"><u>Pressemitteilung</u></a></p>
<p><a href="https://www.austriacult.roma.it/wp-content/uploads/2022/08/Plakat-1-Locandina-SantEustachio-1.png"><img loading="lazy" decoding="async" class="alignnone size-full wp-image-12146" src="https://www.austriacult.roma.it/wp-content/uploads/2022/08/Plakat-1-Locandina-SantEustachio-1.png" alt="" width="600" height="849" /></a> <br />
<a href="https://www.austriacult.roma.it/wp-content/uploads/2022/08/Plakat-2-Ensemble-Giovanile.jpg"><img loading="lazy" decoding="async" class="alignnone size-full wp-image-12148" src="https://www.austriacult.roma.it/wp-content/uploads/2022/08/Plakat-2-Ensemble-Giovanile.jpg" alt="" width="600" height="848" /></a><br />
<a href="https://www.austriacult.roma.it/wp-content/uploads/2022/08/Plakat-3-Calendario.jpg"><img loading="lazy" decoding="async" class="alignnone size-full wp-image-12149" src="https://www.austriacult.roma.it/wp-content/uploads/2022/08/Plakat-3-Calendario.jpg" alt="" width="600" height="848" /></a></p>
<p><strong> </strong><strong>Alle Termine:</strong></p>
<p><strong> </strong><strong>28.8. 2022 – 18.00</strong></p>
<p>Teatro Comunale</p>
<p>Avigliano Umbro – Terni</p>
<p><strong>29.8. 2022 – 21.00</strong></p>
<p>Basilica di Sant`Eustacchio – Rom</p>
<p><strong>30.08. 2022 – 21.00</strong></p>
<p>Palazzo Caetani</p>
<p>Fondi – Terracina</p>
<p><strong>31.08. 2022 – 11.30</strong></p>
<p>Reggia di Caserta</p>
<p>Caserta</p>
<p><strong>01.09. 2022 – 12.00</strong></p>
<p>Certosa di San Giacomo</p>
<p>Capri</p>
<p><strong>02.09. 2022 – 18.00</strong></p>
<p>Conservatorio di Musica San Pietro a Majella</p>
<p>Neapel</p>
<p><strong>04.09. 2022 – 10.30</strong></p>
<p>Palazzo Pizzini</p>
<p>Ala &#8211; Rovereto</p>
<p></p>

</p>
<p style="text-align: justify;">Das Musikprojekt BELLA MUSICA, eine Zusammenarbeit der Universität Mozarteum mit der Hochschule für Musik Würzburg und dem Conservatorio Santa Cecilia in Rom, vereint junge österreichische, italienische und deutsche Musiktalente zu einem jungen Ensemble, das über die Musik Mozarts das Bewusstsein eines gemeinsamen europäischen kulturellen Erbes stärken will. Unter der Leitung von Stefan David Hummel macht das Projekt von 24. August bis 4. September 2022 in den Mozartstädten Terni, Rom, Neapel, Terracina, Caserta und Ala-Rovereto Station.</p>
<p style="text-align: justify;">Die diesjährige [&#8230;]</p>
