{"id":12041,"date":"2022-06-29T09:22:03","date_gmt":"2022-06-29T07:22:03","guid":{"rendered":"https:\/\/www.austriacult.roma.it\/?post_type=tribe_events&#038;p=12041"},"modified":"2022-06-29T09:24:57","modified_gmt":"2022-06-29T07:24:57","slug":"christina-ruf","status":"publish","type":"tribe_events","link":"https:\/\/www.austriacult.roma.it\/de\/veranstaltung\/christina-ruf\/","title":{"rendered":"CHRISTINA RUF"},"content":{"rendered":"<p><\/p>\n<p style=\"text-align: justify;\">Die \u00f6sterreichische Musikerin Christina Ruf (6-saitiges E-Cello, Elektronik, Komposition) ist am Festival MUSICA SULLE BOCCHE in Sardinien zu h\u00f6ren. Das internationale Festival findet von 3. bis 21. August 2022 statt und bietet ein \u00fcber 12 Gemeinden verstreutes Programm. \u00a0<\/p>\n<p style=\"text-align: justify;\">Die \u00f6sterreichische (E-)Cellistin und Komponistin Christina Ruf arbeitet in vielen<\/p>\n<p style=\"text-align: justify;\">musikalischen Bereichen. \u201eSie will sich keine musikalischen Grenzen setzen und so geht es<\/p>\n<p style=\"text-align: justify;\">ihr darum &#8222;nicht einfach Cello zu spielen, sondern Musik zu machen&#8220;. Daf\u00fcr l\u00e4sst Ruf sich<\/p>\n<p style=\"text-align: justify;\">von den unterschiedlichsten Kl\u00e4ngen und der \u00c4sthetik von W\u00f6rtern inspirieren, integriert<\/p>\n<p style=\"text-align: justify;\">das Cello in diesen Kosmos.\u201c (Marlene Schnedl, \u00d61)<\/p>\n<p style=\"text-align: justify;\">Die klanglichen und formativen Dimensionen, in denen sie arbeitet, deuten nur noch in Reflexionen ein klassisches Spiel an. Das 6-saitige E-Cellos, diverse Effektpedale und Elektronik manipulieren und erweitern gewohnte Form- und Klangerlebnisse, sind aber nicht nur Performance, sondern verstehen es auch zu ber\u00fchren. \u00a0<\/p>\n<p style=\"text-align: justify;\">Infos zum Festival: <a href=\"https:\/\/www.musicasullebocche.it\/\">https:\/\/www.musicasullebocche.it\/<\/a><\/p>\n<p style=\"text-align: justify;\">Zu <strong>Christina Rufs<\/strong> Projekten z\u00e4hlen u.a. das elektroakustische Hybrid-Cello MelloDome, das<\/p>\n<p style=\"text-align: justify;\">d\u00e4nisch-\u00f6sterreichische Trio LICHTE RAUM mit Erik Emil Eskildsen (Touch Guitar U8,<\/p>\n<p style=\"text-align: justify;\">Electronics) und Tobias Leibetseder (Voice, Electronics), ihre experimentelle Pop-Band Ima<\/p>\n<p style=\"text-align: justify;\">Nuori sowie Kollaborationen mit dem Wiener Gitarristen Markus W. Schneider und dem<\/p>\n<p style=\"text-align: justify;\">Berliner K\u00fcnstler Bernhard W\u00f6stheinrich.<\/p>\n<p style=\"text-align: justify;\"><a href=\"https:\/\/www.christinaruf.com\">https:\/\/www.christinaruf.com<\/a><\/p>\n<p style=\"text-align: justify;\">\u00a0<\/p>\n<p><\/p>","protected":false},"excerpt":{"rendered":"<\/p>\n<p style=\"text-align: justify;\">Die \u00f6sterreichische Musikerin Christina Ruf (6-saitiges E-Cello, Elektronik, Komposition) ist am Festival MUSICA SULLE BOCCHE in Sardinien zu h\u00f6ren. Das internationale Festival findet von 3. bis 21. August 2022 statt und bietet ein \u00fcber 12 Gemeinden verstreutes Programm. \u00a0<\/p>\n<p style=\"text-align: justify;\">Die \u00f6sterreichische (E-)Cellistin und Komponistin Christina Ruf arbeitet in vielen<\/p>\n<p style=\"text-align: justify;\">musikalischen Bereichen. \u201eSie will sich keine musikalischen Grenzen setzen und so geht es<\/p>\n<p style=\"text-align: justify;\">ihr darum &#8222;nicht einfach Cello zu spielen, sondern Musik zu machen&#8220;. Daf\u00fcr l\u00e4sst [&#8230;]<\/p>\n","protected":false},"author":2,"featured_media":12042,"comment_status":"closed","ping_status":"closed","template":"","meta":{"footnotes":""},"tags":[],"tribe_events_cat":[3],"class_list":["post-12041","tribe_events","type-tribe_events","status-publish","has-post-thumbnail","hentry","tribe_events_cat-musik","cat_musik"],"_links":{"self":[{"href":"https:\/\/www.austriacult.roma.it\/de\/wp-json\/wp\/v2\/tribe_events\/12041","targetHints":{"allow":["GET"]}}],"collection":[{"href":"https:\/\/www.austriacult.roma.it\/de\/wp-json\/wp\/v2\/tribe_events"}],"about":[{"href":"https:\/\/www.austriacult.roma.it\/de\/wp-json\/wp\/v2\/types\/tribe_events"}],"author":[{"embeddable":true,"href":"https:\/\/www.austriacult.roma.it\/de\/wp-json\/wp\/v2\/users\/2"}],"replies":[{"embeddable":true,"href":"https:\/\/www.austriacult.roma.it\/de\/wp-json\/wp\/v2\/comments?post=12041"}],"version-history":[{"count":0,"href":"https:\/\/www.austriacult.roma.it\/de\/wp-json\/wp\/v2\/tribe_events\/12041\/revisions"}],"wp:featuredmedia":[{"embeddable":true,"href":"https:\/\/www.austriacult.roma.it\/de\/wp-json\/wp\/v2\/media\/12042"}],"wp:attachment":[{"href":"https:\/\/www.austriacult.roma.it\/de\/wp-json\/wp\/v2\/media?parent=12041"}],"wp:term":[{"taxonomy":"post_tag","embeddable":true,"href":"https:\/\/www.austriacult.roma.it\/de\/wp-json\/wp\/v2\/tags?post=12041"},{"taxonomy":"tribe_events_cat","embeddable":true,"href":"https:\/\/www.austriacult.roma.it\/de\/wp-json\/wp\/v2\/tribe_events_cat?post=12041"}],"curies":[{"name":"wp","href":"https:\/\/api.w.org\/{rel}","templated":true}]}}

<p></p>
<p style="text-align: justify;">Die österreichische Musikerin Christina Ruf (6-saitiges E-Cello, Elektronik, Komposition) ist am Festival MUSICA SULLE BOCCHE in Sardinien zu hören. Das internationale Festival findet von 3. bis 21. August 2022 statt und bietet ein über 12 Gemeinden verstreutes Programm.  </p>
<p style="text-align: justify;">Die österreichische (E-)Cellistin und Komponistin Christina Ruf arbeitet in vielen</p>
<p style="text-align: justify;">musikalischen Bereichen. „Sie will sich keine musikalischen Grenzen setzen und so geht es</p>
<p style="text-align: justify;">ihr darum &#8222;nicht einfach Cello zu spielen, sondern Musik zu machen&#8220;. Dafür lässt Ruf sich</p>
<p style="text-align: justify;">von den unterschiedlichsten Klängen und der Ästhetik von Wörtern inspirieren, integriert</p>
<p style="text-align: justify;">das Cello in diesen Kosmos.“ (Marlene Schnedl, Ö1)</p>
<p style="text-align: justify;">Die klanglichen und formativen Dimensionen, in denen sie arbeitet, deuten nur noch in Reflexionen ein klassisches Spiel an. Das 6-saitige E-Cellos, diverse Effektpedale und Elektronik manipulieren und erweitern gewohnte Form- und Klangerlebnisse, sind aber nicht nur Performance, sondern verstehen es auch zu berühren.  </p>
<p style="text-align: justify;">Infos zum Festival: <a href="https://www.musicasullebocche.it/">https://www.musicasullebocche.it/</a></p>
<p style="text-align: justify;">Zu <strong>Christina Rufs</strong> Projekten zählen u.a. das elektroakustische Hybrid-Cello MelloDome, das</p>
<p style="text-align: justify;">dänisch-österreichische Trio LICHTE RAUM mit Erik Emil Eskildsen (Touch Guitar U8,</p>
<p style="text-align: justify;">Electronics) und Tobias Leibetseder (Voice, Electronics), ihre experimentelle Pop-Band Ima</p>
<p style="text-align: justify;">Nuori sowie Kollaborationen mit dem Wiener Gitarristen Markus W. Schneider und dem</p>
<p style="text-align: justify;">Berliner Künstler Bernhard Wöstheinrich.</p>
<p style="text-align: justify;"><a href="https://www.christinaruf.com">https://www.christinaruf.com</a></p>
<p style="text-align: justify;"> </p>
<p></p>

</p>
<p style="text-align: justify;">Die österreichische Musikerin Christina Ruf (6-saitiges E-Cello, Elektronik, Komposition) ist am Festival MUSICA SULLE BOCCHE in Sardinien zu hören. Das internationale Festival findet von 3. bis 21. August 2022 statt und bietet ein über 12 Gemeinden verstreutes Programm.  </p>
<p style="text-align: justify;">Die österreichische (E-)Cellistin und Komponistin Christina Ruf arbeitet in vielen</p>
<p style="text-align: justify;">musikalischen Bereichen. „Sie will sich keine musikalischen Grenzen setzen und so geht es</p>
<p style="text-align: justify;">ihr darum &#8222;nicht einfach Cello zu spielen, sondern Musik zu machen&#8220;. Dafür lässt [&#8230;]</p>
