{"id":11897,"date":"2022-06-01T15:50:51","date_gmt":"2022-06-01T13:50:51","guid":{"rendered":"https:\/\/www.austriacult.roma.it\/?post_type=tribe_events&#038;p=11897"},"modified":"2022-08-25T13:10:29","modified_gmt":"2022-08-25T11:10:29","slug":"silen-ce-tanz-company-gervasi","status":"publish","type":"tribe_events","link":"https:\/\/www.austriacult.roma.it\/de\/veranstaltung\/silen-ce-tanz-company-gervasi\/","title":{"rendered":"SILEN-CE | Tanz Company Gervasi"},"content":{"rendered":"<p><\/p>\n<p>\u00ab<strong>Silen-ce. <\/strong>Schweigen ist ebenso voll von Bedeutung wie Sprechen. Und es kann einen R\u00fcckzug bedeuten, in eine Welt der Stille, in der man vor der \u00e4u\u00dferen Welt Zuflucht sucht. Dieser Schritt kann in bestimmten historischen Situationen zur empfohlenen Norm werden. Vier T\u00e4nzerInnen verharren in Isolation und Schweigen. Ihre Kommunikation besteht nur in Spiegelung und Interaktion mit metallischen Formen. Sie sind auf dem Weg zu sich selbst, der niemals gerade verl\u00e4uft und leben ihre Emotionen in einem Spiel von Rivalit\u00e4t, Narzissmus und purer Selbstsucht aus.Choreographisch leben sie vom Minimalismus der<\/p>\n<p>Isolation, aber auch von komplexen und introvertierten Bewegungen, die sich zwischen ihnen ereignen und eine F\u00fclle instabiler Verh\u00e4ltnisse ahnen lassen. \u00bb (Elio Gervasi)<\/p>\n<p>K\u00fcnstlerische Leitung und Choreografie: Elio Gervasi<br \/>\nChoreografische Unterst\u00fctzung: Alberto Franceschini<br \/>\nT\u00e4nzer: Luca Zanni, Megan Castro, Annalisa Di Lanno und Paula Dominici<br \/>\nMusik, Komposition: Alessandro Vicard<br \/>\nKost\u00fcme: Alina Amman<br \/>\nDramaturgische Beratung: Karl Baratta<\/p>\n<p>&nbsp;<\/p>\n<p><strong>Elio Gervasi<br \/>\n<\/strong>geboren in Cosenza (I), studierte Klassischen Tanz in Rom, Modern Dance bei Peter Goss, Merce Cunningham, Jos\u00e9 Limon, Louis Falco und Susanne Linke, sowie Contemporary Dance, Contact Improvisation und Release Technique. Eine langj\u00e4hrige Zusammenarbeit (1979\u20131986) verbindet ihn mit Bob Curtis. Mit Federico Fellini arbeitete Gervasi in den Filmen <em>Ginger and Fred<\/em> und <em>La nave va<\/em>. 1987 gr\u00fcndete er die Tanzkompanie Gervasi in Wien, die seither mehr als 50 Produktionen im In- und Ausland gezeigt hat. Gervasi erhielt in den vergangenen mehr als 30 Jahren zahlreiche Auszeichnungen der Kunstsektion des Bundeskanzleramtes, u. a. <em>den \u00d6sterreichischen Tanzproduktionspreis<\/em>. Er ist zudem international als Gastchoreograf t\u00e4tig. Die Tanz Company Gervasi bereist mit ihren Produktionen regelm\u00e4\u00dfig \u00d6sterreich, Europa und S\u00fcdamerika.<\/p>\n<p><a href=\"http:\/\/www.gervasi.at\">www.gervasi.at<\/a><\/p>\n<p><strong>24.-25. Juli 2022 | Freitag-Samstag | 20:30<\/strong><\/p>\n<p><\/p>","protected":false},"excerpt":{"rendered":"<\/p>\n<p>\u00abSilen-ce. Schweigen ist ebenso voll von Bedeutung wie Sprechen. Und es kann einen R\u00fcckzug bedeuten, in eine Welt der Stille, in der man vor der \u00e4u\u00dferen Welt Zuflucht sucht. Dieser Schritt kann in bestimmten historischen Situationen zur empfohlenen Norm werden. Vier T\u00e4nzerInnen verharren in Isolation und Schweigen. Ihre Kommunikation besteht nur in Spiegelung und Interaktion mit metallischen Formen. Sie sind auf dem Weg zu sich selbst, der niemals gerade verl\u00e4uft und leben ihre Emotionen in einem Spiel von Rivalit\u00e4t, Narzissmus [&#8230;]<\/p>\n","protected":false},"author":2,"featured_media":11814,"comment_status":"closed","ping_status":"closed","template":"","meta":{"footnotes":""},"tags":[],"tribe_events_cat":[],"class_list":["post-11897","tribe_events","type-tribe_events","status-publish","has-post-thumbnail","hentry"],"_links":{"self":[{"href":"https:\/\/www.austriacult.roma.it\/de\/wp-json\/wp\/v2\/tribe_events\/11897","targetHints":{"allow":["GET"]}}],"collection":[{"href":"https:\/\/www.austriacult.roma.it\/de\/wp-json\/wp\/v2\/tribe_events"}],"about":[{"href":"https:\/\/www.austriacult.roma.it\/de\/wp-json\/wp\/v2\/types\/tribe_events"}],"author":[{"embeddable":true,"href":"https:\/\/www.austriacult.roma.it\/de\/wp-json\/wp\/v2\/users\/2"}],"replies":[{"embeddable":true,"href":"https:\/\/www.austriacult.roma.it\/de\/wp-json\/wp\/v2\/comments?post=11897"}],"version-history":[{"count":0,"href":"https:\/\/www.austriacult.roma.it\/de\/wp-json\/wp\/v2\/tribe_events\/11897\/revisions"}],"wp:featuredmedia":[{"embeddable":true,"href":"https:\/\/www.austriacult.roma.it\/de\/wp-json\/wp\/v2\/media\/11814"}],"wp:attachment":[{"href":"https:\/\/www.austriacult.roma.it\/de\/wp-json\/wp\/v2\/media?parent=11897"}],"wp:term":[{"taxonomy":"post_tag","embeddable":true,"href":"https:\/\/www.austriacult.roma.it\/de\/wp-json\/wp\/v2\/tags?post=11897"},{"taxonomy":"tribe_events_cat","embeddable":true,"href":"https:\/\/www.austriacult.roma.it\/de\/wp-json\/wp\/v2\/tribe_events_cat?post=11897"}],"curies":[{"name":"wp","href":"https:\/\/api.w.org\/{rel}","templated":true}]}}

<p></p>
<p>«<strong>Silen-ce. </strong>Schweigen ist ebenso voll von Bedeutung wie Sprechen. Und es kann einen Rückzug bedeuten, in eine Welt der Stille, in der man vor der äußeren Welt Zuflucht sucht. Dieser Schritt kann in bestimmten historischen Situationen zur empfohlenen Norm werden. Vier TänzerInnen verharren in Isolation und Schweigen. Ihre Kommunikation besteht nur in Spiegelung und Interaktion mit metallischen Formen. Sie sind auf dem Weg zu sich selbst, der niemals gerade verläuft und leben ihre Emotionen in einem Spiel von Rivalität, Narzissmus und purer Selbstsucht aus.Choreographisch leben sie vom Minimalismus der</p>
<p>Isolation, aber auch von komplexen und introvertierten Bewegungen, die sich zwischen ihnen ereignen und eine Fülle instabiler Verhältnisse ahnen lassen. » (Elio Gervasi)</p>
<p>Künstlerische Leitung und Choreografie: Elio Gervasi<br />
Choreografische Unterstützung: Alberto Franceschini<br />
Tänzer: Luca Zanni, Megan Castro, Annalisa Di Lanno und Paula Dominici<br />
Musik, Komposition: Alessandro Vicard<br />
Kostüme: Alina Amman<br />
Dramaturgische Beratung: Karl Baratta</p>
<p>&nbsp;</p>
<p><strong>Elio Gervasi<br />
</strong>geboren in Cosenza (I), studierte Klassischen Tanz in Rom, Modern Dance bei Peter Goss, Merce Cunningham, José Limon, Louis Falco und Susanne Linke, sowie Contemporary Dance, Contact Improvisation und Release Technique. Eine langjährige Zusammenarbeit (1979–1986) verbindet ihn mit Bob Curtis. Mit Federico Fellini arbeitete Gervasi in den Filmen <em>Ginger and Fred</em> und <em>La nave va</em>. 1987 gründete er die Tanzkompanie Gervasi in Wien, die seither mehr als 50 Produktionen im In- und Ausland gezeigt hat. Gervasi erhielt in den vergangenen mehr als 30 Jahren zahlreiche Auszeichnungen der Kunstsektion des Bundeskanzleramtes, u. a. <em>den Österreichischen Tanzproduktionspreis</em>. Er ist zudem international als Gastchoreograf tätig. Die Tanz Company Gervasi bereist mit ihren Produktionen regelmäßig Österreich, Europa und Südamerika.</p>
<p><a href="http://www.gervasi.at">www.gervasi.at</a></p>
<p><strong>24.-25. Juli 2022 | Freitag-Samstag | 20:30</strong></p>
<p></p>

</p>
<p>«Silen-ce. Schweigen ist ebenso voll von Bedeutung wie Sprechen. Und es kann einen Rückzug bedeuten, in eine Welt der Stille, in der man vor der äußeren Welt Zuflucht sucht. Dieser Schritt kann in bestimmten historischen Situationen zur empfohlenen Norm werden. Vier TänzerInnen verharren in Isolation und Schweigen. Ihre Kommunikation besteht nur in Spiegelung und Interaktion mit metallischen Formen. Sie sind auf dem Weg zu sich selbst, der niemals gerade verläuft und leben ihre Emotionen in einem Spiel von Rivalität, Narzissmus [&#8230;]</p>
