{"id":11878,"date":"2022-06-01T12:51:55","date_gmt":"2022-06-01T10:51:55","guid":{"rendered":"https:\/\/www.austriacult.roma.it\/?post_type=tribe_events&#038;p=11878"},"modified":"2022-06-09T16:28:36","modified_gmt":"2022-06-09T14:28:36","slug":"grosse-freiheit-grande-liberta","status":"publish","type":"tribe_events","link":"https:\/\/www.austriacult.roma.it\/de\/veranstaltung\/grosse-freiheit-grande-liberta\/","title":{"rendered":"GROSSE FREIHEIT | Sebastian Meise"},"content":{"rendered":"<p><\/p>\n<p>AT 2021, 117\u2032, mit Franz Rogowski, Georg Friedrich, Thomas Prenn<br \/>\nIn deutscher Originalfassung mit italienischen Untertiteln.<\/p>\n<p>In seinem Film \u201eGro\u00dfe Freiheit\u201c erinnert Regisseur Sebastian Meise an ein dunkles Kapitel deutscher Geschichte: Die Kriminalisierung schwuler M\u00e4nner durch den Paragraf 175. Bis 1969 wurde in der Bundesrepublik Deutschland einvernehmlicher Sex zwischen erwachsenen M\u00e4nnern mit Gef\u00e4ngnis bestraft. Diese vergessene Geschichte macht der Film \u201eDie gro\u00dfe Freiheit\u201c beklemmend anschaulich. Regisseur Sebastian Meise erz\u00e4hlt das Schicksal von Hans (Franz Rogowski), der \u00fcber Jahrzehnte hinweg von der Justiz verfolgt wird. 1945 kommt er aus dem NS-Konzentrationslager der Nazis praktisch nahtlos ins Gef\u00e4ngnis. Der Film fokussiert vor allem auf menschliche Beziehungen und zeigt die allt\u00e4glichen Momente von Gl\u00fcck und Unterdr\u00fcckung.<\/p>\n<p>Im Zentrum der Geschichte steht die Freundschaft zwischen Hans und dem eigentlich homophoben Viktor (Georg Friedrich), der wegen Mord im Gef\u00e4ngnis ist, und den er im Lauf der Jahrzehnte in verschiedenen Gef\u00e4ngnissen immer wieder trifft. Aus anf\u00e4nglicher Abneigung entwickelt sich \u00fcber die Jahre eine Verbindung gegenseitigen Respekts. Eine Schicksalsgemeinschaft, verbunden durch eine unstillbare Sehnsucht nach Freiheit und Leben.<\/p>\n<p><strong>Sebastian Meise,\u00a0<\/strong>geboren 1976 in Tirol, ist ein \u00f6sterreichischer Regisseur und Drehbuchautor. Sein viel beachtetes Filmdebut\u00a0<em>Stillleben<\/em>\u00a0feierte beim San Sebastian IFF Premiere und gewann zahlreiche Preise, etwa als \u201eBester Film\u201c beim Diagonale Film Festival. Seine Dokumentation\u00a0<em>Outing<\/em>\u00a0wurde beim Hot Docs Festival in Toronto pr\u00e4sentiert und\u00a0<em>Gro\u00dfe Freiheit<\/em>\u00a0wurde bei den 74. Filmfestspielen in Cannes mit dem Preis der Jury\u00a0<em>Un Certain Regard<\/em>\u00a0ausgezeichnet. Sebastian Meise ist Mitgr\u00fcnder der Wiener Produktionsfirma Freibeuter Film.<\/p>\n<p>Der Film wird von\u00a0<strong>Eva Sangiorgi,<\/strong> der Leiterin der Viennale, vorgestellt.\u00a0<\/p>\n<p><span style=\"text-decoration: underline;\"><span style=\"color: #0000ff;\"><a style=\"color: #0000ff; text-decoration: underline;\" href=\"https:\/\/www.youtube.com\/watch?v=M1HxdDIVVKc\">TRAILER<\/a><\/span><\/span><\/p>\n<p><span style=\"text-decoration: underline;\"><span style=\"color: #0000ff;\"><a style=\"color: #0000ff; text-decoration: underline;\" href=\"https:\/\/www.austriacult.roma.it\/wp-content\/uploads\/2022\/06\/austria22_catalogo_web.pdf\">KATALOG-alle Filme<\/a><\/span><\/span><\/p>\n<p><span style=\"font-size: 10pt;\"><em><i>Anmeldung per Mail an: <\/i><span style=\"text-decoration: underline;\"><span style=\"color: #0000ff;\"><a style=\"color: #0000ff; text-decoration: underline;\" href=\"mailto:prenotazione.forumaustriaco@gmail.com\">prenotazione.forumaustriaco@gmail.com<\/a><\/span><\/span> <br \/>\nBitte geben Sie Vor- und Nachnamen und den\/die gew\u00fcnschten Film\/e an. Anmeldefrist bis 12.00 Uhr des Vorf\u00fchrtages.<\/em><\/span><br \/>\n<span style=\"font-size: 10pt;\"><em>Die Anmeldungen werden in der Reihenfolge ihres Eintreffens <\/em><em>ber\u00fccksichtigt und sind erst mit Best\u00e4tigungsmail durch das KF g\u00fcltig.<\/em><\/span><\/p>\n<p>&nbsp;<\/p>\n<p><\/p>","protected":false},"excerpt":{"rendered":"<\/p>\n<p>AT 2021, 117\u2032, mit Franz Rogowski, Georg Friedrich, Thomas Prenn<br \/>\nIn deutscher Originalfassung mit italienischen Untertiteln.<\/p>\n<p>In seinem Film \u201eGro\u00dfe Freiheit\u201c erinnert Regisseur Sebastian Meise an ein dunkles Kapitel deutscher Geschichte: Die Kriminalisierung schwuler M\u00e4nner durch den Paragraf 175. Bis 1969 wurde in der Bundesrepublik Deutschland einvernehmlicher Sex zwischen erwachsenen M\u00e4nnern mit Gef\u00e4ngnis bestraft. Diese vergessene Geschichte macht der Film \u201eDie gro\u00dfe Freiheit\u201c beklemmend anschaulich. Regisseur Sebastian Meise erz\u00e4hlt das Schicksal von Hans (Franz Rogowski), der \u00fcber Jahrzehnte hinweg von der [&#8230;]<\/p>\n","protected":false},"author":2,"featured_media":11879,"comment_status":"closed","ping_status":"closed","template":"","meta":{"footnotes":""},"tags":[],"tribe_events_cat":[],"class_list":["post-11878","tribe_events","type-tribe_events","status-publish","has-post-thumbnail","hentry"],"_links":{"self":[{"href":"https:\/\/www.austriacult.roma.it\/de\/wp-json\/wp\/v2\/tribe_events\/11878","targetHints":{"allow":["GET"]}}],"collection":[{"href":"https:\/\/www.austriacult.roma.it\/de\/wp-json\/wp\/v2\/tribe_events"}],"about":[{"href":"https:\/\/www.austriacult.roma.it\/de\/wp-json\/wp\/v2\/types\/tribe_events"}],"author":[{"embeddable":true,"href":"https:\/\/www.austriacult.roma.it\/de\/wp-json\/wp\/v2\/users\/2"}],"replies":[{"embeddable":true,"href":"https:\/\/www.austriacult.roma.it\/de\/wp-json\/wp\/v2\/comments?post=11878"}],"version-history":[{"count":0,"href":"https:\/\/www.austriacult.roma.it\/de\/wp-json\/wp\/v2\/tribe_events\/11878\/revisions"}],"wp:featuredmedia":[{"embeddable":true,"href":"https:\/\/www.austriacult.roma.it\/de\/wp-json\/wp\/v2\/media\/11879"}],"wp:attachment":[{"href":"https:\/\/www.austriacult.roma.it\/de\/wp-json\/wp\/v2\/media?parent=11878"}],"wp:term":[{"taxonomy":"post_tag","embeddable":true,"href":"https:\/\/www.austriacult.roma.it\/de\/wp-json\/wp\/v2\/tags?post=11878"},{"taxonomy":"tribe_events_cat","embeddable":true,"href":"https:\/\/www.austriacult.roma.it\/de\/wp-json\/wp\/v2\/tribe_events_cat?post=11878"}],"curies":[{"name":"wp","href":"https:\/\/api.w.org\/{rel}","templated":true}]}}

<p></p>
<p>AT 2021, 117′, mit Franz Rogowski, Georg Friedrich, Thomas Prenn<br />
In deutscher Originalfassung mit italienischen Untertiteln.</p>
<p>In seinem Film „Große Freiheit“ erinnert Regisseur Sebastian Meise an ein dunkles Kapitel deutscher Geschichte: Die Kriminalisierung schwuler Männer durch den Paragraf 175. Bis 1969 wurde in der Bundesrepublik Deutschland einvernehmlicher Sex zwischen erwachsenen Männern mit Gefängnis bestraft. Diese vergessene Geschichte macht der Film „Die große Freiheit“ beklemmend anschaulich. Regisseur Sebastian Meise erzählt das Schicksal von Hans (Franz Rogowski), der über Jahrzehnte hinweg von der Justiz verfolgt wird. 1945 kommt er aus dem NS-Konzentrationslager der Nazis praktisch nahtlos ins Gefängnis. Der Film fokussiert vor allem auf menschliche Beziehungen und zeigt die alltäglichen Momente von Glück und Unterdrückung.</p>
<p>Im Zentrum der Geschichte steht die Freundschaft zwischen Hans und dem eigentlich homophoben Viktor (Georg Friedrich), der wegen Mord im Gefängnis ist, und den er im Lauf der Jahrzehnte in verschiedenen Gefängnissen immer wieder trifft. Aus anfänglicher Abneigung entwickelt sich über die Jahre eine Verbindung gegenseitigen Respekts. Eine Schicksalsgemeinschaft, verbunden durch eine unstillbare Sehnsucht nach Freiheit und Leben.</p>
<p><strong>Sebastian Meise, </strong>geboren 1976 in Tirol, ist ein österreichischer Regisseur und Drehbuchautor. Sein viel beachtetes Filmdebut <em>Stillleben</em> feierte beim San Sebastian IFF Premiere und gewann zahlreiche Preise, etwa als „Bester Film“ beim Diagonale Film Festival. Seine Dokumentation <em>Outing</em> wurde beim Hot Docs Festival in Toronto präsentiert und <em>Große Freiheit</em> wurde bei den 74. Filmfestspielen in Cannes mit dem Preis der Jury <em>Un Certain Regard</em> ausgezeichnet. Sebastian Meise ist Mitgründer der Wiener Produktionsfirma Freibeuter Film.</p>
<p>Der Film wird von <strong>Eva Sangiorgi,</strong> der Leiterin der Viennale, vorgestellt. </p>
<p><span style="text-decoration: underline;"><span style="color: #0000ff;"><a style="color: #0000ff; text-decoration: underline;" href="https://www.youtube.com/watch?v=M1HxdDIVVKc">TRAILER</a></span></span></p>
<p><span style="text-decoration: underline;"><span style="color: #0000ff;"><a style="color: #0000ff; text-decoration: underline;" href="https://www.austriacult.roma.it/wp-content/uploads/2022/06/austria22_catalogo_web.pdf">KATALOG-alle Filme</a></span></span></p>
<p><span style="font-size: 10pt;"><em><i>Anmeldung per Mail an: </i><span style="text-decoration: underline;"><span style="color: #0000ff;"><a style="color: #0000ff; text-decoration: underline;" href="mailto:prenotazione.forumaustriaco@gmail.com">prenotazione.forumaustriaco@gmail.com</a></span></span> <br />
Bitte geben Sie Vor- und Nachnamen und den/die gewünschten Film/e an. Anmeldefrist bis 12.00 Uhr des Vorführtages.</em></span><br />
<span style="font-size: 10pt;"><em>Die Anmeldungen werden in der Reihenfolge ihres Eintreffens </em><em>berücksichtigt und sind erst mit Bestätigungsmail durch das KF gültig.</em></span></p>
<p>&nbsp;</p>
<p></p>

</p>
<p>AT 2021, 117′, mit Franz Rogowski, Georg Friedrich, Thomas Prenn<br />
In deutscher Originalfassung mit italienischen Untertiteln.</p>
<p>In seinem Film „Große Freiheit“ erinnert Regisseur Sebastian Meise an ein dunkles Kapitel deutscher Geschichte: Die Kriminalisierung schwuler Männer durch den Paragraf 175. Bis 1969 wurde in der Bundesrepublik Deutschland einvernehmlicher Sex zwischen erwachsenen Männern mit Gefängnis bestraft. Diese vergessene Geschichte macht der Film „Die große Freiheit“ beklemmend anschaulich. Regisseur Sebastian Meise erzählt das Schicksal von Hans (Franz Rogowski), der über Jahrzehnte hinweg von der [&#8230;]</p>
