{"id":11872,"date":"2022-06-01T12:45:49","date_gmt":"2022-06-01T10:45:49","guid":{"rendered":"https:\/\/www.austriacult.roma.it\/?post_type=tribe_events&#038;p=11872"},"modified":"2022-06-09T16:19:55","modified_gmt":"2022-06-09T14:19:55","slug":"marzengrund","status":"publish","type":"tribe_events","link":"https:\/\/www.austriacult.roma.it\/de\/veranstaltung\/marzengrund\/","title":{"rendered":"M\u00c4RZENGRUND | Adrian Goiginger"},"content":{"rendered":"<p><\/p>\n<p>2022, 114 min, Regie: Adrian Goiginger<br \/>\nMit Jakob Mader, Johannes Krisch, Harald Windisch<\/p>\n<p>In Originalfassung mit italienischen Untertiteln.<\/p>\n<p>Im Tiroler Zillertal, dem M\u00e4rzengrund, w\u00e4chst der Teenager Elias in den 1970er Jahren unter den traditionsgenormten Vorstellungen der Eltern \u00fcber sein k\u00fcnftiges Leben auf. Zwischen Heugabeln, Stallausmisten und Holzhacken flieht er, versteckt vor seinem Vater, mit Romanen gedanklich aus der hiesigen Welt. Als seine erste Liebe, eine geschiedene Frau, von den Eltern mit allen Mitteln verhindert wird, kehrt Elias dem Tal entt\u00e4uscht den R\u00fccken. Regisseur Adrian Goiginger (Die beste aller Welten) hat sich mit der Verfilmung des gleichnamigen Felix-Mitterer-St\u00fccks der Geschichte eines Aussteigers angenommen.<\/p>\n<p><span style=\"text-decoration: underline;\"><span style=\"color: #0000ff;\"><a style=\"color: #0000ff; text-decoration: underline;\" href=\"https:\/\/www.youtube.com\/watch?v=HIYN0pe7aJs\">TRAILER<\/a><\/span><\/span><\/p>\n<p><span style=\"text-decoration: underline;\"><span style=\"color: #0000ff;\"><a style=\"color: #0000ff; text-decoration: underline;\" href=\"https:\/\/www.austriacult.roma.it\/wp-content\/uploads\/2022\/06\/austria22_catalogo_web.pdf\">KATALOG<\/a><\/span><\/span><\/p>\n<p><span style=\"font-size: 10pt;\"><em>Anmeldung per Mail an: <span style=\"text-decoration: underline; color: #0000ff;\"><a style=\"color: #0000ff; text-decoration: underline;\" href=\"mailto:prenotazione.forumaustriaco@gmail.com\">prenotazione.forumaustriaco@gmail.com<\/a><\/span><br \/>\n<\/em><em>Bitte geben Sie Vor- und Nachnamen und den gew\u00fcnschten Film an. Anmeldefrist bis 12.00 Uhr des Vorf\u00fchrtages.<br \/>\n<\/em><em>Die Anmeldungen werden in der Reihenfolge ihres Eintreffens ber\u00fccksichtigt und sind erst mit Best\u00e4tigungsmail durch das KF g\u00fcltig.<\/em><\/span><\/p>\n<p><\/p>","protected":false},"excerpt":{"rendered":"<\/p>\n<p>2022, 114 min, Regie: Adrian Goiginger<br \/>\nMit Jakob Mader, Johannes Krisch, Harald Windisch<\/p>\n<p>In Originalfassung mit italienischen Untertiteln.<\/p>\n<p>Im Tiroler Zillertal, dem M\u00e4rzengrund, w\u00e4chst der Teenager Elias in den 1970er Jahren unter den traditionsgenormten Vorstellungen der Eltern \u00fcber sein k\u00fcnftiges Leben auf. Zwischen Heugabeln, Stallausmisten und Holzhacken flieht er, versteckt vor seinem Vater, mit Romanen gedanklich aus der hiesigen Welt. Als seine erste Liebe, eine geschiedene Frau, von den Eltern mit allen Mitteln verhindert wird, kehrt Elias dem Tal entt\u00e4uscht den R\u00fccken. [&#8230;]<\/p>\n","protected":false},"author":2,"featured_media":11873,"comment_status":"closed","ping_status":"closed","template":"","meta":{"footnotes":""},"tags":[],"tribe_events_cat":[8],"class_list":["post-11872","tribe_events","type-tribe_events","status-publish","has-post-thumbnail","hentry","tribe_events_cat-kino","cat_kino"],"_links":{"self":[{"href":"https:\/\/www.austriacult.roma.it\/de\/wp-json\/wp\/v2\/tribe_events\/11872","targetHints":{"allow":["GET"]}}],"collection":[{"href":"https:\/\/www.austriacult.roma.it\/de\/wp-json\/wp\/v2\/tribe_events"}],"about":[{"href":"https:\/\/www.austriacult.roma.it\/de\/wp-json\/wp\/v2\/types\/tribe_events"}],"author":[{"embeddable":true,"href":"https:\/\/www.austriacult.roma.it\/de\/wp-json\/wp\/v2\/users\/2"}],"replies":[{"embeddable":true,"href":"https:\/\/www.austriacult.roma.it\/de\/wp-json\/wp\/v2\/comments?post=11872"}],"version-history":[{"count":0,"href":"https:\/\/www.austriacult.roma.it\/de\/wp-json\/wp\/v2\/tribe_events\/11872\/revisions"}],"wp:featuredmedia":[{"embeddable":true,"href":"https:\/\/www.austriacult.roma.it\/de\/wp-json\/wp\/v2\/media\/11873"}],"wp:attachment":[{"href":"https:\/\/www.austriacult.roma.it\/de\/wp-json\/wp\/v2\/media?parent=11872"}],"wp:term":[{"taxonomy":"post_tag","embeddable":true,"href":"https:\/\/www.austriacult.roma.it\/de\/wp-json\/wp\/v2\/tags?post=11872"},{"taxonomy":"tribe_events_cat","embeddable":true,"href":"https:\/\/www.austriacult.roma.it\/de\/wp-json\/wp\/v2\/tribe_events_cat?post=11872"}],"curies":[{"name":"wp","href":"https:\/\/api.w.org\/{rel}","templated":true}]}}

MÄRZENGRUND | Adrian Goiginger

<p></p>
<p>2022, 114 min, Regie: Adrian Goiginger<br />
Mit Jakob Mader, Johannes Krisch, Harald Windisch</p>
<p>In Originalfassung mit italienischen Untertiteln.</p>
<p>Im Tiroler Zillertal, dem Märzengrund, wächst der Teenager Elias in den 1970er Jahren unter den traditionsgenormten Vorstellungen der Eltern über sein künftiges Leben auf. Zwischen Heugabeln, Stallausmisten und Holzhacken flieht er, versteckt vor seinem Vater, mit Romanen gedanklich aus der hiesigen Welt. Als seine erste Liebe, eine geschiedene Frau, von den Eltern mit allen Mitteln verhindert wird, kehrt Elias dem Tal enttäuscht den Rücken. Regisseur Adrian Goiginger (Die beste aller Welten) hat sich mit der Verfilmung des gleichnamigen Felix-Mitterer-Stücks der Geschichte eines Aussteigers angenommen.</p>
<p><span style="text-decoration: underline;"><span style="color: #0000ff;"><a style="color: #0000ff; text-decoration: underline;" href="https://www.youtube.com/watch?v=HIYN0pe7aJs">TRAILER</a></span></span></p>
<p><span style="text-decoration: underline;"><span style="color: #0000ff;"><a style="color: #0000ff; text-decoration: underline;" href="https://www.austriacult.roma.it/wp-content/uploads/2022/06/austria22_catalogo_web.pdf">KATALOG</a></span></span></p>
<p><span style="font-size: 10pt;"><em>Anmeldung per Mail an: <span style="text-decoration: underline; color: #0000ff;"><a style="color: #0000ff; text-decoration: underline;" href="mailto:prenotazione.forumaustriaco@gmail.com">prenotazione.forumaustriaco@gmail.com</a></span><br />
</em><em>Bitte geben Sie Vor- und Nachnamen und den gewünschten Film an. Anmeldefrist bis 12.00 Uhr des Vorführtages.<br />
</em><em>Die Anmeldungen werden in der Reihenfolge ihres Eintreffens berücksichtigt und sind erst mit Bestätigungsmail durch das KF gültig.</em></span></p>
<p></p>

</p>
<p>2022, 114 min, Regie: Adrian Goiginger<br />
Mit Jakob Mader, Johannes Krisch, Harald Windisch</p>
<p>In Originalfassung mit italienischen Untertiteln.</p>
<p>Im Tiroler Zillertal, dem Märzengrund, wächst der Teenager Elias in den 1970er Jahren unter den traditionsgenormten Vorstellungen der Eltern über sein künftiges Leben auf. Zwischen Heugabeln, Stallausmisten und Holzhacken flieht er, versteckt vor seinem Vater, mit Romanen gedanklich aus der hiesigen Welt. Als seine erste Liebe, eine geschiedene Frau, von den Eltern mit allen Mitteln verhindert wird, kehrt Elias dem Tal enttäuscht den Rücken. [&#8230;]</p>
