{"id":11835,"date":"2022-05-31T12:47:27","date_gmt":"2022-05-31T10:47:27","guid":{"rendered":"https:\/\/www.austriacult.roma.it\/?post_type=tribe_events&#038;p=11835"},"modified":"2022-05-31T13:20:43","modified_gmt":"2022-05-31T11:20:43","slug":"terra-mare-mischa-reska-2","status":"publish","type":"tribe_events","link":"https:\/\/www.austriacult.roma.it\/de\/veranstaltung\/terra-mare-mischa-reska-2\/","title":{"rendered":"TERRA-MARE | Mischa Reska"},"content":{"rendered":"<p><\/p>\n<p>So beschreibt Kuratorin Valentina Piredda-Sardinia das Werk der \u00f6sterreichischen K\u00fcnstlerin <strong>Mischa Reska<\/strong>: \u00abDas Werk von Mischa Reska ist vor allem \u2013 wie sie selbst sagt &#8211; \u201c<em>die Malerei an und f\u00fcr sich<\/em>!\u201d Gemeint ist die Farbe in ihrer optischen und physischen Qualit\u00e4t, egal ob sie zur\u00fcckhaltend, in brillanten T\u00f6nen, durchscheinend oder deckend von ihr eingesetzt wird. Selbst wo sie intensiv aufgetragen wird, zeigt sie sich in vielen Schattierungen.<\/p>\n<p>Oft bietet die Beobachtung des Alltags eine Anregung f\u00fcr ihre Bilder, zum Beispiel eine Morgenstimmung. \u00a0Dabei scheinen die Werke wie \u00dcberlagerungen verschiedener Bilder, in denen sich Menschen- und Tierk\u00f6rper in mimetischen Bewegungen vermischen, ohne sich jemals \u00fcber ihre Umrisse und Profile voneinander abzugrenzen.\u00bb<\/p>\n<p>Mit Unterst\u00fctzung von: Forum Austriaco di Cultura Roma, Land Salzburg, Comune di Bosa, Comune di Alghero, Ass. VP-Sardinia und in Zusammenarbeit mit: TACS-Musei Civici di Bosa, Museo Casa Manno, Edizioni Nemapress-Salpare\/Roma, Alghero<\/p>\n<p><strong>Mischa Reska<\/strong> absolvierte im Mai eine vom Land Salzburg unterst\u00fctzte K\u00fcnstler-Residenz in Bosa. Die Ergebnisse ihrer Arbeit sind in der Einzelausstellung im Rahmen des Projekts \u201eKunstschaffende und Austriamentis 2022\u201c, kuratiert von Valentina Piredda-Sardinia, zu sehen.<\/p>\n<p><span style=\"text-decoration: underline;\"><span style=\"color: #0000ff; text-decoration: underline;\">http:\/\/ateliermischareska.blogspot.com\/<\/span><\/span><br \/>\n<span style=\"text-decoration: underline;\"><span style=\"color: #0000ff; text-decoration: underline;\">http:\/\/maschenmalerei.blogspot.com\/<\/span><\/span><\/p>\n<p><strong>30. Mai \u2013 18. Juni 2022 | t\u00e4glich | 19:00-23:00<br \/>\nGeschlossen: 15. Juni 2022<\/strong><\/p>\n<p>&nbsp;<\/p>\n<p>&nbsp;<\/p>\n<p><\/p>","protected":false},"excerpt":{"rendered":"<\/p>\n<p>So beschreibt Kuratorin Valentina Piredda-Sardinia das Werk der \u00f6sterreichischen K\u00fcnstlerin Mischa Reska: \u00abDas Werk von Mischa Reska ist vor allem \u2013 wie sie selbst sagt &#8211; \u201cdie Malerei an und f\u00fcr sich!\u201d Gemeint ist die Farbe in ihrer optischen und physischen Qualit\u00e4t, egal ob sie zur\u00fcckhaltend, in brillanten T\u00f6nen, durchscheinend oder deckend von ihr eingesetzt wird. Selbst wo sie intensiv aufgetragen wird, zeigt sie sich in vielen Schattierungen.<\/p>\n<p>Oft bietet die Beobachtung des Alltags eine Anregung f\u00fcr ihre Bilder, zum Beispiel [&#8230;]<\/p>\n","protected":false},"author":2,"featured_media":11830,"comment_status":"closed","ping_status":"closed","template":"","meta":{"footnotes":""},"tags":[],"tribe_events_cat":[20],"class_list":["post-11835","tribe_events","type-tribe_events","status-publish","has-post-thumbnail","hentry","tribe_events_cat-mostre","cat_mostre"],"_links":{"self":[{"href":"https:\/\/www.austriacult.roma.it\/de\/wp-json\/wp\/v2\/tribe_events\/11835","targetHints":{"allow":["GET"]}}],"collection":[{"href":"https:\/\/www.austriacult.roma.it\/de\/wp-json\/wp\/v2\/tribe_events"}],"about":[{"href":"https:\/\/www.austriacult.roma.it\/de\/wp-json\/wp\/v2\/types\/tribe_events"}],"author":[{"embeddable":true,"href":"https:\/\/www.austriacult.roma.it\/de\/wp-json\/wp\/v2\/users\/2"}],"replies":[{"embeddable":true,"href":"https:\/\/www.austriacult.roma.it\/de\/wp-json\/wp\/v2\/comments?post=11835"}],"version-history":[{"count":0,"href":"https:\/\/www.austriacult.roma.it\/de\/wp-json\/wp\/v2\/tribe_events\/11835\/revisions"}],"wp:featuredmedia":[{"embeddable":true,"href":"https:\/\/www.austriacult.roma.it\/de\/wp-json\/wp\/v2\/media\/11830"}],"wp:attachment":[{"href":"https:\/\/www.austriacult.roma.it\/de\/wp-json\/wp\/v2\/media?parent=11835"}],"wp:term":[{"taxonomy":"post_tag","embeddable":true,"href":"https:\/\/www.austriacult.roma.it\/de\/wp-json\/wp\/v2\/tags?post=11835"},{"taxonomy":"tribe_events_cat","embeddable":true,"href":"https:\/\/www.austriacult.roma.it\/de\/wp-json\/wp\/v2\/tribe_events_cat?post=11835"}],"curies":[{"name":"wp","href":"https:\/\/api.w.org\/{rel}","templated":true}]}}

<p></p>
<p>So beschreibt Kuratorin Valentina Piredda-Sardinia das Werk der österreichischen Künstlerin <strong>Mischa Reska</strong>: «Das Werk von Mischa Reska ist vor allem – wie sie selbst sagt &#8211; “<em>die Malerei an und für sich</em>!” Gemeint ist die Farbe in ihrer optischen und physischen Qualität, egal ob sie zurückhaltend, in brillanten Tönen, durchscheinend oder deckend von ihr eingesetzt wird. Selbst wo sie intensiv aufgetragen wird, zeigt sie sich in vielen Schattierungen.</p>
<p>Oft bietet die Beobachtung des Alltags eine Anregung für ihre Bilder, zum Beispiel eine Morgenstimmung.  Dabei scheinen die Werke wie Überlagerungen verschiedener Bilder, in denen sich Menschen- und Tierkörper in mimetischen Bewegungen vermischen, ohne sich jemals über ihre Umrisse und Profile voneinander abzugrenzen.»</p>
<p>Mit Unterstützung von: Forum Austriaco di Cultura Roma, Land Salzburg, Comune di Bosa, Comune di Alghero, Ass. VP-Sardinia und in Zusammenarbeit mit: TACS-Musei Civici di Bosa, Museo Casa Manno, Edizioni Nemapress-Salpare/Roma, Alghero</p>
<p><strong>Mischa Reska</strong> absolvierte im Mai eine vom Land Salzburg unterstützte Künstler-Residenz in Bosa. Die Ergebnisse ihrer Arbeit sind in der Einzelausstellung im Rahmen des Projekts „Kunstschaffende und Austriamentis 2022“, kuratiert von Valentina Piredda-Sardinia, zu sehen.</p>
<p><span style="text-decoration: underline;"><span style="color: #0000ff; text-decoration: underline;">http://ateliermischareska.blogspot.com/</span></span><br />
<span style="text-decoration: underline;"><span style="color: #0000ff; text-decoration: underline;">http://maschenmalerei.blogspot.com/</span></span></p>
<p><strong>30. Mai – 18. Juni 2022 | täglich | 19:00-23:00<br />
Geschlossen: 15. Juni 2022</strong></p>
<p>&nbsp;</p>
<p>&nbsp;</p>
<p></p>

</p>
<p>So beschreibt Kuratorin Valentina Piredda-Sardinia das Werk der österreichischen Künstlerin Mischa Reska: «Das Werk von Mischa Reska ist vor allem – wie sie selbst sagt &#8211; “die Malerei an und für sich!” Gemeint ist die Farbe in ihrer optischen und physischen Qualität, egal ob sie zurückhaltend, in brillanten Tönen, durchscheinend oder deckend von ihr eingesetzt wird. Selbst wo sie intensiv aufgetragen wird, zeigt sie sich in vielen Schattierungen.</p>
<p>Oft bietet die Beobachtung des Alltags eine Anregung für ihre Bilder, zum Beispiel [&#8230;]</p>
