{"id":11819,"date":"2022-05-31T10:31:36","date_gmt":"2022-05-31T08:31:36","guid":{"rendered":"https:\/\/www.austriacult.roma.it\/?post_type=tribe_events&#038;p=11819"},"modified":"2022-05-31T13:09:49","modified_gmt":"2022-05-31T11:09:49","slug":"unora-nella-vita-di-stefan-zweig","status":"publish","type":"tribe_events","link":"https:\/\/www.austriacult.roma.it\/de\/veranstaltung\/unora-nella-vita-di-stefan-zweig\/","title":{"rendered":"UN\u2019ORA NELLA VITA DI STEFAN ZWEIG"},"content":{"rendered":"<p><\/p>\n<p>Am 22. Februar 1942 nahm sich der ber\u00fchmte \u00f6sterreichische Schriftsteller <strong>Stefan Zweig<\/strong> w\u00e4hrend seines Exils in Brasilien das Leben und mit ihm Lotte Altmann, seine zweite Ehefrau und Sekret\u00e4rin. <em>Una hora en la vida de Stefan Zweig\u00a0<\/em>rekonstruiert mit den Mitteln des Theaters die letzten Stunden des Autors der \u201eSchachnovelle\u201c. W\u00e4hrend das Paar die Vorbereitungen f\u00fcr den Selbstmord trifft, erscheint pl\u00f6tzlich ein soeben aus Europa gefl\u00fcchteter Jude im Haus. Wer ist dieser seltsame und unangemeldete Besucher? Was ist sein Geheimnis? Und warum interessiert er sich so f\u00fcr eine Radierung von William Blake aus dem Besitz von Stefan Zweig?<\/p>\n<p>Nach dem Theaterst\u00fcck steht der Autor im Gespr\u00e4ch mit den Kuratoren f\u00fcr Publikumsfragen zur Verf\u00fcgung.<\/p>\n<p><strong>Un\u2019ora nella vita di Stefan Zweig<br \/>\n<\/strong>von\u00a0Antonio Tabares<br \/>\n\u00dcbersetzung\u00a0Simone Trecca<\/p>\n<p>mit<br \/>\nMassimo Wertm\u00fcller<br \/>\nElisa Di Eusanio<br \/>\nSebastiano Gavasso<\/p>\n<p>Regie<br \/>\nFerdinando Ceriani<\/p>\n<p>Projektkoordinator:\u00a0Simone Trecca<br \/>\nK\u00fcnstlerische Leitung:\u00a0Ferdinando Ceriani<br \/>\nOrganisation:\u00a0Francesca Leonetti,\u00a0Susanna Nanni, Carlotta Paratore<br \/>\nSekretariat:\u00a0Amy Bernardi<\/p>\n<p>Die Veranstaltung ist Teil des Programms <em>Herencias \u2013 scritture di memoria e identit\u00e0<\/em><\/p>\n<p><a href=\"https:\/\/teatropalladium.uniroma3.it\/event\/unora-nella-vita-di-stefan-zweig\/\"><span style=\"text-decoration: underline;\"><span style=\"color: #0000ff; text-decoration: underline;\">Un\u2019ora nella vita di Stefan Zweig &#8211; Teatro Palladium (uniroma3.it)<\/span><\/span><\/a><\/p>\n<p>&nbsp;<\/p>\n<p><\/p>","protected":false},"excerpt":{"rendered":"<\/p>\n<p>Am 22. Februar 1942 nahm sich der ber\u00fchmte \u00f6sterreichische Schriftsteller Stefan Zweig w\u00e4hrend seines Exils in Brasilien das Leben und mit ihm Lotte Altmann, seine zweite Ehefrau und Sekret\u00e4rin. Una hora en la vida de Stefan Zweig\u00a0rekonstruiert mit den Mitteln des Theaters die letzten Stunden des Autors der \u201eSchachnovelle\u201c. W\u00e4hrend das Paar die Vorbereitungen f\u00fcr den Selbstmord trifft, erscheint pl\u00f6tzlich ein soeben aus Europa gefl\u00fcchteter Jude im Haus. Wer ist dieser seltsame und unangemeldete Besucher? Was ist sein Geheimnis? Und [&#8230;]<\/p>\n","protected":false},"author":2,"featured_media":11820,"comment_status":"closed","ping_status":"closed","template":"","meta":{"footnotes":""},"tags":[],"tribe_events_cat":[306],"class_list":["post-11819","tribe_events","type-tribe_events","status-publish","has-post-thumbnail","hentry","tribe_events_cat-teatro","cat_teatro"],"_links":{"self":[{"href":"https:\/\/www.austriacult.roma.it\/de\/wp-json\/wp\/v2\/tribe_events\/11819","targetHints":{"allow":["GET"]}}],"collection":[{"href":"https:\/\/www.austriacult.roma.it\/de\/wp-json\/wp\/v2\/tribe_events"}],"about":[{"href":"https:\/\/www.austriacult.roma.it\/de\/wp-json\/wp\/v2\/types\/tribe_events"}],"author":[{"embeddable":true,"href":"https:\/\/www.austriacult.roma.it\/de\/wp-json\/wp\/v2\/users\/2"}],"replies":[{"embeddable":true,"href":"https:\/\/www.austriacult.roma.it\/de\/wp-json\/wp\/v2\/comments?post=11819"}],"version-history":[{"count":0,"href":"https:\/\/www.austriacult.roma.it\/de\/wp-json\/wp\/v2\/tribe_events\/11819\/revisions"}],"wp:featuredmedia":[{"embeddable":true,"href":"https:\/\/www.austriacult.roma.it\/de\/wp-json\/wp\/v2\/media\/11820"}],"wp:attachment":[{"href":"https:\/\/www.austriacult.roma.it\/de\/wp-json\/wp\/v2\/media?parent=11819"}],"wp:term":[{"taxonomy":"post_tag","embeddable":true,"href":"https:\/\/www.austriacult.roma.it\/de\/wp-json\/wp\/v2\/tags?post=11819"},{"taxonomy":"tribe_events_cat","embeddable":true,"href":"https:\/\/www.austriacult.roma.it\/de\/wp-json\/wp\/v2\/tribe_events_cat?post=11819"}],"curies":[{"name":"wp","href":"https:\/\/api.w.org\/{rel}","templated":true}]}}

<p></p>
<p>Am 22. Februar 1942 nahm sich der berühmte österreichische Schriftsteller <strong>Stefan Zweig</strong> während seines Exils in Brasilien das Leben und mit ihm Lotte Altmann, seine zweite Ehefrau und Sekretärin. <em>Una hora en la vida de Stefan Zweig </em>rekonstruiert mit den Mitteln des Theaters die letzten Stunden des Autors der „Schachnovelle“. Während das Paar die Vorbereitungen für den Selbstmord trifft, erscheint plötzlich ein soeben aus Europa geflüchteter Jude im Haus. Wer ist dieser seltsame und unangemeldete Besucher? Was ist sein Geheimnis? Und warum interessiert er sich so für eine Radierung von William Blake aus dem Besitz von Stefan Zweig?</p>
<p>Nach dem Theaterstück steht der Autor im Gespräch mit den Kuratoren für Publikumsfragen zur Verfügung.</p>
<p><strong>Un’ora nella vita di Stefan Zweig<br />
</strong>von Antonio Tabares<br />
Übersetzung Simone Trecca</p>
<p>mit<br />
Massimo Wertmüller<br />
Elisa Di Eusanio<br />
Sebastiano Gavasso</p>
<p>Regie<br />
Ferdinando Ceriani</p>
<p>Projektkoordinator: Simone Trecca<br />
Künstlerische Leitung: Ferdinando Ceriani<br />
Organisation: Francesca Leonetti, Susanna Nanni, Carlotta Paratore<br />
Sekretariat: Amy Bernardi</p>
<p>Die Veranstaltung ist Teil des Programms <em>Herencias – scritture di memoria e identità</em></p>
<p><a href="https://teatropalladium.uniroma3.it/event/unora-nella-vita-di-stefan-zweig/"><span style="text-decoration: underline;"><span style="color: #0000ff; text-decoration: underline;">Un’ora nella vita di Stefan Zweig &#8211; Teatro Palladium (uniroma3.it)</span></span></a></p>
<p>&nbsp;</p>
<p></p>

</p>
<p>Am 22. Februar 1942 nahm sich der berühmte österreichische Schriftsteller Stefan Zweig während seines Exils in Brasilien das Leben und mit ihm Lotte Altmann, seine zweite Ehefrau und Sekretärin. Una hora en la vida de Stefan Zweig rekonstruiert mit den Mitteln des Theaters die letzten Stunden des Autors der „Schachnovelle“. Während das Paar die Vorbereitungen für den Selbstmord trifft, erscheint plötzlich ein soeben aus Europa geflüchteter Jude im Haus. Wer ist dieser seltsame und unangemeldete Besucher? Was ist sein Geheimnis? Und [&#8230;]</p>
