{"id":11812,"date":"2022-05-25T14:32:38","date_gmt":"2022-05-25T12:32:38","guid":{"rendered":"https:\/\/www.austriacult.roma.it\/?post_type=tribe_events&#038;p=11812"},"modified":"2022-06-01T15:35:01","modified_gmt":"2022-06-01T13:35:01","slug":"fragmente-tanz-company-gervasi","status":"publish","type":"tribe_events","link":"https:\/\/www.austriacult.roma.it\/de\/veranstaltung\/fragmente-tanz-company-gervasi\/","title":{"rendered":"FRAGMENTE | Tanz Company Gervasi"},"content":{"rendered":"<p><\/p>\n<p>\u00abFragmente, f\u00f6rdern den R\u00fcckfall und die Erhebung des K\u00f6rpers, emotional und unwillk\u00fcrlich getrieben und ohne eigenen Grund kontrolliert. Es gibt keinen Grund, an eine Sache zu glauben, aber es gibt Gr\u00fcnde, an viele Dinge zu glauben. ein K\u00f6rper, der im Raum zerbricht und sich sammelt und rebelliert.\u00bb (Elio Gervasi)<\/p>\n<p>K\u00fcnstlerische Leitung: Elio Gervasi<br \/>\nTanz Choreografie: Paula Dominici<br \/>\nMusik Komposition: Alessandro Vicard<br \/>\nKost\u00fcme: Elio Gervasi<\/p>\n<p><strong>Elio Gervasi<\/strong><\/p>\n<p>geboren in Cosenza (I), studierte er Klassischen Tanz in Rom, Modern Dance bei Peter Goss, Merce Cunningham, Jos\u00e9 Limon, Louis Falco und Susanne Linke, sowie Contemporary Dance, Contact Improvisation und Release Technique. Eine langj\u00e4hrige Zusammenarbeit (1979\u20131986) verbindet ihn mit Bob Curtis. Mit Federico Fellini arbeitete Gervasi in den Filmen <em>Ginger and Fred<\/em> und <em>La nave va<\/em>. 1987 gr\u00fcndete er die Tanzkompanie Gervasi in Wien, die seither mehr als 50 Produktionen im In- und Ausland gezeigt hat. Gervasi erhielt in den vergangenen mehr als 30 Jahren zahlreiche Auszeichnungen der Kunstsektion des Bundeskanzleramtes, u. a. <em>den \u00d6sterreichischen Tanzproduktionspreis<\/em>. Er ist zudem international als Gastchoreograf t\u00e4tig. Die Tanz Company Gervasi bereist mit ihren Produktionen regelm\u00e4\u00dfig \u00d6sterreich, Europa und S\u00fcdamerika.<\/p>\n<p><span style=\"text-decoration: underline;\"><span style=\"color: #0000ff;\"><a style=\"color: #0000ff; text-decoration: underline;\" href=\"http:\/\/www.gervasi.at\">www.gervasi.at<\/a><\/span><\/span><\/p>\n<p><strong>\u00a0<\/strong><\/p>\n<p><strong>\u00a0<\/strong><\/p>\n<p><\/p>","protected":false},"excerpt":{"rendered":"<\/p>\n<p>\u00abFragmente, f\u00f6rdern den R\u00fcckfall und die Erhebung des K\u00f6rpers, emotional und unwillk\u00fcrlich getrieben und ohne eigenen Grund kontrolliert. Es gibt keinen Grund, an eine Sache zu glauben, aber es gibt Gr\u00fcnde, an viele Dinge zu glauben. ein K\u00f6rper, der im Raum zerbricht und sich sammelt und rebelliert.\u00bb (Elio Gervasi)<\/p>\n<p>K\u00fcnstlerische Leitung: Elio Gervasi<br \/>\nTanz Choreografie: Paula Dominici<br \/>\nMusik Komposition: Alessandro Vicard<br \/>\nKost\u00fcme: Elio Gervasi<\/p>\n<p>Elio Gervasi<\/p>\n<p>geboren in Cosenza (I), studierte er Klassischen Tanz in Rom, Modern Dance bei Peter Goss, Merce Cunningham, [&#8230;]<\/p>\n","protected":false},"author":2,"featured_media":11896,"comment_status":"closed","ping_status":"closed","template":"","meta":{"footnotes":""},"tags":[],"tribe_events_cat":[305],"class_list":["post-11812","tribe_events","type-tribe_events","status-publish","has-post-thumbnail","hentry","tribe_events_cat-danza","cat_danza"],"_links":{"self":[{"href":"https:\/\/www.austriacult.roma.it\/de\/wp-json\/wp\/v2\/tribe_events\/11812","targetHints":{"allow":["GET"]}}],"collection":[{"href":"https:\/\/www.austriacult.roma.it\/de\/wp-json\/wp\/v2\/tribe_events"}],"about":[{"href":"https:\/\/www.austriacult.roma.it\/de\/wp-json\/wp\/v2\/types\/tribe_events"}],"author":[{"embeddable":true,"href":"https:\/\/www.austriacult.roma.it\/de\/wp-json\/wp\/v2\/users\/2"}],"replies":[{"embeddable":true,"href":"https:\/\/www.austriacult.roma.it\/de\/wp-json\/wp\/v2\/comments?post=11812"}],"version-history":[{"count":0,"href":"https:\/\/www.austriacult.roma.it\/de\/wp-json\/wp\/v2\/tribe_events\/11812\/revisions"}],"wp:featuredmedia":[{"embeddable":true,"href":"https:\/\/www.austriacult.roma.it\/de\/wp-json\/wp\/v2\/media\/11896"}],"wp:attachment":[{"href":"https:\/\/www.austriacult.roma.it\/de\/wp-json\/wp\/v2\/media?parent=11812"}],"wp:term":[{"taxonomy":"post_tag","embeddable":true,"href":"https:\/\/www.austriacult.roma.it\/de\/wp-json\/wp\/v2\/tags?post=11812"},{"taxonomy":"tribe_events_cat","embeddable":true,"href":"https:\/\/www.austriacult.roma.it\/de\/wp-json\/wp\/v2\/tribe_events_cat?post=11812"}],"curies":[{"name":"wp","href":"https:\/\/api.w.org\/{rel}","templated":true}]}}

<p></p>
<p>«Fragmente, fördern den Rückfall und die Erhebung des Körpers, emotional und unwillkürlich getrieben und ohne eigenen Grund kontrolliert. Es gibt keinen Grund, an eine Sache zu glauben, aber es gibt Gründe, an viele Dinge zu glauben. ein Körper, der im Raum zerbricht und sich sammelt und rebelliert.» (Elio Gervasi)</p>
<p>Künstlerische Leitung: Elio Gervasi<br />
Tanz Choreografie: Paula Dominici<br />
Musik Komposition: Alessandro Vicard<br />
Kostüme: Elio Gervasi</p>
<p><strong>Elio Gervasi</strong></p>
<p>geboren in Cosenza (I), studierte er Klassischen Tanz in Rom, Modern Dance bei Peter Goss, Merce Cunningham, José Limon, Louis Falco und Susanne Linke, sowie Contemporary Dance, Contact Improvisation und Release Technique. Eine langjährige Zusammenarbeit (1979–1986) verbindet ihn mit Bob Curtis. Mit Federico Fellini arbeitete Gervasi in den Filmen <em>Ginger and Fred</em> und <em>La nave va</em>. 1987 gründete er die Tanzkompanie Gervasi in Wien, die seither mehr als 50 Produktionen im In- und Ausland gezeigt hat. Gervasi erhielt in den vergangenen mehr als 30 Jahren zahlreiche Auszeichnungen der Kunstsektion des Bundeskanzleramtes, u. a. <em>den Österreichischen Tanzproduktionspreis</em>. Er ist zudem international als Gastchoreograf tätig. Die Tanz Company Gervasi bereist mit ihren Produktionen regelmäßig Österreich, Europa und Südamerika.</p>
<p><span style="text-decoration: underline;"><span style="color: #0000ff;"><a style="color: #0000ff; text-decoration: underline;" href="http://www.gervasi.at">www.gervasi.at</a></span></span></p>
<p><strong> </strong></p>
<p><strong> </strong></p>
<p></p>

</p>
<p>«Fragmente, fördern den Rückfall und die Erhebung des Körpers, emotional und unwillkürlich getrieben und ohne eigenen Grund kontrolliert. Es gibt keinen Grund, an eine Sache zu glauben, aber es gibt Gründe, an viele Dinge zu glauben. ein Körper, der im Raum zerbricht und sich sammelt und rebelliert.» (Elio Gervasi)</p>
<p>Künstlerische Leitung: Elio Gervasi<br />
Tanz Choreografie: Paula Dominici<br />
Musik Komposition: Alessandro Vicard<br />
Kostüme: Elio Gervasi</p>
<p>Elio Gervasi</p>
<p>geboren in Cosenza (I), studierte er Klassischen Tanz in Rom, Modern Dance bei Peter Goss, Merce Cunningham, [&#8230;]</p>
