{"id":11794,"date":"2022-05-16T16:29:49","date_gmt":"2022-05-16T14:29:49","guid":{"rendered":"https:\/\/www.austriacult.roma.it\/?post_type=tribe_events&#038;p=11794"},"modified":"2022-05-16T16:29:49","modified_gmt":"2022-05-16T14:29:49","slug":"concerto-di-jelena-poprzan-e-caterina-palazzi","status":"publish","type":"tribe_events","link":"https:\/\/www.austriacult.roma.it\/de\/veranstaltung\/jelena-poprzan-und-caterina-palazzi\/","title":{"rendered":"Jelena Popr\u017ean und Caterina Palazzi"},"content":{"rendered":"<p><\/p>\n<p>Die Bratschistin und S\u00e4ngerin<strong> Jelena Popr\u017ean <\/strong>(Viola) und die Jazz-Kontrabassistin <strong>Caterina Palazzi<\/strong> finden bei diesem Konzert innerhalb des Festivals Experimenta 2022 in Alberobello das erste Mal zu einem gemeinsamen und au\u00dfergew\u00f6hnlichen Auftritt zusammen. Das gleicht ein bisschen einem Drahtseilakt, weil die beiden Musikerinnen eher als Outsiderinnen in der europ\u00e4ischen Musikszene gelten. Aber au\u00dfergew\u00f6hnliche Ideen passen zu ihrem Selbstverst\u00e4ndnis, \u00fcberschreiten doch beide gerne Grenzen und ignorieren g\u00e4ngige Etiketten. Ihr Programm am Festival reicht von der freien Improvisation bis zu eigens f\u00fcr diese Formation komponierten St\u00fccken.<\/p>\n<p><strong>\u00a0<\/strong><a href=\"https:\/\/www.facebook.com\/experimentafestival\/\">(20+) Experimenta Festival | Facebook<\/a><\/p>\n<p><\/p>","protected":false},"excerpt":{"rendered":"<\/p>\n<p>Die Bratschistin und S\u00e4ngerin Jelena Popr\u017ean (Viola) und die Jazz-Kontrabassistin Caterina Palazzi finden bei diesem Konzert innerhalb des Festivals Experimenta 2022 in Alberobello das erste Mal zu einem gemeinsamen und au\u00dfergew\u00f6hnlichen Auftritt zusammen. Das gleicht ein bisschen einem Drahtseilakt, weil die beiden Musikerinnen eher als Outsiderinnen in der europ\u00e4ischen Musikszene gelten. Aber au\u00dfergew\u00f6hnliche Ideen passen zu ihrem Selbstverst\u00e4ndnis, \u00fcberschreiten doch beide gerne Grenzen und ignorieren g\u00e4ngige Etiketten. Ihr Programm am Festival reicht von der freien Improvisation bis zu eigens f\u00fcr [&#8230;]<\/p>\n","protected":false},"author":2,"featured_media":11797,"comment_status":"closed","ping_status":"closed","template":"","meta":{"footnotes":""},"tags":[],"tribe_events_cat":[3],"class_list":["post-11794","tribe_events","type-tribe_events","status-publish","has-post-thumbnail","hentry","tribe_events_cat-musik","cat_musik"],"_links":{"self":[{"href":"https:\/\/www.austriacult.roma.it\/de\/wp-json\/wp\/v2\/tribe_events\/11794","targetHints":{"allow":["GET"]}}],"collection":[{"href":"https:\/\/www.austriacult.roma.it\/de\/wp-json\/wp\/v2\/tribe_events"}],"about":[{"href":"https:\/\/www.austriacult.roma.it\/de\/wp-json\/wp\/v2\/types\/tribe_events"}],"author":[{"embeddable":true,"href":"https:\/\/www.austriacult.roma.it\/de\/wp-json\/wp\/v2\/users\/2"}],"replies":[{"embeddable":true,"href":"https:\/\/www.austriacult.roma.it\/de\/wp-json\/wp\/v2\/comments?post=11794"}],"version-history":[{"count":0,"href":"https:\/\/www.austriacult.roma.it\/de\/wp-json\/wp\/v2\/tribe_events\/11794\/revisions"}],"wp:featuredmedia":[{"embeddable":true,"href":"https:\/\/www.austriacult.roma.it\/de\/wp-json\/wp\/v2\/media\/11797"}],"wp:attachment":[{"href":"https:\/\/www.austriacult.roma.it\/de\/wp-json\/wp\/v2\/media?parent=11794"}],"wp:term":[{"taxonomy":"post_tag","embeddable":true,"href":"https:\/\/www.austriacult.roma.it\/de\/wp-json\/wp\/v2\/tags?post=11794"},{"taxonomy":"tribe_events_cat","embeddable":true,"href":"https:\/\/www.austriacult.roma.it\/de\/wp-json\/wp\/v2\/tribe_events_cat?post=11794"}],"curies":[{"name":"wp","href":"https:\/\/api.w.org\/{rel}","templated":true}]}}

Jelena Popržan und Caterina Palazzi

<p></p>
<p>Die Bratschistin und Sängerin<strong> Jelena Popržan </strong>(Viola) und die Jazz-Kontrabassistin <strong>Caterina Palazzi</strong> finden bei diesem Konzert innerhalb des Festivals Experimenta 2022 in Alberobello das erste Mal zu einem gemeinsamen und außergewöhnlichen Auftritt zusammen. Das gleicht ein bisschen einem Drahtseilakt, weil die beiden Musikerinnen eher als Outsiderinnen in der europäischen Musikszene gelten. Aber außergewöhnliche Ideen passen zu ihrem Selbstverständnis, überschreiten doch beide gerne Grenzen und ignorieren gängige Etiketten. Ihr Programm am Festival reicht von der freien Improvisation bis zu eigens für diese Formation komponierten Stücken.</p>
<p><strong> </strong><a href="https://www.facebook.com/experimentafestival/">(20+) Experimenta Festival | Facebook</a></p>
<p></p>

</p>
<p>Die Bratschistin und Sängerin Jelena Popržan (Viola) und die Jazz-Kontrabassistin Caterina Palazzi finden bei diesem Konzert innerhalb des Festivals Experimenta 2022 in Alberobello das erste Mal zu einem gemeinsamen und außergewöhnlichen Auftritt zusammen. Das gleicht ein bisschen einem Drahtseilakt, weil die beiden Musikerinnen eher als Outsiderinnen in der europäischen Musikszene gelten. Aber außergewöhnliche Ideen passen zu ihrem Selbstverständnis, überschreiten doch beide gerne Grenzen und ignorieren gängige Etiketten. Ihr Programm am Festival reicht von der freien Improvisation bis zu eigens für [&#8230;]</p>
