{"id":11653,"date":"2022-04-22T16:19:47","date_gmt":"2022-04-22T14:19:47","guid":{"rendered":"https:\/\/www.austriacult.roma.it\/?post_type=tribe_events&#038;p=11653"},"modified":"2022-05-06T13:04:53","modified_gmt":"2022-05-06T11:04:53","slug":"sisifo-beve-caffe-espressomud","status":"publish","type":"tribe_events","link":"https:\/\/www.austriacult.roma.it\/de\/veranstaltung\/sisifo-beve-caffe-espressomud\/","title":{"rendered":"SISIFO BEVE CAFF\u00c8 | espresso&#038;mud"},"content":{"rendered":"<p><\/p>\n<p>Das \u00a0Duo <strong>espresso&amp;mud<\/strong>, bestehend aus <strong>Bruno Strobl <\/strong>(Elektronik) und<strong> Nina Polaschegg<\/strong> (Kontrabass), spielt frei improvisierte und experimentelle Musik. Die Einf\u00fchrung \u00fcbernimmt der Komponist Bruno Strobl selbst. \u00a0<\/p>\n<p><strong>Duo espresso&amp;mud<\/strong>\u00a0 <br \/>\nNina Polaschegg und Bruno Strobl \u2013 Kontrabass und Elektronik.<br \/>\nDie Musikwissenschaftlerin und -kritikerin Nina Polaschegg setzt ihren Schwerpunkt auf die experimentelle und frei improvisierte Musik, nicht nur in ihren theoretischen Arbeiten, sondern auch als Kontrabassistin. Die elektronischen Werke des Komponisten Bruno Strobl haben ebenfalls vieles gemein mit dem Klang und der Struktur bestimmter improvisierter und experimenteller Musik \u2013 seit 2012 arbeiten die beiden als Improvisationsduo zusammen.<\/p>\n<p>Nina Polaschegg verwendet reine Saiten- und Pizzicato-Kl\u00e4nge, au\u00dferdem experimentiert sie gerne mit neuen M\u00f6glichkeiten, das Instrument, sein Timbre und seine Klangfarben auszuloten. Bruno Strobl hingegen arbeitet mit Klangmaterialien unterschiedlicher Provenienz. Einige davon sind Eigenkompositionen, andere basieren auf Tonaufnahmen von Nina Polaschegg. Reine und elektronisch verfremdete St\u00fccke werden gleicherma\u00dfen gespielt und bilden so die Bandbreite des multidimensionalen Klangs des Kontrabasses ab. Ein drittes Element, auf das das Duo gro\u00dfe Aufmerksamkeit richtet, ist der Ort der Performance, der durch Architektur, Akustik und Atmosph\u00e4re bestimmt wird.<\/p>\n<p><strong>Nina Polaschegg<\/strong><\/p>\n<p>lebt als Musikpublizistin, Musikwissenschaftlerin und Kontrabassistin in Wien, gestaltet und moderiert Sendungen vor allem f\u00fcr die ARD, aber auch f\u00fcr SRF2 und den ORF und schreibt f\u00fcr verschiedene Fachzeitschriften. Lehrauftr\u00e4ge an den Musikhochschulen bzw. Universit\u00e4ten Hamburg und Klagenfurt. Als Kontrabassistin spielte sie historisch informiert in Barockorchestern und widmet sich v.a. der (freien) Improvisation.<\/p>\n<p><strong>Bruno Strobl<br \/>\n<\/strong>geboren 1949 in Klagenfurt, ist Komponist und Dirigent.<br \/>\nEr studierte Klarinette und Theorie bei Alois J\u00e4ger und sp\u00e4ter bei Dieter Kaufmann am Konservatorium Klagenfurt und war Musikerzieher am Bundesgymnasium Porcia Spittal an der Drau. Seit 1977 ist er Obmann der K\u00e4rntner Zweigsektion der Internationalen Gesellschaft f\u00fcr Neue Musik (IGNM), von 2008 bis 2018 Pr\u00e4sident dieser Gesellschaft. Von 1978 bis 1990 organisierte er die K\u00e4rntner Meisterkurse f\u00fcr aktuelle Musik, von 1987 bis 1995 stand er dem Vokalensemble <em>Vox Nova<\/em> vor. Von 1988 bis 2009 leitete er als Dirigent das <em>Ensemble Kreativ<\/em>, mit dem er mehrere St\u00fccke zur Urauff\u00fchrung brachte. Seit 1991 ist er Initiator des Festivals <em>Expan <\/em>in Spittal an der Drau.<\/p>\n<p>Er war mehrmals Leiter des Klangspectrums Villach, seit 2002 ist er Projektleiter der <em>NeueB\u00fchneVillach<\/em> und seit 2005 leitet er das von ihm gegr\u00fcndete Ensemble <em>NeuRaum <\/em>(fr\u00fcher MusikFabrikS\u00fcd).<\/p>\n<p>Seine Musik wurde im In- und Ausland aufgef\u00fchrt u. a. beim Festival Steirischer Herbst, bei Wien Modern, bei den Dresdner Tagen der zeitgen\u00f6ssischen Musik, bei Aspekte Salzburg und den IGNM-Weltmusiktagen in Budapest. Im Juli 2017 kam es beim Carinthischen Sommer zur Urauff\u00fchrung seiner Kirchenoper <em>Hemma<\/em>, die den Untertitel <em>Eine Weibspassion<\/em> tr\u00e4gt und die Geschichte der Hemma von Gurk nachzeichnet. <br \/>\nBruno Strobl lebt und arbeitet in Wien.<\/p>\n<p><a href=\"http:\/\/www.brunostrobl.at\">www.brunostrobl.at<\/a><\/p>\n<p>In Zusammenarbeit mit der Associazione Musicale Orph\u00e9e, Teatroinscatola di Roma und SIMC (\u201cSociet\u00e0 Italiana Musica Contemporanea\u201d).<\/p>\n<p><\/p>","protected":false},"excerpt":{"rendered":"<\/p>\n<p>Das \u00a0Duo espresso&amp;mud, bestehend aus Bruno Strobl (Elektronik) und Nina Polaschegg (Kontrabass), spielt frei improvisierte und experimentelle Musik. Die Einf\u00fchrung \u00fcbernimmt der Komponist Bruno Strobl selbst. \u00a0<\/p>\n<p>Duo espresso&amp;mud\u00a0<br \/>\nNina Polaschegg und Bruno Strobl \u2013 Kontrabass und Elektronik.<br \/>\nDie Musikwissenschaftlerin und -kritikerin Nina Polaschegg setzt ihren Schwerpunkt auf die experimentelle und frei improvisierte Musik, nicht nur in ihren theoretischen Arbeiten, sondern auch als Kontrabassistin. Die elektronischen Werke des Komponisten Bruno Strobl haben ebenfalls vieles gemein mit dem Klang und der Struktur [&#8230;]<\/p>\n","protected":false},"author":2,"featured_media":11654,"comment_status":"closed","ping_status":"closed","template":"","meta":{"footnotes":""},"tags":[],"tribe_events_cat":[313],"class_list":["post-11653","tribe_events","type-tribe_events","status-publish","has-post-thumbnail","hentry","tribe_events_cat-concerto","cat_concerto"],"_links":{"self":[{"href":"https:\/\/www.austriacult.roma.it\/de\/wp-json\/wp\/v2\/tribe_events\/11653","targetHints":{"allow":["GET"]}}],"collection":[{"href":"https:\/\/www.austriacult.roma.it\/de\/wp-json\/wp\/v2\/tribe_events"}],"about":[{"href":"https:\/\/www.austriacult.roma.it\/de\/wp-json\/wp\/v2\/types\/tribe_events"}],"author":[{"embeddable":true,"href":"https:\/\/www.austriacult.roma.it\/de\/wp-json\/wp\/v2\/users\/2"}],"replies":[{"embeddable":true,"href":"https:\/\/www.austriacult.roma.it\/de\/wp-json\/wp\/v2\/comments?post=11653"}],"version-history":[{"count":0,"href":"https:\/\/www.austriacult.roma.it\/de\/wp-json\/wp\/v2\/tribe_events\/11653\/revisions"}],"wp:featuredmedia":[{"embeddable":true,"href":"https:\/\/www.austriacult.roma.it\/de\/wp-json\/wp\/v2\/media\/11654"}],"wp:attachment":[{"href":"https:\/\/www.austriacult.roma.it\/de\/wp-json\/wp\/v2\/media?parent=11653"}],"wp:term":[{"taxonomy":"post_tag","embeddable":true,"href":"https:\/\/www.austriacult.roma.it\/de\/wp-json\/wp\/v2\/tags?post=11653"},{"taxonomy":"tribe_events_cat","embeddable":true,"href":"https:\/\/www.austriacult.roma.it\/de\/wp-json\/wp\/v2\/tribe_events_cat?post=11653"}],"curies":[{"name":"wp","href":"https:\/\/api.w.org\/{rel}","templated":true}]}}

SISIFO BEVE CAFFÈ | espresso&#038;mud

<p></p>
<p>Das  Duo <strong>espresso&amp;mud</strong>, bestehend aus <strong>Bruno Strobl </strong>(Elektronik) und<strong> Nina Polaschegg</strong> (Kontrabass), spielt frei improvisierte und experimentelle Musik. Die Einführung übernimmt der Komponist Bruno Strobl selbst.  </p>
<p><strong>Duo espresso&amp;mud</strong>  <br />
Nina Polaschegg und Bruno Strobl – Kontrabass und Elektronik.<br />
Die Musikwissenschaftlerin und -kritikerin Nina Polaschegg setzt ihren Schwerpunkt auf die experimentelle und frei improvisierte Musik, nicht nur in ihren theoretischen Arbeiten, sondern auch als Kontrabassistin. Die elektronischen Werke des Komponisten Bruno Strobl haben ebenfalls vieles gemein mit dem Klang und der Struktur bestimmter improvisierter und experimenteller Musik – seit 2012 arbeiten die beiden als Improvisationsduo zusammen.</p>
<p>Nina Polaschegg verwendet reine Saiten- und Pizzicato-Klänge, außerdem experimentiert sie gerne mit neuen Möglichkeiten, das Instrument, sein Timbre und seine Klangfarben auszuloten. Bruno Strobl hingegen arbeitet mit Klangmaterialien unterschiedlicher Provenienz. Einige davon sind Eigenkompositionen, andere basieren auf Tonaufnahmen von Nina Polaschegg. Reine und elektronisch verfremdete Stücke werden gleichermaßen gespielt und bilden so die Bandbreite des multidimensionalen Klangs des Kontrabasses ab. Ein drittes Element, auf das das Duo große Aufmerksamkeit richtet, ist der Ort der Performance, der durch Architektur, Akustik und Atmosphäre bestimmt wird.</p>
<p><strong>Nina Polaschegg</strong></p>
<p>lebt als Musikpublizistin, Musikwissenschaftlerin und Kontrabassistin in Wien, gestaltet und moderiert Sendungen vor allem für die ARD, aber auch für SRF2 und den ORF und schreibt für verschiedene Fachzeitschriften. Lehraufträge an den Musikhochschulen bzw. Universitäten Hamburg und Klagenfurt. Als Kontrabassistin spielte sie historisch informiert in Barockorchestern und widmet sich v.a. der (freien) Improvisation.</p>
<p><strong>Bruno Strobl<br />
</strong>geboren 1949 in Klagenfurt, ist Komponist und Dirigent.<br />
Er studierte Klarinette und Theorie bei Alois Jäger und später bei Dieter Kaufmann am Konservatorium Klagenfurt und war Musikerzieher am Bundesgymnasium Porcia Spittal an der Drau. Seit 1977 ist er Obmann der Kärntner Zweigsektion der Internationalen Gesellschaft für Neue Musik (IGNM), von 2008 bis 2018 Präsident dieser Gesellschaft. Von 1978 bis 1990 organisierte er die Kärntner Meisterkurse für aktuelle Musik, von 1987 bis 1995 stand er dem Vokalensemble <em>Vox Nova</em> vor. Von 1988 bis 2009 leitete er als Dirigent das <em>Ensemble Kreativ</em>, mit dem er mehrere Stücke zur Uraufführung brachte. Seit 1991 ist er Initiator des Festivals <em>Expan </em>in Spittal an der Drau.</p>
<p>Er war mehrmals Leiter des Klangspectrums Villach, seit 2002 ist er Projektleiter der <em>NeueBühneVillach</em> und seit 2005 leitet er das von ihm gegründete Ensemble <em>NeuRaum </em>(früher MusikFabrikSüd).</p>
<p>Seine Musik wurde im In- und Ausland aufgeführt u. a. beim Festival Steirischer Herbst, bei Wien Modern, bei den Dresdner Tagen der zeitgenössischen Musik, bei Aspekte Salzburg und den IGNM-Weltmusiktagen in Budapest. Im Juli 2017 kam es beim Carinthischen Sommer zur Uraufführung seiner Kirchenoper <em>Hemma</em>, die den Untertitel <em>Eine Weibspassion</em> trägt und die Geschichte der Hemma von Gurk nachzeichnet. <br />
Bruno Strobl lebt und arbeitet in Wien.</p>
<p><a href="http://www.brunostrobl.at">www.brunostrobl.at</a></p>
<p>In Zusammenarbeit mit der Associazione Musicale Orphée, Teatroinscatola di Roma und SIMC (“Società Italiana Musica Contemporanea”).</p>
<p></p>

</p>
<p>Das  Duo espresso&amp;mud, bestehend aus Bruno Strobl (Elektronik) und Nina Polaschegg (Kontrabass), spielt frei improvisierte und experimentelle Musik. Die Einführung übernimmt der Komponist Bruno Strobl selbst.  </p>
<p>Duo espresso&amp;mud <br />
Nina Polaschegg und Bruno Strobl – Kontrabass und Elektronik.<br />
Die Musikwissenschaftlerin und -kritikerin Nina Polaschegg setzt ihren Schwerpunkt auf die experimentelle und frei improvisierte Musik, nicht nur in ihren theoretischen Arbeiten, sondern auch als Kontrabassistin. Die elektronischen Werke des Komponisten Bruno Strobl haben ebenfalls vieles gemein mit dem Klang und der Struktur [&#8230;]</p>
