{"id":10124,"date":"2021-03-23T16:33:37","date_gmt":"2021-03-23T15:33:37","guid":{"rendered":"https:\/\/www.austriacult.roma.it\/?post_type=tribe_events&#038;p=10124"},"modified":"2021-04-13T09:18:55","modified_gmt":"2021-04-13T07:18:55","slug":"mezzora-con-gilles-reckinger","status":"publish","type":"tribe_events","link":"https:\/\/www.austriacult.roma.it\/de\/veranstaltung\/mezzora-con-gilles-reckinger\/","title":{"rendered":"MEZZ\u2019ORA CON\u2026 Gilles Reckinger"},"content":{"rendered":"<p><\/p>\n<p style=\"text-align: justify;\">In unserer vierten Folge von MEZZ\u2019ORA CON\u2026 erz\u00e4hlt der Volkskundler Gilles Reckinger von seinen Forschungsarbeiten auf der Insel Lampedusa und seinen Recherchen in Kalabrien, wo afrikanische Landarbeiter unter unmenschlichen Bedingungen die Orangenernte besorgen. \u201eBittere Orangen\u201c ist k\u00fcrzlich in italienischer \u00dcbersetzung bei Mimesis erschienen.<\/p>\n<p><iframe loading=\"lazy\" title=\"Mezz&#039;ora con... Gilles Reckinger\" width=\"1170\" height=\"658\" src=\"https:\/\/www.youtube.com\/embed\/4-xeqxoy1Xk?feature=oembed\" frameborder=\"0\" allow=\"accelerometer; autoplay; clipboard-write; encrypted-media; gyroscope; picture-in-picture\" allowfullscreen><\/iframe><\/p>\n<p style=\"text-align: justify;\"><strong>Gilles Reckinger<\/strong> ist Professor f\u00fcr Europ\u00e4ische Ethnologie. Er studierte in Graz, Genf, Qu\u00e9bec und Montr\u00e9al und ist zur Zeit Rektor des Institut sup\u00e9rieur de l&#8217;\u00e9conomie, Luxemburg, sowie Privatdozent an der Karl Franzens Universit\u00e4t Graz. Er lebt in Luxemburg und in Tirol. Seine Forschungen gelten der\u00a0 Migration, Prekarisierung, Europ\u00e4isches Grenzregime, Globalisierte Arbeitsm\u00e4rkte, Mittelmeerstudien und\u00a0 ethnographischen Methoden.<\/p>\n<p>(Per attivare i sottotitoli in italiano basta cliccare sull\u2019icona\u00a0<a href=\"https:\/\/www.austriacult.roma.it\/wp-content\/uploads\/2020\/09\/icon-youtube.jpg\"><img loading=\"lazy\" decoding=\"async\" class=\"alignnone size-full wp-image-9196\" src=\"https:\/\/www.austriacult.roma.it\/wp-content\/uploads\/2020\/09\/icon-youtube.jpg\" alt=\"\" width=\"26\" height=\"31\" \/><\/a>sul video.)<\/p>\n<p><\/p>","protected":false},"excerpt":{"rendered":"<\/p>\n<p style=\"text-align: justify;\">In unserer vierten Folge von MEZZ\u2019ORA CON\u2026 erz\u00e4hlt der Volkskundler Gilles Reckinger von seinen Forschungsarbeiten auf der Insel Lampedusa und seinen Recherchen in Kalabrien, wo afrikanische Landarbeiter unter unmenschlichen Bedingungen die Orangenernte besorgen. \u201eBittere Orangen\u201c ist k\u00fcrzlich in italienischer \u00dcbersetzung bei Mimesis erschienen.<\/p>\n<\/p>\n<p style=\"text-align: justify;\">Gilles Reckinger ist Professor f\u00fcr Europ\u00e4ische Ethnologie. Er studierte in Graz, Genf, Qu\u00e9bec und Montr\u00e9al und ist zur Zeit Rektor des Institut sup\u00e9rieur de l&#8217;\u00e9conomie, Luxemburg, sowie Privatdozent an der Karl Franzens Universit\u00e4t Graz. [&#8230;]<\/p>\n","protected":false},"author":2,"featured_media":10125,"comment_status":"closed","ping_status":"closed","template":"","meta":{"footnotes":""},"tags":[],"tribe_events_cat":[311],"class_list":["post-10124","tribe_events","type-tribe_events","status-publish","has-post-thumbnail","hentry","tribe_events_cat-online","cat_online"],"_links":{"self":[{"href":"https:\/\/www.austriacult.roma.it\/de\/wp-json\/wp\/v2\/tribe_events\/10124","targetHints":{"allow":["GET"]}}],"collection":[{"href":"https:\/\/www.austriacult.roma.it\/de\/wp-json\/wp\/v2\/tribe_events"}],"about":[{"href":"https:\/\/www.austriacult.roma.it\/de\/wp-json\/wp\/v2\/types\/tribe_events"}],"author":[{"embeddable":true,"href":"https:\/\/www.austriacult.roma.it\/de\/wp-json\/wp\/v2\/users\/2"}],"replies":[{"embeddable":true,"href":"https:\/\/www.austriacult.roma.it\/de\/wp-json\/wp\/v2\/comments?post=10124"}],"version-history":[{"count":0,"href":"https:\/\/www.austriacult.roma.it\/de\/wp-json\/wp\/v2\/tribe_events\/10124\/revisions"}],"wp:featuredmedia":[{"embeddable":true,"href":"https:\/\/www.austriacult.roma.it\/de\/wp-json\/wp\/v2\/media\/10125"}],"wp:attachment":[{"href":"https:\/\/www.austriacult.roma.it\/de\/wp-json\/wp\/v2\/media?parent=10124"}],"wp:term":[{"taxonomy":"post_tag","embeddable":true,"href":"https:\/\/www.austriacult.roma.it\/de\/wp-json\/wp\/v2\/tags?post=10124"},{"taxonomy":"tribe_events_cat","embeddable":true,"href":"https:\/\/www.austriacult.roma.it\/de\/wp-json\/wp\/v2\/tribe_events_cat?post=10124"}],"curies":[{"name":"wp","href":"https:\/\/api.w.org\/{rel}","templated":true}]}}

<p></p>
<p style="text-align: justify;">In unserer vierten Folge von MEZZ’ORA CON… erzählt der Volkskundler Gilles Reckinger von seinen Forschungsarbeiten auf der Insel Lampedusa und seinen Recherchen in Kalabrien, wo afrikanische Landarbeiter unter unmenschlichen Bedingungen die Orangenernte besorgen. „Bittere Orangen“ ist kürzlich in italienischer Übersetzung bei Mimesis erschienen.</p>
<p><iframe loading="lazy" title="Mezz&#039;ora con... Gilles Reckinger" width="1170" height="658" src="https://www.youtube.com/embed/4-xeqxoy1Xk?feature=oembed" frameborder="0" allow="accelerometer; autoplay; clipboard-write; encrypted-media; gyroscope; picture-in-picture" allowfullscreen></iframe></p>
<p style="text-align: justify;"><strong>Gilles Reckinger</strong> ist Professor für Europäische Ethnologie. Er studierte in Graz, Genf, Québec und Montréal und ist zur Zeit Rektor des Institut supérieur de l&#8217;économie, Luxemburg, sowie Privatdozent an der Karl Franzens Universität Graz. Er lebt in Luxemburg und in Tirol. Seine Forschungen gelten der  Migration, Prekarisierung, Europäisches Grenzregime, Globalisierte Arbeitsmärkte, Mittelmeerstudien und  ethnographischen Methoden.</p>
<p>(Per attivare i sottotitoli in italiano basta cliccare sull’icona <a href="https://www.austriacult.roma.it/wp-content/uploads/2020/09/icon-youtube.jpg"><img loading="lazy" decoding="async" class="alignnone size-full wp-image-9196" src="https://www.austriacult.roma.it/wp-content/uploads/2020/09/icon-youtube.jpg" alt="" width="26" height="31" /></a>sul video.)</p>
<p></p>

</p>
<p style="text-align: justify;">In unserer vierten Folge von MEZZ’ORA CON… erzählt der Volkskundler Gilles Reckinger von seinen Forschungsarbeiten auf der Insel Lampedusa und seinen Recherchen in Kalabrien, wo afrikanische Landarbeiter unter unmenschlichen Bedingungen die Orangenernte besorgen. „Bittere Orangen“ ist kürzlich in italienischer Übersetzung bei Mimesis erschienen.</p>
</p>
<p style="text-align: justify;">Gilles Reckinger ist Professor für Europäische Ethnologie. Er studierte in Graz, Genf, Québec und Montréal und ist zur Zeit Rektor des Institut supérieur de l&#8217;économie, Luxemburg, sowie Privatdozent an der Karl Franzens Universität Graz. [&#8230;]</p>
