{"id":10086,"date":"2021-03-12T14:25:24","date_gmt":"2021-03-12T13:25:24","guid":{"rendered":"https:\/\/www.austriacult.roma.it\/?post_type=tribe_events&#038;p=10086"},"modified":"2021-04-13T16:37:31","modified_gmt":"2021-04-13T14:37:31","slug":"padre-nostro-angela-lehner","status":"publish","type":"tribe_events","link":"https:\/\/www.austriacult.roma.it\/de\/veranstaltung\/padre-nostro-angela-lehner\/","title":{"rendered":"VATER UNSER | ANGELA LEHNER"},"content":{"rendered":"<p><\/p>\n<p>Angela Lehner liest aus ihrem Roman \u201cVater unser\u201d, der in K\u00fcrze in der \u00dcbersetzung von Ali Schreiber im Verlag Mendel Edizioni erscheinen wird. Vorgestellt werden Autorin und Werk von <strong>Alessio Pia<\/strong> von Mendel Edizioni.<br \/>\n#PassoLaParola ist eine Lesereihe zur deutschsprachigen Literatur, die vom \u00d6sterreichischen Kulturforum Rom und vom <strong><a href=\"https:\/\/www.goethe.de\/ins\/it\/de\/kul\/lit\/plp.html\">Goethe-Institut Rom<\/a><\/strong> organisiert wird.<\/p>\n<p><strong>\u00a0<\/strong><em>&#8222;Angela Lehners fulminanter Roman, unsentimental, frech und direkt erz\u00e4hlt, ist Familiengeschichte, rankenhausreport und Krimi in einem.&#8220;<\/em> (Jury des \u00d6sterreichischen Buchpreises 2019)<\/p>\n<p>Die Polizei hat sie hergebracht, in die psychiatrische Abteilung des alten Wiener Spitals. Nun erz\u00e4hlt sie dem Chefpsychiater Doktor Korb, warum es so kommen musste. Sie spricht vom Aufwachsen in der erzkatholischen K\u00e4rntner Dorfidylle. Vom Zusammenleben mit den Eltern und ihrem j\u00fcngeren Bruder Bernhard, den sie unbedingt retten will. Auf den Vater allerdings ist sie nicht gut zu sprechen. T\u00f6ten will sie ihn am liebsten. Das behauptet sie zumindest. Denn manchmal ist die Frage nach Wahrheit oder L\u00fcge selbst f\u00fcr den Leser nicht zu unterscheiden. In ihrem fulminanten Deb\u00fct l\u00e4sst Angela Lehner eine Geistesgest\u00f6rte auftreten, wie es sie noch nicht gegeben hat: hochkomisch, besserwisserisch und zutiefst manipulativ.<\/p>\n<p><strong>Angela Lehner, <\/strong>geboren 1987 in Klagenfurt, aufgewachsen in Osttirol, lebt in Berlin. Sie studierte Vergleichende Literaturwissenschaft in Wien, Maynooth und Erlangen. &#8222;Vater unser&#8220; ist ihr erster Roman, f\u00fcr den sie mit dem Franz-Tumler-Literaturpreis, dem Alpha Preis, dem \u00d6sterreichischen Buchpreis f\u00fcr das beste Deb\u00fct 2019 sowie dem Rauriser Literaturpreis 2020 ausgezeichnet wurde.<\/p>\n<p><iframe loading=\"lazy\" title=\"Angela Lehner legge da \u201cVater unser\u201d. Introduce Alessio Pia. #PassoLaParola\" width=\"1170\" height=\"658\" src=\"https:\/\/www.youtube.com\/embed\/CENaZFMfPkY?feature=oembed\" frameborder=\"0\" allow=\"accelerometer; autoplay; clipboard-write; encrypted-media; gyroscope; picture-in-picture\" allowfullscreen><\/iframe><\/p>\n<p>(Per attivare i sottotitoli in italiano basta cliccare sull\u2019icona\u00a0<a href=\"https:\/\/www.austriacult.roma.it\/wp-content\/uploads\/2020\/09\/icon-youtube.jpg\"><img loading=\"lazy\" decoding=\"async\" class=\"alignnone size-full wp-image-9196\" src=\"https:\/\/www.austriacult.roma.it\/wp-content\/uploads\/2020\/09\/icon-youtube.jpg\" alt=\"\" width=\"26\" height=\"31\" \/><\/a>sul video.)<\/p>\n<p><\/p>","protected":false},"excerpt":{"rendered":"<\/p>\n<p>Angela Lehner liest aus ihrem Roman \u201cVater unser\u201d, der in K\u00fcrze in der \u00dcbersetzung von Ali Schreiber im Verlag Mendel Edizioni erscheinen wird. Vorgestellt werden Autorin und Werk von Alessio Pia von Mendel Edizioni.<br \/>\n#PassoLaParola ist eine Lesereihe zur deutschsprachigen Literatur, die vom \u00d6sterreichischen Kulturforum Rom und vom <a href=\"https:\/\/www.goethe.de\/ins\/it\/de\/kul\/lit\/plp.html\">Goethe-Institut Rom<\/a> organisiert wird.<\/p>\n<p>\u00a0&#8222;Angela Lehners fulminanter Roman, unsentimental, frech und direkt erz\u00e4hlt, ist Familiengeschichte, rankenhausreport und Krimi in einem.&#8220; (Jury des \u00d6sterreichischen Buchpreises 2019)<\/p>\n<p>Die Polizei hat sie hergebracht, in die psychiatrische [&#8230;]<\/p>\n","protected":false},"author":2,"featured_media":10087,"comment_status":"closed","ping_status":"closed","template":"","meta":{"footnotes":""},"tags":[],"tribe_events_cat":[311,4],"class_list":["post-10086","tribe_events","type-tribe_events","status-publish","has-post-thumbnail","hentry","tribe_events_cat-online","tribe_events_cat-literatur","cat_online","cat_literatur"],"_links":{"self":[{"href":"https:\/\/www.austriacult.roma.it\/de\/wp-json\/wp\/v2\/tribe_events\/10086","targetHints":{"allow":["GET"]}}],"collection":[{"href":"https:\/\/www.austriacult.roma.it\/de\/wp-json\/wp\/v2\/tribe_events"}],"about":[{"href":"https:\/\/www.austriacult.roma.it\/de\/wp-json\/wp\/v2\/types\/tribe_events"}],"author":[{"embeddable":true,"href":"https:\/\/www.austriacult.roma.it\/de\/wp-json\/wp\/v2\/users\/2"}],"replies":[{"embeddable":true,"href":"https:\/\/www.austriacult.roma.it\/de\/wp-json\/wp\/v2\/comments?post=10086"}],"version-history":[{"count":0,"href":"https:\/\/www.austriacult.roma.it\/de\/wp-json\/wp\/v2\/tribe_events\/10086\/revisions"}],"wp:featuredmedia":[{"embeddable":true,"href":"https:\/\/www.austriacult.roma.it\/de\/wp-json\/wp\/v2\/media\/10087"}],"wp:attachment":[{"href":"https:\/\/www.austriacult.roma.it\/de\/wp-json\/wp\/v2\/media?parent=10086"}],"wp:term":[{"taxonomy":"post_tag","embeddable":true,"href":"https:\/\/www.austriacult.roma.it\/de\/wp-json\/wp\/v2\/tags?post=10086"},{"taxonomy":"tribe_events_cat","embeddable":true,"href":"https:\/\/www.austriacult.roma.it\/de\/wp-json\/wp\/v2\/tribe_events_cat?post=10086"}],"curies":[{"name":"wp","href":"https:\/\/api.w.org\/{rel}","templated":true}]}}

<p></p>
<p>Angela Lehner liest aus ihrem Roman “Vater unser”, der in Kürze in der Übersetzung von Ali Schreiber im Verlag Mendel Edizioni erscheinen wird. Vorgestellt werden Autorin und Werk von <strong>Alessio Pia</strong> von Mendel Edizioni.<br />
#PassoLaParola ist eine Lesereihe zur deutschsprachigen Literatur, die vom Österreichischen Kulturforum Rom und vom <strong><a href="https://www.goethe.de/ins/it/de/kul/lit/plp.html">Goethe-Institut Rom</a></strong> organisiert wird.</p>
<p><strong> </strong><em>&#8222;Angela Lehners fulminanter Roman, unsentimental, frech und direkt erzählt, ist Familiengeschichte, rankenhausreport und Krimi in einem.&#8220;</em> (Jury des Österreichischen Buchpreises 2019)</p>
<p>Die Polizei hat sie hergebracht, in die psychiatrische Abteilung des alten Wiener Spitals. Nun erzählt sie dem Chefpsychiater Doktor Korb, warum es so kommen musste. Sie spricht vom Aufwachsen in der erzkatholischen Kärntner Dorfidylle. Vom Zusammenleben mit den Eltern und ihrem jüngeren Bruder Bernhard, den sie unbedingt retten will. Auf den Vater allerdings ist sie nicht gut zu sprechen. Töten will sie ihn am liebsten. Das behauptet sie zumindest. Denn manchmal ist die Frage nach Wahrheit oder Lüge selbst für den Leser nicht zu unterscheiden. In ihrem fulminanten Debüt lässt Angela Lehner eine Geistesgestörte auftreten, wie es sie noch nicht gegeben hat: hochkomisch, besserwisserisch und zutiefst manipulativ.</p>
<p><strong>Angela Lehner, </strong>geboren 1987 in Klagenfurt, aufgewachsen in Osttirol, lebt in Berlin. Sie studierte Vergleichende Literaturwissenschaft in Wien, Maynooth und Erlangen. &#8222;Vater unser&#8220; ist ihr erster Roman, für den sie mit dem Franz-Tumler-Literaturpreis, dem Alpha Preis, dem Österreichischen Buchpreis für das beste Debüt 2019 sowie dem Rauriser Literaturpreis 2020 ausgezeichnet wurde.</p>
<p><iframe loading="lazy" title="Angela Lehner legge da “Vater unser”. Introduce Alessio Pia. #PassoLaParola" width="1170" height="658" src="https://www.youtube.com/embed/CENaZFMfPkY?feature=oembed" frameborder="0" allow="accelerometer; autoplay; clipboard-write; encrypted-media; gyroscope; picture-in-picture" allowfullscreen></iframe></p>
<p>(Per attivare i sottotitoli in italiano basta cliccare sull’icona <a href="https://www.austriacult.roma.it/wp-content/uploads/2020/09/icon-youtube.jpg"><img loading="lazy" decoding="async" class="alignnone size-full wp-image-9196" src="https://www.austriacult.roma.it/wp-content/uploads/2020/09/icon-youtube.jpg" alt="" width="26" height="31" /></a>sul video.)</p>
<p></p>

</p>
<p>Angela Lehner liest aus ihrem Roman “Vater unser”, der in Kürze in der Übersetzung von Ali Schreiber im Verlag Mendel Edizioni erscheinen wird. Vorgestellt werden Autorin und Werk von Alessio Pia von Mendel Edizioni.<br />
#PassoLaParola ist eine Lesereihe zur deutschsprachigen Literatur, die vom Österreichischen Kulturforum Rom und vom <a href="https://www.goethe.de/ins/it/de/kul/lit/plp.html">Goethe-Institut Rom</a> organisiert wird.</p>
<p> &#8222;Angela Lehners fulminanter Roman, unsentimental, frech und direkt erzählt, ist Familiengeschichte, rankenhausreport und Krimi in einem.&#8220; (Jury des Österreichischen Buchpreises 2019)</p>
<p>Die Polizei hat sie hergebracht, in die psychiatrische [&#8230;]</p>
